{"id":905,"date":"2020-03-28T21:19:12","date_gmt":"2020-03-28T20:19:12","guid":{"rendered":"https:\/\/darwinforever.com\/?page_id=905"},"modified":"2020-04-09T20:54:19","modified_gmt":"2020-04-09T18:54:19","slug":"thematique-du-concours-de-dessin","status":"publish","type":"page","link":"https:\/\/darwinforever.com\/index.php\/thematique-du-concours-de-dessin\/","title":{"rendered":"Th\u00e9matique du concours de dessin"},"content":{"rendered":"\n<p> A l\u2019occasion du <strong>confinement <\/strong>impos\u00e9 par le Coronavirus, Mathilde (11 ans) et Nicolas (8 ans) ont demand\u00e9 \u00e0 leurs parents d\u2019organiser un <strong>concours <\/strong>de dessin afin de sensibiliser les plus jeunes \u00e0 la <strong>cause animale<\/strong>. <br><br>Pourquoi avoir choisi <strong>l\u2019Abandon et l&#8217;Adoption des Animaux<\/strong> comme th\u00e8me pour le <strong>concours de dessin<\/strong> ? <br> Depuis quelques ann\u00e9es maintenant, <strong>Mathilde <\/strong>et <strong>Nicolas <\/strong>s\u2019investissent pour aider les animaux des sans-abris et les <strong>animaux des refuges<\/strong> en procurant jouets, croquettes et couvertures. <br><br> Au cours de leurs p\u00e9r\u00e9grinations dans les diff\u00e9rents refuges, ils ont \u00e9t\u00e9 touch\u00e9s par ces animaux <strong>abandonn\u00e9s <\/strong>et en l\u2019<strong>attente d\u2019une famille \u00e0 aimer. <\/strong><br> Que ce soit dans le contexte d\u2019une situation sanitaire telle que le coronavirus ou plus couramment, un d\u00e9part en vacances, des <strong>animaux <\/strong>sont <strong>abandonn\u00e9s <\/strong>en for\u00eat ou sur le bord de la route. <strong>C\u2019est r\u00e9voltant ! <\/strong><br> Et nous sommes tous concern\u00e9s, et tous ensemble nous pouvons participer \u00e0 changer les mentalit\u00e9s. <br><br> Le premier pas c\u2019est de sensibiliser les plus jeunes, en les encourageant \u00e0 repr\u00e9senter le <strong>bonheur d\u2019adopter un animal<\/strong> \u00e0 quatre pattes dans un refuge, ou \u00e0 la triste, courante et r\u00e9voltante situation qu\u2019est l\u2019<strong>abandon<\/strong>.<\/p>\n\n\n\n<p><strong>Quelques chiffres<\/strong> :<br>En France pr\u00e8s de&nbsp;<a href=\"https:\/\/www.la-spa.fr\/abandon-des-chiens-en-france\">100 000 chiens et chats sont abandonn\u00e9s<\/a>&nbsp;chaque ann\u00e9e, avec un pic durant la p\u00e9riode estivale. La SPA recueille pr\u00e8s de 42&nbsp;000 animaux par an dont environ 10&nbsp;000 l\u2019\u00e9t\u00e9.<\/p>\n\n\n\n<p>L&#8217;Association Protectrice des Animaux craint une &#8220;catastrophe en terme d&#8217;abandon&#8221;. Des mots forts et un appel d&#8217;urgence lanc\u00e9 aux propri\u00e9taires d\u2019animaux de compagnie : <strong>&#8220;non, les animaux domestiques ne transmettent pas le coronavirus \u00e0 l&#8217;homme !<\/strong>&#8221; Avec les&nbsp;<strong>30 millions d\u2019animaux de compagnie<\/strong>&nbsp;que compte la France, la SPA consid\u00e8re qu&#8217;il suffirait qu&#8217;un petit pourcentage seulement de la population qui abandonne son chien&nbsp;<strong>pour atteindre l&#8217;\u00e9tat de &#8220;catastrophe&#8221;.<\/strong> J<em>acques-Charles Fonbonne, Pr\u00e9sident de la Soci\u00e9t\u00e9 Protectrice des Animaux.<\/em> <br><a href=\"https:\/\/www.la-spa.fr\/la-spa-lutte-chaque-jour-contre-labandon-danimaux-en-france\" target=\"_blank\" rel=\"noreferrer noopener\" aria-label=\" (s\u2019ouvre dans un nouvel onglet)\">https:\/\/www.la-spa.fr\/la-spa-lutte-chaque-jour-contre-labandon-danimaux-en-france<\/a> <br><\/p>\n\n\n\n<p><em><strong>article France 3 Normandie<\/strong><\/em><br><a rel=\"noreferrer noopener\" aria-label=\" (s\u2019ouvre dans un nouvel onglet)\" href=\"https:\/\/france3-regions.francetvinfo.fr\/normandie\/coronavirus-boom-abandons-animaux-spa-desemparee-1800502.html\" target=\"_blank\">https:\/\/france3-regions.francetvinfo.fr\/normandie\/coronavirus-boom-abandons-animaux-spa-desemparee-1800502.html<\/a><\/p>\n\n\n\n<div class=\"wp-block-image is-style-default\"><figure class=\"aligncenter size-large\"><img data-recalc-dims=\"1\" loading=\"lazy\" decoding=\"async\" width=\"696\" height=\"1005\" data-orig-file=\"https:\/\/i0.wp.com\/darwinforever.com\/wp-content\/uploads\/2020\/03\/darwin-scaled.jpg?fit=1772%2C2560&amp;ssl=1\" data-attachment-url=\"https:\/\/darwinforever.com\/darwin\/\" data-aspectratio=\"0.69\" data-caption=\"\" data-image-title=\"darwin\" data-image-description=\"\" srcset=\"https:\/\/i0.wp.com\/darwinforever.com\/wp-content\/uploads\/2020\/03\/darwin-scaled.jpg?w=1772&amp;ssl=1 1772w, https:\/\/i0.wp.com\/darwinforever.com\/wp-content\/uploads\/2020\/03\/darwin-scaled.jpg?resize=208%2C300&amp;ssl=1 208w, https:\/\/i0.wp.com\/darwinforever.com\/wp-content\/uploads\/2020\/03\/darwin-scaled.jpg?resize=709%2C1024&amp;ssl=1 709w, https:\/\/i0.wp.com\/darwinforever.com\/wp-content\/uploads\/2020\/03\/darwin-scaled.jpg?resize=768%2C1109&amp;ssl=1 768w, https:\/\/i0.wp.com\/darwinforever.com\/wp-content\/uploads\/2020\/03\/darwin-scaled.jpg?resize=1063%2C1536&amp;ssl=1 1063w, https:\/\/i0.wp.com\/darwinforever.com\/wp-content\/uploads\/2020\/03\/darwin-scaled.jpg?resize=1418%2C2048&amp;ssl=1 1418w\" src=\"https:\/\/i0.wp.com\/darwinforever.com\/wp-content\/uploads\/2020\/03\/darwin.jpg?resize=696%2C1005&#038;ssl=1\" alt=\"\" class=\"wp-image-906\"\/><\/figure><\/div>\n\n<script type=\"application\/ld+json\">[\n    {\n        \"@context\": \"https:\/\/schema.org\/\",\n        \"@type\": \"ImageObject\",\n        \"contentUrl\": \"https:\/\/darwinforever.com\/wp-content\/uploads\/2020\/03\/darwin-scaled.jpg\",\n        \"license\": \"\",\n        \"acquireLicensePage\": \"\"\n    }\n]<\/script>\n\n\n<div class=\"wp-block-image\"><figure class=\"aligncenter size-large\"><img data-recalc-dims=\"1\" loading=\"lazy\" decoding=\"async\" width=\"696\" height=\"1011\" data-orig-file=\"https:\/\/i0.wp.com\/darwinforever.com\/wp-content\/uploads\/2020\/04\/Affiche-Darwin-Forever-annonce-ADO-scaled.jpg?fit=1762%2C2560&amp;ssl=1\" data-attachment-url=\"https:\/\/darwinforever.com\/index.php\/thematique-du-concours-de-dessin\/affiche-darwin-forever-annonce-ado\/\" data-aspectratio=\"0.69\" data-caption=\"\" data-image-title=\"Affiche-Darwin-Forever-annonce-ADO\" data-image-description=\"\" srcset=\"https:\/\/i0.wp.com\/darwinforever.com\/wp-content\/uploads\/2020\/04\/Affiche-Darwin-Forever-annonce-ADO-scaled.jpg?w=1762&amp;ssl=1 1762w, https:\/\/i0.wp.com\/darwinforever.com\/wp-content\/uploads\/2020\/04\/Affiche-Darwin-Forever-annonce-ADO-scaled.jpg?resize=207%2C300&amp;ssl=1 207w, https:\/\/i0.wp.com\/darwinforever.com\/wp-content\/uploads\/2020\/04\/Affiche-Darwin-Forever-annonce-ADO-scaled.jpg?resize=705%2C1024&amp;ssl=1 705w, https:\/\/i0.wp.com\/darwinforever.com\/wp-content\/uploads\/2020\/04\/Affiche-Darwin-Forever-annonce-ADO-scaled.jpg?resize=768%2C1116&amp;ssl=1 768w, https:\/\/i0.wp.com\/darwinforever.com\/wp-content\/uploads\/2020\/04\/Affiche-Darwin-Forever-annonce-ADO-scaled.jpg?resize=1057%2C1536&amp;ssl=1 1057w, https:\/\/i0.wp.com\/darwinforever.com\/wp-content\/uploads\/2020\/04\/Affiche-Darwin-Forever-annonce-ADO-scaled.jpg?resize=1410%2C2048&amp;ssl=1 1410w\" src=\"https:\/\/i0.wp.com\/darwinforever.com\/wp-content\/uploads\/2020\/04\/Affiche-Darwin-Forever-annonce-ADO.jpg?resize=696%2C1011&#038;ssl=1\" alt=\"\" class=\"wp-image-1372\"\/><figcaption>Pour les ADOS<\/figcaption><\/figure><\/div>\n\n<script type=\"application\/ld+json\">[\n    {\n        \"@context\": \"https:\/\/schema.org\/\",\n        \"@type\": \"ImageObject\",\n        \"contentUrl\": \"https:\/\/darwinforever.com\/wp-content\/uploads\/2020\/04\/Affiche-Darwin-Forever-annonce-ADO-scaled.jpg\",\n        \"license\": \"\",\n        \"acquireLicensePage\": \"\"\n    }\n]<\/script>","protected":false},"excerpt":{"rendered":"<p>A l\u2019occasion du confinement impos\u00e9 par le Coronavirus, Mathilde (11 ans) et Nicolas (8 ans) ont demand\u00e9 \u00e0 leurs parents d\u2019organiser un concours de dessin afin de sensibiliser les plus<\/p><\/div>\n<div class=\"blog-btn\"><a href=\"https:\/\/darwinforever.com\/index.php\/thematique-du-concours-de-dessin\/\" class=\"home-blog-btn\">Lire la suite<\/a><\/p>\n","protected":false},"author":1,"featured_media":0,"parent":0,"menu_order":0,"comment_status":"closed","ping_status":"closed","template":"","meta":{"_bbp_topic_count":0,"_bbp_reply_count":0,"_bbp_total_topic_count":0,"_bbp_total_reply_count":0,"_bbp_voice_count":0,"_bbp_anonymous_reply_count":0,"_bbp_topic_count_hidden":0,"_bbp_reply_count_hidden":0,"_bbp_forum_subforum_count":0,"jetpack_post_was_ever_published":false,"footnotes":""},"class_list":["post-905","page","type-page","status-publish","hentry"],"yoast_head":"<!-- This site is optimized with the Yoast SEO plugin v27.3 - https:\/\/yoast.com\/product\/yoast-seo-wordpress\/ -->\n<title>Th\u00e9matique du concours de dessin - Darwin Forever<\/title>\n<meta name=\"robots\" content=\"index, follow, max-snippet:-1, max-image-preview:large, max-video-preview:-1\" \/>\n<link rel=\"canonical\" href=\"https:\/\/darwinforever.com\/index.php\/thematique-du-concours-de-dessin\/\" \/>\n<meta property=\"og:locale\" content=\"fr_FR\" \/>\n<meta property=\"og:type\" content=\"article\" \/>\n<meta property=\"og:title\" content=\"Th\u00e9matique du concours de dessin - Darwin Forever\" \/>\n<meta property=\"og:description\" content=\"A l\u2019occasion du confinement impos\u00e9 par le Coronavirus, Mathilde (11 ans) et Nicolas (8 ans) ont demand\u00e9 \u00e0 leurs parents d\u2019organiser un concours de dessin afin de sensibiliser les plusLire la suite\" \/>\n<meta property=\"og:url\" content=\"https:\/\/darwinforever.com\/index.php\/thematique-du-concours-de-dessin\/\" \/>\n<meta property=\"og:site_name\" content=\"Darwin Forever\" \/>\n<meta property=\"article:publisher\" content=\"https:\/\/www.facebook.com\/darwinforever06\/\" \/>\n<meta property=\"article:modified_time\" content=\"2020-04-09T18:54:19+00:00\" \/>\n<meta property=\"og:image\" content=\"https:\/\/darwinforever.com\/wp-content\/uploads\/2020\/03\/darwin-709x1024.jpg\" \/>\n<meta name=\"twitter:card\" content=\"summary_large_image\" \/>\n<meta name=\"twitter:label1\" content=\"Dur\u00e9e de lecture estim\u00e9e\" \/>\n\t<meta name=\"twitter:data1\" content=\"2 minutes\" \/>\n<script type=\"application\/ld+json\" class=\"yoast-schema-graph\">{\"@context\":\"https:\\\/\\\/schema.org\",\"@graph\":[{\"@type\":\"WebPage\",\"@id\":\"https:\\\/\\\/darwinforever.com\\\/index.php\\\/thematique-du-concours-de-dessin\\\/\",\"url\":\"https:\\\/\\\/darwinforever.com\\\/index.php\\\/thematique-du-concours-de-dessin\\\/\",\"name\":\"Th\u00e9matique du concours de dessin - Darwin Forever\",\"isPartOf\":{\"@id\":\"https:\\\/\\\/darwinforever.com\\\/#website\"},\"primaryImageOfPage\":{\"@id\":\"https:\\\/\\\/darwinforever.com\\\/index.php\\\/thematique-du-concours-de-dessin\\\/#primaryimage\"},\"image\":{\"@id\":\"https:\\\/\\\/darwinforever.com\\\/index.php\\\/thematique-du-concours-de-dessin\\\/#primaryimage\"},\"thumbnailUrl\":\"https:\\\/\\\/darwinforever.com\\\/wp-content\\\/uploads\\\/2020\\\/03\\\/darwin-709x1024.jpg\",\"datePublished\":\"2020-03-28T20:19:12+00:00\",\"dateModified\":\"2020-04-09T18:54:19+00:00\",\"breadcrumb\":{\"@id\":\"https:\\\/\\\/darwinforever.com\\\/index.php\\\/thematique-du-concours-de-dessin\\\/#breadcrumb\"},\"inLanguage\":\"fr-FR\",\"potentialAction\":[{\"@type\":\"ReadAction\",\"target\":[\"https:\\\/\\\/darwinforever.com\\\/index.php\\\/thematique-du-concours-de-dessin\\\/\"]}]},{\"@type\":\"ImageObject\",\"inLanguage\":\"fr-FR\",\"@id\":\"https:\\\/\\\/darwinforever.com\\\/index.php\\\/thematique-du-concours-de-dessin\\\/#primaryimage\",\"url\":\"https:\\\/\\\/i0.wp.com\\\/darwinforever.com\\\/wp-content\\\/uploads\\\/2020\\\/03\\\/darwin-scaled.jpg?fit=1772%2C2560&ssl=1\",\"contentUrl\":\"https:\\\/\\\/i0.wp.com\\\/darwinforever.com\\\/wp-content\\\/uploads\\\/2020\\\/03\\\/darwin-scaled.jpg?fit=1772%2C2560&ssl=1\",\"width\":1772,\"height\":2560},{\"@type\":\"BreadcrumbList\",\"@id\":\"https:\\\/\\\/darwinforever.com\\\/index.php\\\/thematique-du-concours-de-dessin\\\/#breadcrumb\",\"itemListElement\":[{\"@type\":\"ListItem\",\"position\":1,\"name\":\"Accueil\",\"item\":\"https:\\\/\\\/darwinforever.com\\\/\"},{\"@type\":\"ListItem\",\"position\":2,\"name\":\"Th\u00e9matique du concours de dessin\"}]},{\"@type\":\"WebSite\",\"@id\":\"https:\\\/\\\/darwinforever.com\\\/#website\",\"url\":\"https:\\\/\\\/darwinforever.com\\\/\",\"name\":\"Darwin Forever\",\"description\":\"Communaut\u00e9 de Jeunes Engag\u00e9s en faveur des Animaux et de leur Environnement\",\"publisher\":{\"@id\":\"https:\\\/\\\/darwinforever.com\\\/#organization\"},\"potentialAction\":[{\"@type\":\"SearchAction\",\"target\":{\"@type\":\"EntryPoint\",\"urlTemplate\":\"https:\\\/\\\/darwinforever.com\\\/?s={search_term_string}\"},\"query-input\":{\"@type\":\"PropertyValueSpecification\",\"valueRequired\":true,\"valueName\":\"search_term_string\"}}],\"inLanguage\":\"fr-FR\"},{\"@type\":\"Organization\",\"@id\":\"https:\\\/\\\/darwinforever.com\\\/#organization\",\"name\":\"Darwin Forever\",\"url\":\"https:\\\/\\\/darwinforever.com\\\/\",\"logo\":{\"@type\":\"ImageObject\",\"inLanguage\":\"fr-FR\",\"@id\":\"https:\\\/\\\/darwinforever.com\\\/#\\\/schema\\\/logo\\\/image\\\/\",\"url\":\"https:\\\/\\\/i0.wp.com\\\/darwinforever.com\\\/wp-content\\\/uploads\\\/2020\\\/11\\\/cropped-cropped-Logo-Darwin-Forever-scaled-1.jpg?fit=210%2C184&ssl=1\",\"contentUrl\":\"https:\\\/\\\/i0.wp.com\\\/darwinforever.com\\\/wp-content\\\/uploads\\\/2020\\\/11\\\/cropped-cropped-Logo-Darwin-Forever-scaled-1.jpg?fit=210%2C184&ssl=1\",\"width\":210,\"height\":184,\"caption\":\"Darwin Forever\"},\"image\":{\"@id\":\"https:\\\/\\\/darwinforever.com\\\/#\\\/schema\\\/logo\\\/image\\\/\"},\"sameAs\":[\"https:\\\/\\\/www.facebook.com\\\/darwinforever06\\\/\",\"https:\\\/\\\/www.youtube.com\\\/channel\\\/UC0zCalAVmu2K_Xj4BMlfciA\"]}]}<\/script>\n<!-- \/ Yoast SEO plugin. -->","yoast_head_json":{"title":"Th\u00e9matique du concours de dessin - Darwin Forever","robots":{"index":"index","follow":"follow","max-snippet":"max-snippet:-1","max-image-preview":"max-image-preview:large","max-video-preview":"max-video-preview:-1"},"canonical":"https:\/\/darwinforever.com\/index.php\/thematique-du-concours-de-dessin\/","og_locale":"fr_FR","og_type":"article","og_title":"Th\u00e9matique du concours de dessin - Darwin Forever","og_description":"A l\u2019occasion du confinement impos\u00e9 par le Coronavirus, Mathilde (11 ans) et Nicolas (8 ans) ont demand\u00e9 \u00e0 leurs parents d\u2019organiser un concours de dessin afin de sensibiliser les plusLire la suite","og_url":"https:\/\/darwinforever.com\/index.php\/thematique-du-concours-de-dessin\/","og_site_name":"Darwin Forever","article_publisher":"https:\/\/www.facebook.com\/darwinforever06\/","article_modified_time":"2020-04-09T18:54:19+00:00","og_image":[{"url":"https:\/\/darwinforever.com\/wp-content\/uploads\/2020\/03\/darwin-709x1024.jpg","type":"","width":"","height":""}],"twitter_card":"summary_large_image","twitter_misc":{"Dur\u00e9e de lecture estim\u00e9e":"2 minutes"},"schema":{"@context":"https:\/\/schema.org","@graph":[{"@type":"WebPage","@id":"https:\/\/darwinforever.com\/index.php\/thematique-du-concours-de-dessin\/","url":"https:\/\/darwinforever.com\/index.php\/thematique-du-concours-de-dessin\/","name":"Th\u00e9matique du concours de dessin - Darwin Forever","isPartOf":{"@id":"https:\/\/darwinforever.com\/#website"},"primaryImageOfPage":{"@id":"https:\/\/darwinforever.com\/index.php\/thematique-du-concours-de-dessin\/#primaryimage"},"image":{"@id":"https:\/\/darwinforever.com\/index.php\/thematique-du-concours-de-dessin\/#primaryimage"},"thumbnailUrl":"https:\/\/darwinforever.com\/wp-content\/uploads\/2020\/03\/darwin-709x1024.jpg","datePublished":"2020-03-28T20:19:12+00:00","dateModified":"2020-04-09T18:54:19+00:00","breadcrumb":{"@id":"https:\/\/darwinforever.com\/index.php\/thematique-du-concours-de-dessin\/#breadcrumb"},"inLanguage":"fr-FR","potentialAction":[{"@type":"ReadAction","target":["https:\/\/darwinforever.com\/index.php\/thematique-du-concours-de-dessin\/"]}]},{"@type":"ImageObject","inLanguage":"fr-FR","@id":"https:\/\/darwinforever.com\/index.php\/thematique-du-concours-de-dessin\/#primaryimage","url":"https:\/\/i0.wp.com\/darwinforever.com\/wp-content\/uploads\/2020\/03\/darwin-scaled.jpg?fit=1772%2C2560&ssl=1","contentUrl":"https:\/\/i0.wp.com\/darwinforever.com\/wp-content\/uploads\/2020\/03\/darwin-scaled.jpg?fit=1772%2C2560&ssl=1","width":1772,"height":2560},{"@type":"BreadcrumbList","@id":"https:\/\/darwinforever.com\/index.php\/thematique-du-concours-de-dessin\/#breadcrumb","itemListElement":[{"@type":"ListItem","position":1,"name":"Accueil","item":"https:\/\/darwinforever.com\/"},{"@type":"ListItem","position":2,"name":"Th\u00e9matique du concours de dessin"}]},{"@type":"WebSite","@id":"https:\/\/darwinforever.com\/#website","url":"https:\/\/darwinforever.com\/","name":"Darwin Forever","description":"Communaut\u00e9 de Jeunes Engag\u00e9s en faveur des Animaux et de leur Environnement","publisher":{"@id":"https:\/\/darwinforever.com\/#organization"},"potentialAction":[{"@type":"SearchAction","target":{"@type":"EntryPoint","urlTemplate":"https:\/\/darwinforever.com\/?s={search_term_string}"},"query-input":{"@type":"PropertyValueSpecification","valueRequired":true,"valueName":"search_term_string"}}],"inLanguage":"fr-FR"},{"@type":"Organization","@id":"https:\/\/darwinforever.com\/#organization","name":"Darwin Forever","url":"https:\/\/darwinforever.com\/","logo":{"@type":"ImageObject","inLanguage":"fr-FR","@id":"https:\/\/darwinforever.com\/#\/schema\/logo\/image\/","url":"https:\/\/i0.wp.com\/darwinforever.com\/wp-content\/uploads\/2020\/11\/cropped-cropped-Logo-Darwin-Forever-scaled-1.jpg?fit=210%2C184&ssl=1","contentUrl":"https:\/\/i0.wp.com\/darwinforever.com\/wp-content\/uploads\/2020\/11\/cropped-cropped-Logo-Darwin-Forever-scaled-1.jpg?fit=210%2C184&ssl=1","width":210,"height":184,"caption":"Darwin Forever"},"image":{"@id":"https:\/\/darwinforever.com\/#\/schema\/logo\/image\/"},"sameAs":["https:\/\/www.facebook.com\/darwinforever06\/","https:\/\/www.youtube.com\/channel\/UC0zCalAVmu2K_Xj4BMlfciA"]}]}},"jetpack_sharing_enabled":true,"jetpack_likes_enabled":true,"_links":{"self":[{"href":"https:\/\/darwinforever.com\/index.php\/wp-json\/wp\/v2\/pages\/905","targetHints":{"allow":["GET"]}}],"collection":[{"href":"https:\/\/darwinforever.com\/index.php\/wp-json\/wp\/v2\/pages"}],"about":[{"href":"https:\/\/darwinforever.com\/index.php\/wp-json\/wp\/v2\/types\/page"}],"author":[{"embeddable":true,"href":"https:\/\/darwinforever.com\/index.php\/wp-json\/wp\/v2\/users\/1"}],"replies":[{"embeddable":true,"href":"https:\/\/darwinforever.com\/index.php\/wp-json\/wp\/v2\/comments?post=905"}],"version-history":[{"count":0,"href":"https:\/\/darwinforever.com\/index.php\/wp-json\/wp\/v2\/pages\/905\/revisions"}],"wp:attachment":[{"href":"https:\/\/darwinforever.com\/index.php\/wp-json\/wp\/v2\/media?parent=905"}],"curies":[{"name":"wp","href":"https:\/\/api.w.org\/{rel}","templated":true}]}}