{"id":5592,"date":"2026-03-29T20:24:25","date_gmt":"2026-03-29T18:24:25","guid":{"rendered":"https:\/\/darwinforever.com\/?page_id=5592"},"modified":"2026-03-29T20:24:27","modified_gmt":"2026-03-29T18:24:27","slug":"bureau-vallee-x-darwin-forever","status":"publish","type":"page","link":"https:\/\/darwinforever.com\/index.php\/bureau-vallee-x-darwin-forever\/","title":{"rendered":"Bureau Vall\u00e9e X Darwin Forever"},"content":{"rendered":"\n<p><strong>Merci au Bureau Vall\u00e9e d&#8217;Antibes pour son pr\u00e9cieux soutien<\/strong><\/p>\n\n\n\n<p>Un grand merci \u00e0 <strong>Bureau Vall\u00e9e d&#8217;Antibes<\/strong> pour sa g\u00e9n\u00e9reuse collaboration \u00e0 notre atelier p\u00e9dagogique organis\u00e9 \u00e0 <strong>Sharks, le 27 mars<\/strong>.<\/p>\n\n\n\n<figure class=\"wp-block-image size-large\"><img data-recalc-dims=\"1\" loading=\"lazy\" decoding=\"async\" width=\"696\" height=\"870\" data-orig-file=\"https:\/\/i0.wp.com\/darwinforever.com\/wp-content\/uploads\/2026\/03\/WhatsApp-Image-2026-03-25-at-17.48.38.jpeg?fit=1080%2C1350&amp;ssl=1\" data-attachment-url=\"https:\/\/darwinforever.com\/index.php\/bureau-vallee-x-darwin-forever\/whatsapp-image-2026-03-25-at-17-48-38\/\" data-aspectratio=\"0.8\" data-caption=\"\" data-image-title=\"WhatsApp Image 2026-03-25 at 17.48.38\" data-image-description=\"\" srcset=\"https:\/\/i0.wp.com\/darwinforever.com\/wp-content\/uploads\/2026\/03\/WhatsApp-Image-2026-03-25-at-17.48.38.jpeg?w=1080&amp;ssl=1 1080w, https:\/\/i0.wp.com\/darwinforever.com\/wp-content\/uploads\/2026\/03\/WhatsApp-Image-2026-03-25-at-17.48.38.jpeg?resize=240%2C300&amp;ssl=1 240w, https:\/\/i0.wp.com\/darwinforever.com\/wp-content\/uploads\/2026\/03\/WhatsApp-Image-2026-03-25-at-17.48.38.jpeg?resize=819%2C1024&amp;ssl=1 819w, https:\/\/i0.wp.com\/darwinforever.com\/wp-content\/uploads\/2026\/03\/WhatsApp-Image-2026-03-25-at-17.48.38.jpeg?resize=768%2C960&amp;ssl=1 768w\" src=\"https:\/\/i0.wp.com\/darwinforever.com\/wp-content\/uploads\/2026\/03\/WhatsApp-Image-2026-03-25-at-17.48.38.jpeg?resize=696%2C870&#038;ssl=1\" alt=\". .\" class=\"wp-image-5594\"\/><\/figure>\n\n<script type=\"application\/ld+json\">[\n    {\n        \"@context\": \"https:\/\/schema.org\/\",\n        \"@type\": \"ImageObject\",\n        \"contentUrl\": \"https:\/\/darwinforever.com\/wp-content\/uploads\/2026\/03\/WhatsApp-Image-2026-03-25-at-17.48.38.jpeg\",\n        \"license\": \"\",\n        \"acquireLicensePage\": \"\"\n    }\n]<\/script>\n\n\n<figure class=\"wp-block-image size-large\"><img data-recalc-dims=\"1\" loading=\"lazy\" decoding=\"async\" width=\"696\" height=\"928\" data-orig-file=\"https:\/\/i0.wp.com\/darwinforever.com\/wp-content\/uploads\/2026\/03\/WhatsApp-Image-2026-03-24-at-16.34.56-1.jpeg?fit=1200%2C1600&amp;ssl=1\" data-attachment-url=\"https:\/\/darwinforever.com\/index.php\/bureau-vallee-x-darwin-forever\/whatsapp-image-2026-03-24-at-16-34-56-2\/\" data-aspectratio=\"0.75\" data-caption=\"\" data-image-title=\"WhatsApp Image 2026-03-24 at 16.34.56\" data-image-description=\"\" srcset=\"https:\/\/i0.wp.com\/darwinforever.com\/wp-content\/uploads\/2026\/03\/WhatsApp-Image-2026-03-24-at-16.34.56-1.jpeg?w=1200&amp;ssl=1 1200w, https:\/\/i0.wp.com\/darwinforever.com\/wp-content\/uploads\/2026\/03\/WhatsApp-Image-2026-03-24-at-16.34.56-1.jpeg?resize=225%2C300&amp;ssl=1 225w, https:\/\/i0.wp.com\/darwinforever.com\/wp-content\/uploads\/2026\/03\/WhatsApp-Image-2026-03-24-at-16.34.56-1.jpeg?resize=768%2C1024&amp;ssl=1 768w, https:\/\/i0.wp.com\/darwinforever.com\/wp-content\/uploads\/2026\/03\/WhatsApp-Image-2026-03-24-at-16.34.56-1.jpeg?resize=1152%2C1536&amp;ssl=1 1152w\" src=\"https:\/\/i0.wp.com\/darwinforever.com\/wp-content\/uploads\/2026\/03\/WhatsApp-Image-2026-03-24-at-16.34.56-1.jpeg?resize=696%2C928&#038;ssl=1\" alt=\". .\" class=\"wp-image-5599\"\/><\/figure>\n\n<script type=\"application\/ld+json\">[\n    {\n        \"@context\": \"https:\/\/schema.org\/\",\n        \"@type\": \"ImageObject\",\n        \"contentUrl\": \"https:\/\/darwinforever.com\/wp-content\/uploads\/2026\/03\/WhatsApp-Image-2026-03-24-at-16.34.56-1.jpeg\",\n        \"license\": \"\",\n        \"acquireLicensePage\": \"\"\n    }\n]<\/script>\n\n\n<p>Gr\u00e2ce \u00e0 leurs dons de <strong>feutres, crayons de couleur et feuilles de coloriage<\/strong>, nous avons pu donner encore plus de vie \u00e0 notre <strong>atelier p\u00e9dagogique<\/strong>, un moment cr\u00e9atif et engag\u00e9 que le public appr\u00e9cie toujours \u00e9norm\u00e9ment. voir celui du 27.03.26 : &#8220;Darwin Forever \u00e9veille les consciences \u00e0 l\u2019AzurArena&#8221;<\/p>\n\n\n\n<p><a href=\"https:\/\/darwinforever.com\/index.php\/darwin-forever-eveille-les-consciences-a-lazurarena\/\" type=\"link\" id=\"https:\/\/darwinforever.com\/index.php\/darwin-forever-eveille-les-consciences-a-lazurarena\/\">https:\/\/darwinforever.com\/index.php\/darwin-forever-eveille-les-consciences-a-lazurarena\/<\/a><\/p>\n\n\n\n<p>Depuis plusieurs ann\u00e9es, <strong>Darwin Forever<\/strong> m\u00e8ne des <strong>ateliers p\u00e9dagogiques de sensibilisation<\/strong>. Apr\u00e8s avoir \u00e9chang\u00e9 avec le public sur la protection des animaux et de la nature, nous invitons chacun \u00e0 s\u2019exprimer par le dessin. Ces cr\u00e9ations sont tr\u00e8s importantes pour nous, car elles prolongent le message de sensibilisation et permettent \u00e0 chacun de devenir acteur \u00e0 son tour. Ces ateliers rencontrent toujours un vrai succ\u00e8s aupr\u00e8s des participants.<\/p>\n\n\n\n<div class=\"wp-block-jetpack-tiled-gallery aligncenter is-style-rectangular\"><div class=\"\"><div class=\"tiled-gallery__gallery\"><div class=\"tiled-gallery__row\"><div class=\"tiled-gallery__col\" style=\"flex-basis:21.10350%\"><figure class=\"tiled-gallery__item\"><img decoding=\"async\" srcset=\"https:\/\/i0.wp.com\/darwinforever.com\/wp-content\/uploads\/2026\/03\/WhatsApp-Image-2026-03-26-at-21.47.47-1-724x1024.jpeg?strip=info&#038;w=600&#038;ssl=1 600w,https:\/\/i0.wp.com\/darwinforever.com\/wp-content\/uploads\/2026\/03\/WhatsApp-Image-2026-03-26-at-21.47.47-1-724x1024.jpeg?strip=info&#038;w=900&#038;ssl=1 900w,https:\/\/i0.wp.com\/darwinforever.com\/wp-content\/uploads\/2026\/03\/WhatsApp-Image-2026-03-26-at-21.47.47-1-724x1024.jpeg?strip=info&#038;w=1131&#038;ssl=1 1131w\" alt=\". .\" data-height=\"1600\" data-id=\"5600\" data-link=\"https:\/\/darwinforever.com\/?attachment_id=5600\" data-url=\"https:\/\/darwinforever.com\/wp-content\/uploads\/2026\/03\/WhatsApp-Image-2026-03-26-at-21.47.47-1-724x1024.jpeg\" data-width=\"1131\" src=\"https:\/\/i0.wp.com\/darwinforever.com\/wp-content\/uploads\/2026\/03\/WhatsApp-Image-2026-03-26-at-21.47.47-1-724x1024.jpeg?ssl=1\" data-amp-layout=\"responsive\"\/><\/figure><\/div><div class=\"tiled-gallery__col\" style=\"flex-basis:39.70349%\"><figure class=\"tiled-gallery__item\"><img decoding=\"async\" srcset=\"https:\/\/i0.wp.com\/darwinforever.com\/wp-content\/uploads\/2026\/03\/IMG_5278-1-1024x768.jpg?strip=info&#038;w=600&#038;ssl=1 600w,https:\/\/i0.wp.com\/darwinforever.com\/wp-content\/uploads\/2026\/03\/IMG_5278-1-1024x768.jpg?strip=info&#038;w=900&#038;ssl=1 900w,https:\/\/i0.wp.com\/darwinforever.com\/wp-content\/uploads\/2026\/03\/IMG_5278-1-1024x768.jpg?strip=info&#038;w=1200&#038;ssl=1 1200w,https:\/\/i0.wp.com\/darwinforever.com\/wp-content\/uploads\/2026\/03\/IMG_5278-1-1024x768.jpg?strip=info&#038;w=1225&#038;ssl=1 1225w\" alt=\". .\" data-height=\"919\" data-id=\"5597\" data-link=\"https:\/\/darwinforever.com\/?attachment_id=5597\" data-url=\"https:\/\/darwinforever.com\/wp-content\/uploads\/2026\/03\/IMG_5278-1-1024x768.jpg\" data-width=\"1225\" src=\"https:\/\/i0.wp.com\/darwinforever.com\/wp-content\/uploads\/2026\/03\/IMG_5278-1-1024x768.jpg?ssl=1\" data-amp-layout=\"responsive\"\/><\/figure><\/div><div class=\"tiled-gallery__col\" style=\"flex-basis:16.81644%\"><figure class=\"tiled-gallery__item\"><img decoding=\"async\" srcset=\"https:\/\/i0.wp.com\/darwinforever.com\/wp-content\/uploads\/2026\/03\/70EB5074-68A2-4A00-A74C-3052256425AC.jpg?strip=info&#038;w=517&#038;ssl=1 517w\" alt=\". .\" data-height=\"919\" data-id=\"5596\" data-link=\"https:\/\/darwinforever.com\/?attachment_id=5596\" data-url=\"https:\/\/darwinforever.com\/wp-content\/uploads\/2026\/03\/70EB5074-68A2-4A00-A74C-3052256425AC.jpg\" data-width=\"517\" src=\"https:\/\/i0.wp.com\/darwinforever.com\/wp-content\/uploads\/2026\/03\/70EB5074-68A2-4A00-A74C-3052256425AC.jpg?ssl=1\" data-amp-layout=\"responsive\"\/><\/figure><\/div><div class=\"tiled-gallery__col\" style=\"flex-basis:22.37657%\"><figure class=\"tiled-gallery__item\"><img decoding=\"async\" srcset=\"https:\/\/i0.wp.com\/darwinforever.com\/wp-content\/uploads\/2026\/03\/IMG_5319.jpg?strip=info&#038;w=600&#038;ssl=1 600w,https:\/\/i0.wp.com\/darwinforever.com\/wp-content\/uploads\/2026\/03\/IMG_5319.jpg?strip=info&#038;w=689&#038;ssl=1 689w\" alt=\". .\" data-height=\"919\" data-id=\"5598\" data-link=\"https:\/\/darwinforever.com\/?attachment_id=5598\" data-url=\"https:\/\/darwinforever.com\/wp-content\/uploads\/2026\/03\/IMG_5319.jpg\" data-width=\"689\" src=\"https:\/\/i0.wp.com\/darwinforever.com\/wp-content\/uploads\/2026\/03\/IMG_5319.jpg?ssl=1\" data-amp-layout=\"responsive\"\/><\/figure><\/div><\/div><div class=\"tiled-gallery__row\"><div class=\"tiled-gallery__col\" style=\"flex-basis:63.96670%\"><figure class=\"tiled-gallery__item\"><img decoding=\"async\" srcset=\"https:\/\/i0.wp.com\/darwinforever.com\/wp-content\/uploads\/2026\/03\/IMG_5274-1024x768.jpg?strip=info&#038;w=600&#038;ssl=1 600w,https:\/\/i0.wp.com\/darwinforever.com\/wp-content\/uploads\/2026\/03\/IMG_5274-1024x768.jpg?strip=info&#038;w=900&#038;ssl=1 900w,https:\/\/i0.wp.com\/darwinforever.com\/wp-content\/uploads\/2026\/03\/IMG_5274-1024x768.jpg?strip=info&#038;w=1200&#038;ssl=1 1200w,https:\/\/i0.wp.com\/darwinforever.com\/wp-content\/uploads\/2026\/03\/IMG_5274-1024x768.jpg?strip=info&#038;w=1225&#038;ssl=1 1225w\" alt=\". .\" data-height=\"919\" data-id=\"5601\" data-link=\"https:\/\/darwinforever.com\/?attachment_id=5601\" data-url=\"https:\/\/darwinforever.com\/wp-content\/uploads\/2026\/03\/IMG_5274-1024x768.jpg\" data-width=\"1225\" src=\"https:\/\/i0.wp.com\/darwinforever.com\/wp-content\/uploads\/2026\/03\/IMG_5274-1024x768.jpg?ssl=1\" data-amp-layout=\"responsive\"\/><\/figure><\/div><div class=\"tiled-gallery__col\" style=\"flex-basis:36.03330%\"><figure class=\"tiled-gallery__item\"><img decoding=\"async\" srcset=\"https:\/\/i0.wp.com\/darwinforever.com\/wp-content\/uploads\/2026\/03\/IMG_5291-1.jpg?strip=info&#038;w=600&#038;ssl=1 600w,https:\/\/i0.wp.com\/darwinforever.com\/wp-content\/uploads\/2026\/03\/IMG_5291-1.jpg?strip=info&#038;w=689&#038;ssl=1 689w\" alt=\". .\" data-height=\"919\" data-id=\"5602\" data-link=\"https:\/\/darwinforever.com\/?attachment_id=5602\" data-url=\"https:\/\/darwinforever.com\/wp-content\/uploads\/2026\/03\/IMG_5291-1.jpg\" data-width=\"689\" src=\"https:\/\/i0.wp.com\/darwinforever.com\/wp-content\/uploads\/2026\/03\/IMG_5291-1.jpg?ssl=1\" data-amp-layout=\"responsive\"\/><\/figure><\/div><\/div><\/div><\/div><\/div>\n\n\n\n<p>Nous remercions chaleureusement <strong>Bureau Vall\u00e9e Antibes<\/strong> d\u2019avoir contribu\u00e9 \u00e0 la r\u00e9ussite de cet atelier par ses fournitures, si utiles \u00e0 nos actions de terrain.<\/p>\n\n\n\n<figure class=\"wp-block-image size-large\"><img data-recalc-dims=\"1\" loading=\"lazy\" decoding=\"async\" width=\"696\" height=\"928\" data-orig-file=\"https:\/\/i0.wp.com\/darwinforever.com\/wp-content\/uploads\/2026\/03\/WhatsApp-Image-2026-03-24-at-16.36.30-1.jpeg?fit=1200%2C1600&amp;ssl=1\" data-attachment-url=\"https:\/\/darwinforever.com\/index.php\/bureau-vallee-x-darwin-forever\/whatsapp-image-2026-03-24-at-16-36-30-2\/\" data-aspectratio=\"0.75\" data-caption=\"\" data-image-title=\"WhatsApp Image 2026-03-24 at 16.36.30\" data-image-description=\"\" srcset=\"https:\/\/i0.wp.com\/darwinforever.com\/wp-content\/uploads\/2026\/03\/WhatsApp-Image-2026-03-24-at-16.36.30-1.jpeg?w=1200&amp;ssl=1 1200w, https:\/\/i0.wp.com\/darwinforever.com\/wp-content\/uploads\/2026\/03\/WhatsApp-Image-2026-03-24-at-16.36.30-1.jpeg?resize=225%2C300&amp;ssl=1 225w, https:\/\/i0.wp.com\/darwinforever.com\/wp-content\/uploads\/2026\/03\/WhatsApp-Image-2026-03-24-at-16.36.30-1.jpeg?resize=768%2C1024&amp;ssl=1 768w, https:\/\/i0.wp.com\/darwinforever.com\/wp-content\/uploads\/2026\/03\/WhatsApp-Image-2026-03-24-at-16.36.30-1.jpeg?resize=1152%2C1536&amp;ssl=1 1152w\" src=\"https:\/\/i0.wp.com\/darwinforever.com\/wp-content\/uploads\/2026\/03\/WhatsApp-Image-2026-03-24-at-16.36.30-1.jpeg?resize=696%2C928&#038;ssl=1\" alt=\". .\" class=\"wp-image-5593\"\/><\/figure>\n\n<script type=\"application\/ld+json\">[\n    {\n        \"@context\": \"https:\/\/schema.org\/\",\n        \"@type\": \"ImageObject\",\n        \"contentUrl\": \"https:\/\/darwinforever.com\/wp-content\/uploads\/2026\/03\/WhatsApp-Image-2026-03-24-at-16.36.30-1.jpeg\",\n        \"license\": \"\",\n        \"acquireLicensePage\": \"\"\n    }\n]<\/script>\n\n\n<figure class=\"wp-block-video\"><video height=\"832\" style=\"aspect-ratio: 464 \/ 832;\" width=\"464\" controls src=\"https:\/\/darwinforever.com\/wp-content\/uploads\/2026\/03\/WhatsApp-bureau-vallee-Video-2026-03-28-at-12.15.07.mp4\"><\/video><\/figure>\n\n\n\n<p>merci \u00e0 Mael et \u00e0 Gabriel nos jeunes b\u00e9n\u00e9voles pour leur participation <\/p>\n","protected":false},"excerpt":{"rendered":"<p>Merci au Bureau Vall\u00e9e d&#8217;Antibes pour son pr\u00e9cieux soutien Un grand merci \u00e0 Bureau Vall\u00e9e d&#8217;Antibes pour sa g\u00e9n\u00e9reuse collaboration \u00e0 notre atelier p\u00e9dagogique organis\u00e9 \u00e0 Sharks, le 27 mars.<\/p><\/div>\n<div class=\"blog-btn\"><a href=\"https:\/\/darwinforever.com\/index.php\/bureau-vallee-x-darwin-forever\/\" class=\"home-blog-btn\">Lire la suite<\/a><\/p>\n","protected":false},"author":8,"featured_media":0,"parent":0,"menu_order":0,"comment_status":"closed","ping_status":"closed","template":"","meta":{"_bbp_topic_count":0,"_bbp_reply_count":0,"_bbp_total_topic_count":0,"_bbp_total_reply_count":0,"_bbp_voice_count":0,"_bbp_anonymous_reply_count":0,"_bbp_topic_count_hidden":0,"_bbp_reply_count_hidden":0,"_bbp_forum_subforum_count":0,"jetpack_post_was_ever_published":false,"footnotes":""},"class_list":["post-5592","page","type-page","status-publish","hentry"],"yoast_head":"<!-- This site is optimized with the Yoast SEO plugin v27.4 - https:\/\/yoast.com\/product\/yoast-seo-wordpress\/ -->\n<title>Bureau Vall\u00e9e X Darwin Forever - Darwin Forever<\/title>\n<meta name=\"robots\" content=\"index, follow, max-snippet:-1, max-image-preview:large, max-video-preview:-1\" \/>\n<link rel=\"canonical\" href=\"https:\/\/darwinforever.com\/index.php\/bureau-vallee-x-darwin-forever\/\" \/>\n<meta property=\"og:locale\" content=\"fr_FR\" \/>\n<meta property=\"og:type\" content=\"article\" \/>\n<meta property=\"og:title\" content=\"Bureau Vall\u00e9e X Darwin Forever - Darwin Forever\" \/>\n<meta property=\"og:description\" content=\"Merci au Bureau Vall\u00e9e d&#8217;Antibes pour son pr\u00e9cieux soutien Un grand merci \u00e0 Bureau Vall\u00e9e d&#8217;Antibes pour sa g\u00e9n\u00e9reuse collaboration \u00e0 notre atelier p\u00e9dagogique organis\u00e9 \u00e0 Sharks, le 27 mars.Lire la suite\" \/>\n<meta property=\"og:url\" content=\"https:\/\/darwinforever.com\/index.php\/bureau-vallee-x-darwin-forever\/\" \/>\n<meta property=\"og:site_name\" content=\"Darwin Forever\" \/>\n<meta property=\"article:publisher\" content=\"https:\/\/www.facebook.com\/darwinforever06\/\" \/>\n<meta property=\"article:modified_time\" content=\"2026-03-29T18:24:27+00:00\" \/>\n<meta property=\"og:image\" content=\"https:\/\/darwinforever.com\/wp-content\/uploads\/2026\/03\/WhatsApp-Image-2026-03-25-at-17.48.38-819x1024.jpeg\" \/>\n<meta name=\"twitter:card\" content=\"summary_large_image\" \/>\n<meta name=\"twitter:label1\" content=\"Dur\u00e9e de lecture estim\u00e9e\" \/>\n\t<meta name=\"twitter:data1\" content=\"3 minutes\" \/>\n<script type=\"application\/ld+json\" class=\"yoast-schema-graph\">{\"@context\":\"https:\\\/\\\/schema.org\",\"@graph\":[{\"@type\":\"WebPage\",\"@id\":\"https:\\\/\\\/darwinforever.com\\\/index.php\\\/bureau-vallee-x-darwin-forever\\\/\",\"url\":\"https:\\\/\\\/darwinforever.com\\\/index.php\\\/bureau-vallee-x-darwin-forever\\\/\",\"name\":\"Bureau Vall\u00e9e X Darwin Forever - Darwin Forever\",\"isPartOf\":{\"@id\":\"https:\\\/\\\/darwinforever.com\\\/#website\"},\"primaryImageOfPage\":{\"@id\":\"https:\\\/\\\/darwinforever.com\\\/index.php\\\/bureau-vallee-x-darwin-forever\\\/#primaryimage\"},\"image\":{\"@id\":\"https:\\\/\\\/darwinforever.com\\\/index.php\\\/bureau-vallee-x-darwin-forever\\\/#primaryimage\"},\"thumbnailUrl\":\"https:\\\/\\\/darwinforever.com\\\/wp-content\\\/uploads\\\/2026\\\/03\\\/WhatsApp-Image-2026-03-25-at-17.48.38-819x1024.jpeg\",\"datePublished\":\"2026-03-29T18:24:25+00:00\",\"dateModified\":\"2026-03-29T18:24:27+00:00\",\"breadcrumb\":{\"@id\":\"https:\\\/\\\/darwinforever.com\\\/index.php\\\/bureau-vallee-x-darwin-forever\\\/#breadcrumb\"},\"inLanguage\":\"fr-FR\",\"potentialAction\":[{\"@type\":\"ReadAction\",\"target\":[\"https:\\\/\\\/darwinforever.com\\\/index.php\\\/bureau-vallee-x-darwin-forever\\\/\"]}]},{\"@type\":\"ImageObject\",\"inLanguage\":\"fr-FR\",\"@id\":\"https:\\\/\\\/darwinforever.com\\\/index.php\\\/bureau-vallee-x-darwin-forever\\\/#primaryimage\",\"url\":\"https:\\\/\\\/darwinforever.com\\\/wp-content\\\/uploads\\\/2026\\\/03\\\/WhatsApp-Image-2026-03-25-at-17.48.38-819x1024.jpeg\",\"contentUrl\":\"https:\\\/\\\/darwinforever.com\\\/wp-content\\\/uploads\\\/2026\\\/03\\\/WhatsApp-Image-2026-03-25-at-17.48.38-819x1024.jpeg\"},{\"@type\":\"BreadcrumbList\",\"@id\":\"https:\\\/\\\/darwinforever.com\\\/index.php\\\/bureau-vallee-x-darwin-forever\\\/#breadcrumb\",\"itemListElement\":[{\"@type\":\"ListItem\",\"position\":1,\"name\":\"Accueil\",\"item\":\"https:\\\/\\\/darwinforever.com\\\/\"},{\"@type\":\"ListItem\",\"position\":2,\"name\":\"Bureau Vall\u00e9e X Darwin Forever\"}]},{\"@type\":\"WebSite\",\"@id\":\"https:\\\/\\\/darwinforever.com\\\/#website\",\"url\":\"https:\\\/\\\/darwinforever.com\\\/\",\"name\":\"Darwin Forever\",\"description\":\"Communaut\u00e9 de Jeunes Engag\u00e9s en faveur des Animaux et de leur Environnement\",\"publisher\":{\"@id\":\"https:\\\/\\\/darwinforever.com\\\/#organization\"},\"potentialAction\":[{\"@type\":\"SearchAction\",\"target\":{\"@type\":\"EntryPoint\",\"urlTemplate\":\"https:\\\/\\\/darwinforever.com\\\/?s={search_term_string}\"},\"query-input\":{\"@type\":\"PropertyValueSpecification\",\"valueRequired\":true,\"valueName\":\"search_term_string\"}}],\"inLanguage\":\"fr-FR\"},{\"@type\":\"Organization\",\"@id\":\"https:\\\/\\\/darwinforever.com\\\/#organization\",\"name\":\"Darwin Forever\",\"url\":\"https:\\\/\\\/darwinforever.com\\\/\",\"logo\":{\"@type\":\"ImageObject\",\"inLanguage\":\"fr-FR\",\"@id\":\"https:\\\/\\\/darwinforever.com\\\/#\\\/schema\\\/logo\\\/image\\\/\",\"url\":\"https:\\\/\\\/i0.wp.com\\\/darwinforever.com\\\/wp-content\\\/uploads\\\/2020\\\/11\\\/cropped-cropped-Logo-Darwin-Forever-scaled-1.jpg?fit=210%2C184&ssl=1\",\"contentUrl\":\"https:\\\/\\\/i0.wp.com\\\/darwinforever.com\\\/wp-content\\\/uploads\\\/2020\\\/11\\\/cropped-cropped-Logo-Darwin-Forever-scaled-1.jpg?fit=210%2C184&ssl=1\",\"width\":210,\"height\":184,\"caption\":\"Darwin Forever\"},\"image\":{\"@id\":\"https:\\\/\\\/darwinforever.com\\\/#\\\/schema\\\/logo\\\/image\\\/\"},\"sameAs\":[\"https:\\\/\\\/www.facebook.com\\\/darwinforever06\\\/\",\"https:\\\/\\\/www.youtube.com\\\/channel\\\/UC0zCalAVmu2K_Xj4BMlfciA\"]}]}<\/script>\n<!-- \/ Yoast SEO plugin. -->","yoast_head_json":{"title":"Bureau Vall\u00e9e X Darwin Forever - Darwin Forever","robots":{"index":"index","follow":"follow","max-snippet":"max-snippet:-1","max-image-preview":"max-image-preview:large","max-video-preview":"max-video-preview:-1"},"canonical":"https:\/\/darwinforever.com\/index.php\/bureau-vallee-x-darwin-forever\/","og_locale":"fr_FR","og_type":"article","og_title":"Bureau Vall\u00e9e X Darwin Forever - Darwin Forever","og_description":"Merci au Bureau Vall\u00e9e d&#8217;Antibes pour son pr\u00e9cieux soutien Un grand merci \u00e0 Bureau Vall\u00e9e d&#8217;Antibes pour sa g\u00e9n\u00e9reuse collaboration \u00e0 notre atelier p\u00e9dagogique organis\u00e9 \u00e0 Sharks, le 27 mars.Lire la suite","og_url":"https:\/\/darwinforever.com\/index.php\/bureau-vallee-x-darwin-forever\/","og_site_name":"Darwin Forever","article_publisher":"https:\/\/www.facebook.com\/darwinforever06\/","article_modified_time":"2026-03-29T18:24:27+00:00","og_image":[{"url":"https:\/\/darwinforever.com\/wp-content\/uploads\/2026\/03\/WhatsApp-Image-2026-03-25-at-17.48.38-819x1024.jpeg","type":"","width":"","height":""}],"twitter_card":"summary_large_image","twitter_misc":{"Dur\u00e9e de lecture estim\u00e9e":"3 minutes"},"schema":{"@context":"https:\/\/schema.org","@graph":[{"@type":"WebPage","@id":"https:\/\/darwinforever.com\/index.php\/bureau-vallee-x-darwin-forever\/","url":"https:\/\/darwinforever.com\/index.php\/bureau-vallee-x-darwin-forever\/","name":"Bureau Vall\u00e9e X Darwin Forever - Darwin Forever","isPartOf":{"@id":"https:\/\/darwinforever.com\/#website"},"primaryImageOfPage":{"@id":"https:\/\/darwinforever.com\/index.php\/bureau-vallee-x-darwin-forever\/#primaryimage"},"image":{"@id":"https:\/\/darwinforever.com\/index.php\/bureau-vallee-x-darwin-forever\/#primaryimage"},"thumbnailUrl":"https:\/\/darwinforever.com\/wp-content\/uploads\/2026\/03\/WhatsApp-Image-2026-03-25-at-17.48.38-819x1024.jpeg","datePublished":"2026-03-29T18:24:25+00:00","dateModified":"2026-03-29T18:24:27+00:00","breadcrumb":{"@id":"https:\/\/darwinforever.com\/index.php\/bureau-vallee-x-darwin-forever\/#breadcrumb"},"inLanguage":"fr-FR","potentialAction":[{"@type":"ReadAction","target":["https:\/\/darwinforever.com\/index.php\/bureau-vallee-x-darwin-forever\/"]}]},{"@type":"ImageObject","inLanguage":"fr-FR","@id":"https:\/\/darwinforever.com\/index.php\/bureau-vallee-x-darwin-forever\/#primaryimage","url":"https:\/\/darwinforever.com\/wp-content\/uploads\/2026\/03\/WhatsApp-Image-2026-03-25-at-17.48.38-819x1024.jpeg","contentUrl":"https:\/\/darwinforever.com\/wp-content\/uploads\/2026\/03\/WhatsApp-Image-2026-03-25-at-17.48.38-819x1024.jpeg"},{"@type":"BreadcrumbList","@id":"https:\/\/darwinforever.com\/index.php\/bureau-vallee-x-darwin-forever\/#breadcrumb","itemListElement":[{"@type":"ListItem","position":1,"name":"Accueil","item":"https:\/\/darwinforever.com\/"},{"@type":"ListItem","position":2,"name":"Bureau Vall\u00e9e X Darwin Forever"}]},{"@type":"WebSite","@id":"https:\/\/darwinforever.com\/#website","url":"https:\/\/darwinforever.com\/","name":"Darwin Forever","description":"Communaut\u00e9 de Jeunes Engag\u00e9s en faveur des Animaux et de leur Environnement","publisher":{"@id":"https:\/\/darwinforever.com\/#organization"},"potentialAction":[{"@type":"SearchAction","target":{"@type":"EntryPoint","urlTemplate":"https:\/\/darwinforever.com\/?s={search_term_string}"},"query-input":{"@type":"PropertyValueSpecification","valueRequired":true,"valueName":"search_term_string"}}],"inLanguage":"fr-FR"},{"@type":"Organization","@id":"https:\/\/darwinforever.com\/#organization","name":"Darwin Forever","url":"https:\/\/darwinforever.com\/","logo":{"@type":"ImageObject","inLanguage":"fr-FR","@id":"https:\/\/darwinforever.com\/#\/schema\/logo\/image\/","url":"https:\/\/i0.wp.com\/darwinforever.com\/wp-content\/uploads\/2020\/11\/cropped-cropped-Logo-Darwin-Forever-scaled-1.jpg?fit=210%2C184&ssl=1","contentUrl":"https:\/\/i0.wp.com\/darwinforever.com\/wp-content\/uploads\/2020\/11\/cropped-cropped-Logo-Darwin-Forever-scaled-1.jpg?fit=210%2C184&ssl=1","width":210,"height":184,"caption":"Darwin Forever"},"image":{"@id":"https:\/\/darwinforever.com\/#\/schema\/logo\/image\/"},"sameAs":["https:\/\/www.facebook.com\/darwinforever06\/","https:\/\/www.youtube.com\/channel\/UC0zCalAVmu2K_Xj4BMlfciA"]}]}},"jetpack_sharing_enabled":true,"jetpack_likes_enabled":true,"_links":{"self":[{"href":"https:\/\/darwinforever.com\/index.php\/wp-json\/wp\/v2\/pages\/5592","targetHints":{"allow":["GET"]}}],"collection":[{"href":"https:\/\/darwinforever.com\/index.php\/wp-json\/wp\/v2\/pages"}],"about":[{"href":"https:\/\/darwinforever.com\/index.php\/wp-json\/wp\/v2\/types\/page"}],"author":[{"embeddable":true,"href":"https:\/\/darwinforever.com\/index.php\/wp-json\/wp\/v2\/users\/8"}],"replies":[{"embeddable":true,"href":"https:\/\/darwinforever.com\/index.php\/wp-json\/wp\/v2\/comments?post=5592"}],"version-history":[{"count":1,"href":"https:\/\/darwinforever.com\/index.php\/wp-json\/wp\/v2\/pages\/5592\/revisions"}],"predecessor-version":[{"id":5603,"href":"https:\/\/darwinforever.com\/index.php\/wp-json\/wp\/v2\/pages\/5592\/revisions\/5603"}],"wp:attachment":[{"href":"https:\/\/darwinforever.com\/index.php\/wp-json\/wp\/v2\/media?parent=5592"}],"curies":[{"name":"wp","href":"https:\/\/api.w.org\/{rel}","templated":true}]}}