{"id":4633,"date":"2024-05-01T17:21:43","date_gmt":"2024-05-01T15:21:43","guid":{"rendered":"https:\/\/darwinforever.com\/?page_id=4633"},"modified":"2024-05-04T11:44:24","modified_gmt":"2024-05-04T09:44:24","slug":"portraits-de-nos-membres-engagees","status":"publish","type":"page","link":"https:\/\/darwinforever.com\/index.php\/portraits-de-nos-membres-engagees\/","title":{"rendered":"Portraits de nos membres engag\u00e9(e)s"},"content":{"rendered":"\n<p><strong>Voici quelques portraits de nos jeunes membres au c\u0153ur de la pr\u00e9servation animale et environnementale<\/strong><\/p>\n\n\n\n<figure class=\"wp-block-image size-large\"><img data-recalc-dims=\"1\" loading=\"lazy\" decoding=\"async\" width=\"696\" height=\"500\" data-orig-file=\"https:\/\/i0.wp.com\/darwinforever.com\/wp-content\/uploads\/2024\/05\/image-2.jpg?fit=1170%2C840&amp;ssl=1\" data-attachment-url=\"https:\/\/darwinforever.com\/index.php\/portraits-de-nos-membres-engagees\/image-2-5\/\" data-aspectratio=\"1.39\" data-caption=\"\" data-image-title=\"image-2\" data-image-description=\"\" srcset=\"https:\/\/i0.wp.com\/darwinforever.com\/wp-content\/uploads\/2024\/05\/image-2.jpg?w=1170&amp;ssl=1 1170w, https:\/\/i0.wp.com\/darwinforever.com\/wp-content\/uploads\/2024\/05\/image-2.jpg?resize=300%2C215&amp;ssl=1 300w, https:\/\/i0.wp.com\/darwinforever.com\/wp-content\/uploads\/2024\/05\/image-2.jpg?resize=1024%2C735&amp;ssl=1 1024w, https:\/\/i0.wp.com\/darwinforever.com\/wp-content\/uploads\/2024\/05\/image-2.jpg?resize=768%2C551&amp;ssl=1 768w\" src=\"https:\/\/i0.wp.com\/darwinforever.com\/wp-content\/uploads\/2024\/05\/image-2.jpg?resize=696%2C500&#038;ssl=1\" alt=\". .\" class=\"wp-image-4635\"\/><\/figure>\n\n<script type=\"application\/ld+json\">[\n    {\n        \"@context\": \"https:\/\/schema.org\/\",\n        \"@type\": \"ImageObject\",\n        \"contentUrl\": \"https:\/\/darwinforever.com\/wp-content\/uploads\/2024\/05\/image-2.jpg\",\n        \"license\": \"\",\n        \"acquireLicensePage\": \"\"\n    }\n]<\/script>\n\n\n<figure class=\"wp-block-image size-large\"><img data-recalc-dims=\"1\" loading=\"lazy\" decoding=\"async\" width=\"696\" height=\"513\" data-orig-file=\"https:\/\/i0.wp.com\/darwinforever.com\/wp-content\/uploads\/2024\/05\/image-5.jpg?fit=1170%2C863&amp;ssl=1\" data-attachment-url=\"https:\/\/darwinforever.com\/index.php\/portraits-de-nos-membres-engagees\/image-5-3\/\" data-aspectratio=\"1.36\" data-caption=\"\" data-image-title=\"image-5\" data-image-description=\"\" srcset=\"https:\/\/i0.wp.com\/darwinforever.com\/wp-content\/uploads\/2024\/05\/image-5.jpg?w=1170&amp;ssl=1 1170w, https:\/\/i0.wp.com\/darwinforever.com\/wp-content\/uploads\/2024\/05\/image-5.jpg?resize=300%2C221&amp;ssl=1 300w, https:\/\/i0.wp.com\/darwinforever.com\/wp-content\/uploads\/2024\/05\/image-5.jpg?resize=1024%2C755&amp;ssl=1 1024w, https:\/\/i0.wp.com\/darwinforever.com\/wp-content\/uploads\/2024\/05\/image-5.jpg?resize=768%2C566&amp;ssl=1 768w\" src=\"https:\/\/i0.wp.com\/darwinforever.com\/wp-content\/uploads\/2024\/05\/image-5.jpg?resize=696%2C513&#038;ssl=1\" alt=\". .\" class=\"wp-image-4638\"\/><\/figure>\n\n<script type=\"application\/ld+json\">[\n    {\n        \"@context\": \"https:\/\/schema.org\/\",\n        \"@type\": \"ImageObject\",\n        \"contentUrl\": \"https:\/\/darwinforever.com\/wp-content\/uploads\/2024\/05\/image-5.jpg\",\n        \"license\": \"\",\n        \"acquireLicensePage\": \"\"\n    }\n]<\/script>\n\n\n<p><strong>Animaux et la Nature en d\u00e9tresse,  jeunes en action : solidarit\u00e9 pour un monde meilleur<\/strong><\/p>\n\n\n\n<p><\/p>\n\n\n\n<figure class=\"wp-block-image size-large\"><img data-recalc-dims=\"1\" loading=\"lazy\" decoding=\"async\" width=\"696\" height=\"871\" data-orig-file=\"https:\/\/i0.wp.com\/darwinforever.com\/wp-content\/uploads\/2024\/05\/image-3.jpg?fit=1023%2C1280&amp;ssl=1\" data-attachment-url=\"https:\/\/darwinforever.com\/index.php\/portraits-de-nos-membres-engagees\/image-3-3\/\" data-aspectratio=\"0.8\" data-caption=\"\" data-image-title=\"image-3\" data-image-description=\"\" srcset=\"https:\/\/i0.wp.com\/darwinforever.com\/wp-content\/uploads\/2024\/05\/image-3.jpg?w=1023&amp;ssl=1 1023w, https:\/\/i0.wp.com\/darwinforever.com\/wp-content\/uploads\/2024\/05\/image-3.jpg?resize=240%2C300&amp;ssl=1 240w, https:\/\/i0.wp.com\/darwinforever.com\/wp-content\/uploads\/2024\/05\/image-3.jpg?resize=818%2C1024&amp;ssl=1 818w, https:\/\/i0.wp.com\/darwinforever.com\/wp-content\/uploads\/2024\/05\/image-3.jpg?resize=768%2C961&amp;ssl=1 768w\" src=\"https:\/\/i0.wp.com\/darwinforever.com\/wp-content\/uploads\/2024\/05\/image-3.jpg?resize=696%2C871&#038;ssl=1\" alt=\". .\" class=\"wp-image-4636\"\/><\/figure>\n\n<script type=\"application\/ld+json\">[\n    {\n        \"@context\": \"https:\/\/schema.org\/\",\n        \"@type\": \"ImageObject\",\n        \"contentUrl\": \"https:\/\/darwinforever.com\/wp-content\/uploads\/2024\/05\/image-3.jpg\",\n        \"license\": \"\",\n        \"acquireLicensePage\": \"\"\n    }\n]<\/script>\n\n\n<figure class=\"wp-block-image size-large\"><img data-recalc-dims=\"1\" loading=\"lazy\" decoding=\"async\" width=\"696\" height=\"916\" data-orig-file=\"https:\/\/i0.wp.com\/darwinforever.com\/wp-content\/uploads\/2024\/05\/image-4.jpg?fit=973%2C1280&amp;ssl=1\" data-attachment-url=\"https:\/\/darwinforever.com\/index.php\/portraits-de-nos-membres-engagees\/image-4-3\/\" data-aspectratio=\"0.76\" data-caption=\"\" data-image-title=\"image-4\" data-image-description=\"\" srcset=\"https:\/\/i0.wp.com\/darwinforever.com\/wp-content\/uploads\/2024\/05\/image-4.jpg?w=973&amp;ssl=1 973w, https:\/\/i0.wp.com\/darwinforever.com\/wp-content\/uploads\/2024\/05\/image-4.jpg?resize=228%2C300&amp;ssl=1 228w, https:\/\/i0.wp.com\/darwinforever.com\/wp-content\/uploads\/2024\/05\/image-4.jpg?resize=778%2C1024&amp;ssl=1 778w, https:\/\/i0.wp.com\/darwinforever.com\/wp-content\/uploads\/2024\/05\/image-4.jpg?resize=768%2C1010&amp;ssl=1 768w\" src=\"https:\/\/i0.wp.com\/darwinforever.com\/wp-content\/uploads\/2024\/05\/image-4.jpg?resize=696%2C916&#038;ssl=1\" alt=\". .\" class=\"wp-image-4637\"\/><\/figure>\n\n<script type=\"application\/ld+json\">[\n    {\n        \"@context\": \"https:\/\/schema.org\/\",\n        \"@type\": \"ImageObject\",\n        \"contentUrl\": \"https:\/\/darwinforever.com\/wp-content\/uploads\/2024\/05\/image-4.jpg\",\n        \"license\": \"\",\n        \"acquireLicensePage\": \"\"\n    }\n]<\/script>\n\n\n<figure class=\"wp-block-image size-large\"><img data-recalc-dims=\"1\" loading=\"lazy\" decoding=\"async\" width=\"696\" height=\"928\" data-orig-file=\"https:\/\/i0.wp.com\/darwinforever.com\/wp-content\/uploads\/2024\/05\/image-17.jpg?fit=960%2C1280&amp;ssl=1\" data-attachment-url=\"https:\/\/darwinforever.com\/index.php\/portraits-de-nos-membres-engagees\/image-17-2\/\" data-aspectratio=\"0.75\" data-caption=\"\" data-image-title=\"image-17\" data-image-description=\"\" srcset=\"https:\/\/i0.wp.com\/darwinforever.com\/wp-content\/uploads\/2024\/05\/image-17.jpg?w=960&amp;ssl=1 960w, https:\/\/i0.wp.com\/darwinforever.com\/wp-content\/uploads\/2024\/05\/image-17.jpg?resize=225%2C300&amp;ssl=1 225w, https:\/\/i0.wp.com\/darwinforever.com\/wp-content\/uploads\/2024\/05\/image-17.jpg?resize=768%2C1024&amp;ssl=1 768w\" src=\"https:\/\/i0.wp.com\/darwinforever.com\/wp-content\/uploads\/2024\/05\/image-17.jpg?resize=696%2C928&#038;ssl=1\" alt=\". .\" class=\"wp-image-4681\"\/><\/figure>\n\n<script type=\"application\/ld+json\">[\n    {\n        \"@context\": \"https:\/\/schema.org\/\",\n        \"@type\": \"ImageObject\",\n        \"contentUrl\": \"https:\/\/darwinforever.com\/wp-content\/uploads\/2024\/05\/image-17.jpg\",\n        \"license\": \"\",\n        \"acquireLicensePage\": \"\"\n    }\n]<\/script>\n\n\n<figure class=\"wp-block-image size-large\"><img data-recalc-dims=\"1\" loading=\"lazy\" decoding=\"async\" width=\"696\" height=\"928\" data-orig-file=\"https:\/\/i0.wp.com\/darwinforever.com\/wp-content\/uploads\/2024\/05\/image-6.jpg?fit=960%2C1280&amp;ssl=1\" data-attachment-url=\"https:\/\/darwinforever.com\/index.php\/portraits-de-nos-membres-engagees\/image-6-3\/\" data-aspectratio=\"0.75\" data-caption=\"\" data-image-title=\"image-6\" data-image-description=\"\" srcset=\"https:\/\/i0.wp.com\/darwinforever.com\/wp-content\/uploads\/2024\/05\/image-6.jpg?w=960&amp;ssl=1 960w, https:\/\/i0.wp.com\/darwinforever.com\/wp-content\/uploads\/2024\/05\/image-6.jpg?resize=225%2C300&amp;ssl=1 225w, https:\/\/i0.wp.com\/darwinforever.com\/wp-content\/uploads\/2024\/05\/image-6.jpg?resize=768%2C1024&amp;ssl=1 768w\" src=\"https:\/\/i0.wp.com\/darwinforever.com\/wp-content\/uploads\/2024\/05\/image-6.jpg?resize=696%2C928&#038;ssl=1\" alt=\". .\" class=\"wp-image-4639\"\/><\/figure>\n\n<script type=\"application\/ld+json\">[\n    {\n        \"@context\": \"https:\/\/schema.org\/\",\n        \"@type\": \"ImageObject\",\n        \"contentUrl\": \"https:\/\/darwinforever.com\/wp-content\/uploads\/2024\/05\/image-6.jpg\",\n        \"license\": \"\",\n        \"acquireLicensePage\": \"\"\n    }\n]<\/script>\n\n\n\n\n<figure class=\"wp-block-video\"><video height=\"848\" style=\"aspect-ratio: 464 \/ 848;\" width=\"464\" controls src=\"https:\/\/darwinforever.com\/wp-content\/uploads\/2024\/05\/video_2024-05-01_16-56-44.mp4\"><\/video><\/figure>\n\n\n\n<figure class=\"wp-block-image size-large\"><img data-recalc-dims=\"1\" loading=\"lazy\" decoding=\"async\" width=\"696\" height=\"522\" data-orig-file=\"https:\/\/i0.wp.com\/darwinforever.com\/wp-content\/uploads\/2024\/05\/image-7.jpg?fit=1280%2C960&amp;ssl=1\" data-attachment-url=\"https:\/\/darwinforever.com\/index.php\/portraits-de-nos-membres-engagees\/image-7-3\/\" data-aspectratio=\"1.33\" data-caption=\"\" data-image-title=\"image-7\" data-image-description=\"\" srcset=\"https:\/\/i0.wp.com\/darwinforever.com\/wp-content\/uploads\/2024\/05\/image-7.jpg?w=1280&amp;ssl=1 1280w, https:\/\/i0.wp.com\/darwinforever.com\/wp-content\/uploads\/2024\/05\/image-7.jpg?resize=300%2C225&amp;ssl=1 300w, https:\/\/i0.wp.com\/darwinforever.com\/wp-content\/uploads\/2024\/05\/image-7.jpg?resize=1024%2C768&amp;ssl=1 1024w, https:\/\/i0.wp.com\/darwinforever.com\/wp-content\/uploads\/2024\/05\/image-7.jpg?resize=768%2C576&amp;ssl=1 768w\" src=\"https:\/\/i0.wp.com\/darwinforever.com\/wp-content\/uploads\/2024\/05\/image-7.jpg?resize=696%2C522&#038;ssl=1\" alt=\". .\" class=\"wp-image-4641\"\/><\/figure>\n\n<script type=\"application\/ld+json\">[\n    {\n        \"@context\": \"https:\/\/schema.org\/\",\n        \"@type\": \"ImageObject\",\n        \"contentUrl\": \"https:\/\/darwinforever.com\/wp-content\/uploads\/2024\/05\/image-7.jpg\",\n        \"license\": \"\",\n        \"acquireLicensePage\": \"\"\n    }\n]<\/script>\n\n\n<figure class=\"wp-block-image size-large\"><img data-recalc-dims=\"1\" loading=\"lazy\" decoding=\"async\" width=\"696\" height=\"904\" data-orig-file=\"https:\/\/i0.wp.com\/darwinforever.com\/wp-content\/uploads\/2024\/05\/deborah-en-interview.jpg?fit=943%2C1225&amp;ssl=1\" data-attachment-url=\"https:\/\/darwinforever.com\/index.php\/portraits-de-nos-membres-engagees\/deborah-en-interview-2\/\" data-aspectratio=\"0.77\" data-caption=\"\" data-image-title=\"deborah-en-interview\" data-image-description=\"\" srcset=\"https:\/\/i0.wp.com\/darwinforever.com\/wp-content\/uploads\/2024\/05\/deborah-en-interview.jpg?w=943&amp;ssl=1 943w, https:\/\/i0.wp.com\/darwinforever.com\/wp-content\/uploads\/2024\/05\/deborah-en-interview.jpg?resize=231%2C300&amp;ssl=1 231w, https:\/\/i0.wp.com\/darwinforever.com\/wp-content\/uploads\/2024\/05\/deborah-en-interview.jpg?resize=788%2C1024&amp;ssl=1 788w, https:\/\/i0.wp.com\/darwinforever.com\/wp-content\/uploads\/2024\/05\/deborah-en-interview.jpg?resize=768%2C998&amp;ssl=1 768w\" src=\"https:\/\/i0.wp.com\/darwinforever.com\/wp-content\/uploads\/2024\/05\/deborah-en-interview.jpg?resize=696%2C904&#038;ssl=1\" alt=\". .\" class=\"wp-image-4685\"\/><\/figure>\n\n<script type=\"application\/ld+json\">[\n    {\n        \"@context\": \"https:\/\/schema.org\/\",\n        \"@type\": \"ImageObject\",\n        \"contentUrl\": \"https:\/\/darwinforever.com\/wp-content\/uploads\/2024\/05\/deborah-en-interview.jpg\",\n        \"license\": \"\",\n        \"acquireLicensePage\": \"\"\n    }\n]<\/script>\n\n\n<figure class=\"wp-block-image size-full\"><img data-recalc-dims=\"1\" loading=\"lazy\" decoding=\"async\" width=\"645\" height=\"424\" data-orig-file=\"https:\/\/i0.wp.com\/darwinforever.com\/wp-content\/uploads\/2024\/05\/membres-bases-dans-le-nord-de-la-france-Darwin-Forever.jpg?fit=645%2C424&amp;ssl=1\" data-attachment-url=\"https:\/\/darwinforever.com\/index.php\/portraits-de-nos-membres-engagees\/membres-bases-dans-le-nord-de-la-france-darwin-forever\/\" data-aspectratio=\"1.52\" data-caption=\"\" data-image-title=\"membres-bases-dans-le-nord-de-la-france-Darwin-Forever\" data-image-description=\"\" srcset=\"https:\/\/i0.wp.com\/darwinforever.com\/wp-content\/uploads\/2024\/05\/membres-bases-dans-le-nord-de-la-france-Darwin-Forever.jpg?w=645&amp;ssl=1 645w, https:\/\/i0.wp.com\/darwinforever.com\/wp-content\/uploads\/2024\/05\/membres-bases-dans-le-nord-de-la-france-Darwin-Forever.jpg?resize=300%2C197&amp;ssl=1 300w\" src=\"https:\/\/i0.wp.com\/darwinforever.com\/wp-content\/uploads\/2024\/05\/membres-bases-dans-le-nord-de-la-france-Darwin-Forever.jpg?resize=645%2C424&#038;ssl=1\" alt=\". .\" class=\"wp-image-4686\"\/><\/figure>\n\n<script type=\"application\/ld+json\">[\n    {\n        \"@context\": \"https:\/\/schema.org\/\",\n        \"@type\": \"ImageObject\",\n        \"contentUrl\": \"https:\/\/darwinforever.com\/wp-content\/uploads\/2024\/05\/membres-bases-dans-le-nord-de-la-france-Darwin-Forever.jpg\",\n        \"license\": \"\",\n        \"acquireLicensePage\": \"\"\n    }\n]<\/script>\n\n\n<figure class=\"wp-block-image size-large\"><img data-recalc-dims=\"1\" loading=\"lazy\" decoding=\"async\" width=\"696\" height=\"522\" data-orig-file=\"https:\/\/i0.wp.com\/darwinforever.com\/wp-content\/uploads\/2024\/05\/image-8.jpg?fit=1280%2C960&amp;ssl=1\" data-attachment-url=\"https:\/\/darwinforever.com\/index.php\/portraits-de-nos-membres-engagees\/image-8-2\/\" data-aspectratio=\"1.33\" data-caption=\"\" data-image-title=\"image-8\" data-image-description=\"\" srcset=\"https:\/\/i0.wp.com\/darwinforever.com\/wp-content\/uploads\/2024\/05\/image-8.jpg?w=1280&amp;ssl=1 1280w, https:\/\/i0.wp.com\/darwinforever.com\/wp-content\/uploads\/2024\/05\/image-8.jpg?resize=300%2C225&amp;ssl=1 300w, https:\/\/i0.wp.com\/darwinforever.com\/wp-content\/uploads\/2024\/05\/image-8.jpg?resize=1024%2C768&amp;ssl=1 1024w, https:\/\/i0.wp.com\/darwinforever.com\/wp-content\/uploads\/2024\/05\/image-8.jpg?resize=768%2C576&amp;ssl=1 768w\" src=\"https:\/\/i0.wp.com\/darwinforever.com\/wp-content\/uploads\/2024\/05\/image-8.jpg?resize=696%2C522&#038;ssl=1\" alt=\". .\" class=\"wp-image-4642\"\/><\/figure>\n\n<script type=\"application\/ld+json\">[\n    {\n        \"@context\": \"https:\/\/schema.org\/\",\n        \"@type\": \"ImageObject\",\n        \"contentUrl\": \"https:\/\/darwinforever.com\/wp-content\/uploads\/2024\/05\/image-8.jpg\",\n        \"license\": \"\",\n        \"acquireLicensePage\": \"\"\n    }\n]<\/script>\n\n\n<p><strong><em>MERCI pour cet \u00e9lan collectif pour pr\u00e9server la vie sauvage et l&#8217;environnement<\/em><\/strong><\/p>\n","protected":false},"excerpt":{"rendered":"<p>Voici quelques portraits de nos jeunes membres au c\u0153ur de la pr\u00e9servation animale et environnementale Animaux et la Nature en d\u00e9tresse, jeunes en action : solidarit\u00e9 pour un monde meilleur<\/p><\/div>\n<div class=\"blog-btn\"><a href=\"https:\/\/darwinforever.com\/index.php\/portraits-de-nos-membres-engagees\/\" class=\"home-blog-btn\">Lire la suite<\/a><\/p>\n","protected":false},"author":8,"featured_media":0,"parent":0,"menu_order":0,"comment_status":"closed","ping_status":"closed","template":"","meta":{"_bbp_topic_count":0,"_bbp_reply_count":0,"_bbp_total_topic_count":0,"_bbp_total_reply_count":0,"_bbp_voice_count":0,"_bbp_anonymous_reply_count":0,"_bbp_topic_count_hidden":0,"_bbp_reply_count_hidden":0,"_bbp_forum_subforum_count":0,"jetpack_post_was_ever_published":false,"footnotes":""},"class_list":["post-4633","page","type-page","status-publish","hentry"],"yoast_head":"<!-- This site is optimized with the Yoast SEO plugin v27.3 - https:\/\/yoast.com\/product\/yoast-seo-wordpress\/ -->\n<title>Portraits de nos membres engag\u00e9(e)s - Darwin Forever<\/title>\n<meta name=\"robots\" content=\"index, follow, max-snippet:-1, max-image-preview:large, max-video-preview:-1\" \/>\n<link rel=\"canonical\" href=\"https:\/\/darwinforever.com\/index.php\/portraits-de-nos-membres-engagees\/\" \/>\n<meta property=\"og:locale\" content=\"fr_FR\" \/>\n<meta property=\"og:type\" content=\"article\" \/>\n<meta property=\"og:title\" content=\"Portraits de nos membres engag\u00e9(e)s - Darwin Forever\" \/>\n<meta property=\"og:description\" content=\"Voici quelques portraits de nos jeunes membres au c\u0153ur de la pr\u00e9servation animale et environnementale Animaux et la Nature en d\u00e9tresse, jeunes en action : solidarit\u00e9 pour un monde meilleurLire la suite\" \/>\n<meta property=\"og:url\" content=\"https:\/\/darwinforever.com\/index.php\/portraits-de-nos-membres-engagees\/\" \/>\n<meta property=\"og:site_name\" content=\"Darwin Forever\" \/>\n<meta property=\"article:publisher\" content=\"https:\/\/www.facebook.com\/darwinforever06\/\" \/>\n<meta property=\"article:modified_time\" content=\"2024-05-04T09:44:24+00:00\" \/>\n<meta property=\"og:image\" content=\"https:\/\/darwinforever.com\/wp-content\/uploads\/2024\/05\/image-2-1024x735.jpg\" \/>\n<meta name=\"twitter:card\" content=\"summary_large_image\" \/>\n<meta name=\"twitter:label1\" content=\"Dur\u00e9e de lecture estim\u00e9e\" \/>\n\t<meta name=\"twitter:data1\" content=\"3 minutes\" \/>\n<script type=\"application\/ld+json\" class=\"yoast-schema-graph\">{\"@context\":\"https:\\\/\\\/schema.org\",\"@graph\":[{\"@type\":\"WebPage\",\"@id\":\"https:\\\/\\\/darwinforever.com\\\/index.php\\\/portraits-de-nos-membres-engagees\\\/\",\"url\":\"https:\\\/\\\/darwinforever.com\\\/index.php\\\/portraits-de-nos-membres-engagees\\\/\",\"name\":\"Portraits de nos membres engag\u00e9(e)s - Darwin Forever\",\"isPartOf\":{\"@id\":\"https:\\\/\\\/darwinforever.com\\\/#website\"},\"primaryImageOfPage\":{\"@id\":\"https:\\\/\\\/darwinforever.com\\\/index.php\\\/portraits-de-nos-membres-engagees\\\/#primaryimage\"},\"image\":{\"@id\":\"https:\\\/\\\/darwinforever.com\\\/index.php\\\/portraits-de-nos-membres-engagees\\\/#primaryimage\"},\"thumbnailUrl\":\"https:\\\/\\\/darwinforever.com\\\/wp-content\\\/uploads\\\/2024\\\/05\\\/image-2-1024x735.jpg\",\"datePublished\":\"2024-05-01T15:21:43+00:00\",\"dateModified\":\"2024-05-04T09:44:24+00:00\",\"breadcrumb\":{\"@id\":\"https:\\\/\\\/darwinforever.com\\\/index.php\\\/portraits-de-nos-membres-engagees\\\/#breadcrumb\"},\"inLanguage\":\"fr-FR\",\"potentialAction\":[{\"@type\":\"ReadAction\",\"target\":[\"https:\\\/\\\/darwinforever.com\\\/index.php\\\/portraits-de-nos-membres-engagees\\\/\"]}]},{\"@type\":\"ImageObject\",\"inLanguage\":\"fr-FR\",\"@id\":\"https:\\\/\\\/darwinforever.com\\\/index.php\\\/portraits-de-nos-membres-engagees\\\/#primaryimage\",\"url\":\"https:\\\/\\\/i0.wp.com\\\/darwinforever.com\\\/wp-content\\\/uploads\\\/2024\\\/05\\\/image-2.jpg?fit=1170%2C840&ssl=1\",\"contentUrl\":\"https:\\\/\\\/i0.wp.com\\\/darwinforever.com\\\/wp-content\\\/uploads\\\/2024\\\/05\\\/image-2.jpg?fit=1170%2C840&ssl=1\",\"width\":1170,\"height\":840,\"caption\":\". .\"},{\"@type\":\"BreadcrumbList\",\"@id\":\"https:\\\/\\\/darwinforever.com\\\/index.php\\\/portraits-de-nos-membres-engagees\\\/#breadcrumb\",\"itemListElement\":[{\"@type\":\"ListItem\",\"position\":1,\"name\":\"Accueil\",\"item\":\"https:\\\/\\\/darwinforever.com\\\/\"},{\"@type\":\"ListItem\",\"position\":2,\"name\":\"Portraits de nos membres engag\u00e9(e)s\"}]},{\"@type\":\"WebSite\",\"@id\":\"https:\\\/\\\/darwinforever.com\\\/#website\",\"url\":\"https:\\\/\\\/darwinforever.com\\\/\",\"name\":\"Darwin Forever\",\"description\":\"Communaut\u00e9 de Jeunes Engag\u00e9s en faveur des Animaux et de leur Environnement\",\"publisher\":{\"@id\":\"https:\\\/\\\/darwinforever.com\\\/#organization\"},\"potentialAction\":[{\"@type\":\"SearchAction\",\"target\":{\"@type\":\"EntryPoint\",\"urlTemplate\":\"https:\\\/\\\/darwinforever.com\\\/?s={search_term_string}\"},\"query-input\":{\"@type\":\"PropertyValueSpecification\",\"valueRequired\":true,\"valueName\":\"search_term_string\"}}],\"inLanguage\":\"fr-FR\"},{\"@type\":\"Organization\",\"@id\":\"https:\\\/\\\/darwinforever.com\\\/#organization\",\"name\":\"Darwin Forever\",\"url\":\"https:\\\/\\\/darwinforever.com\\\/\",\"logo\":{\"@type\":\"ImageObject\",\"inLanguage\":\"fr-FR\",\"@id\":\"https:\\\/\\\/darwinforever.com\\\/#\\\/schema\\\/logo\\\/image\\\/\",\"url\":\"https:\\\/\\\/i0.wp.com\\\/darwinforever.com\\\/wp-content\\\/uploads\\\/2020\\\/11\\\/cropped-cropped-Logo-Darwin-Forever-scaled-1.jpg?fit=210%2C184&ssl=1\",\"contentUrl\":\"https:\\\/\\\/i0.wp.com\\\/darwinforever.com\\\/wp-content\\\/uploads\\\/2020\\\/11\\\/cropped-cropped-Logo-Darwin-Forever-scaled-1.jpg?fit=210%2C184&ssl=1\",\"width\":210,\"height\":184,\"caption\":\"Darwin Forever\"},\"image\":{\"@id\":\"https:\\\/\\\/darwinforever.com\\\/#\\\/schema\\\/logo\\\/image\\\/\"},\"sameAs\":[\"https:\\\/\\\/www.facebook.com\\\/darwinforever06\\\/\",\"https:\\\/\\\/www.youtube.com\\\/channel\\\/UC0zCalAVmu2K_Xj4BMlfciA\"]}]}<\/script>\n<!-- \/ Yoast SEO plugin. -->","yoast_head_json":{"title":"Portraits de nos membres engag\u00e9(e)s - Darwin Forever","robots":{"index":"index","follow":"follow","max-snippet":"max-snippet:-1","max-image-preview":"max-image-preview:large","max-video-preview":"max-video-preview:-1"},"canonical":"https:\/\/darwinforever.com\/index.php\/portraits-de-nos-membres-engagees\/","og_locale":"fr_FR","og_type":"article","og_title":"Portraits de nos membres engag\u00e9(e)s - Darwin Forever","og_description":"Voici quelques portraits de nos jeunes membres au c\u0153ur de la pr\u00e9servation animale et environnementale Animaux et la Nature en d\u00e9tresse, jeunes en action : solidarit\u00e9 pour un monde meilleurLire la suite","og_url":"https:\/\/darwinforever.com\/index.php\/portraits-de-nos-membres-engagees\/","og_site_name":"Darwin Forever","article_publisher":"https:\/\/www.facebook.com\/darwinforever06\/","article_modified_time":"2024-05-04T09:44:24+00:00","og_image":[{"url":"https:\/\/darwinforever.com\/wp-content\/uploads\/2024\/05\/image-2-1024x735.jpg","type":"","width":"","height":""}],"twitter_card":"summary_large_image","twitter_misc":{"Dur\u00e9e de lecture estim\u00e9e":"3 minutes"},"schema":{"@context":"https:\/\/schema.org","@graph":[{"@type":"WebPage","@id":"https:\/\/darwinforever.com\/index.php\/portraits-de-nos-membres-engagees\/","url":"https:\/\/darwinforever.com\/index.php\/portraits-de-nos-membres-engagees\/","name":"Portraits de nos membres engag\u00e9(e)s - Darwin Forever","isPartOf":{"@id":"https:\/\/darwinforever.com\/#website"},"primaryImageOfPage":{"@id":"https:\/\/darwinforever.com\/index.php\/portraits-de-nos-membres-engagees\/#primaryimage"},"image":{"@id":"https:\/\/darwinforever.com\/index.php\/portraits-de-nos-membres-engagees\/#primaryimage"},"thumbnailUrl":"https:\/\/darwinforever.com\/wp-content\/uploads\/2024\/05\/image-2-1024x735.jpg","datePublished":"2024-05-01T15:21:43+00:00","dateModified":"2024-05-04T09:44:24+00:00","breadcrumb":{"@id":"https:\/\/darwinforever.com\/index.php\/portraits-de-nos-membres-engagees\/#breadcrumb"},"inLanguage":"fr-FR","potentialAction":[{"@type":"ReadAction","target":["https:\/\/darwinforever.com\/index.php\/portraits-de-nos-membres-engagees\/"]}]},{"@type":"ImageObject","inLanguage":"fr-FR","@id":"https:\/\/darwinforever.com\/index.php\/portraits-de-nos-membres-engagees\/#primaryimage","url":"https:\/\/i0.wp.com\/darwinforever.com\/wp-content\/uploads\/2024\/05\/image-2.jpg?fit=1170%2C840&ssl=1","contentUrl":"https:\/\/i0.wp.com\/darwinforever.com\/wp-content\/uploads\/2024\/05\/image-2.jpg?fit=1170%2C840&ssl=1","width":1170,"height":840,"caption":". ."},{"@type":"BreadcrumbList","@id":"https:\/\/darwinforever.com\/index.php\/portraits-de-nos-membres-engagees\/#breadcrumb","itemListElement":[{"@type":"ListItem","position":1,"name":"Accueil","item":"https:\/\/darwinforever.com\/"},{"@type":"ListItem","position":2,"name":"Portraits de nos membres engag\u00e9(e)s"}]},{"@type":"WebSite","@id":"https:\/\/darwinforever.com\/#website","url":"https:\/\/darwinforever.com\/","name":"Darwin Forever","description":"Communaut\u00e9 de Jeunes Engag\u00e9s en faveur des Animaux et de leur Environnement","publisher":{"@id":"https:\/\/darwinforever.com\/#organization"},"potentialAction":[{"@type":"SearchAction","target":{"@type":"EntryPoint","urlTemplate":"https:\/\/darwinforever.com\/?s={search_term_string}"},"query-input":{"@type":"PropertyValueSpecification","valueRequired":true,"valueName":"search_term_string"}}],"inLanguage":"fr-FR"},{"@type":"Organization","@id":"https:\/\/darwinforever.com\/#organization","name":"Darwin Forever","url":"https:\/\/darwinforever.com\/","logo":{"@type":"ImageObject","inLanguage":"fr-FR","@id":"https:\/\/darwinforever.com\/#\/schema\/logo\/image\/","url":"https:\/\/i0.wp.com\/darwinforever.com\/wp-content\/uploads\/2020\/11\/cropped-cropped-Logo-Darwin-Forever-scaled-1.jpg?fit=210%2C184&ssl=1","contentUrl":"https:\/\/i0.wp.com\/darwinforever.com\/wp-content\/uploads\/2020\/11\/cropped-cropped-Logo-Darwin-Forever-scaled-1.jpg?fit=210%2C184&ssl=1","width":210,"height":184,"caption":"Darwin Forever"},"image":{"@id":"https:\/\/darwinforever.com\/#\/schema\/logo\/image\/"},"sameAs":["https:\/\/www.facebook.com\/darwinforever06\/","https:\/\/www.youtube.com\/channel\/UC0zCalAVmu2K_Xj4BMlfciA"]}]}},"jetpack_sharing_enabled":true,"jetpack_likes_enabled":true,"_links":{"self":[{"href":"https:\/\/darwinforever.com\/index.php\/wp-json\/wp\/v2\/pages\/4633","targetHints":{"allow":["GET"]}}],"collection":[{"href":"https:\/\/darwinforever.com\/index.php\/wp-json\/wp\/v2\/pages"}],"about":[{"href":"https:\/\/darwinforever.com\/index.php\/wp-json\/wp\/v2\/types\/page"}],"author":[{"embeddable":true,"href":"https:\/\/darwinforever.com\/index.php\/wp-json\/wp\/v2\/users\/8"}],"replies":[{"embeddable":true,"href":"https:\/\/darwinforever.com\/index.php\/wp-json\/wp\/v2\/comments?post=4633"}],"version-history":[{"count":4,"href":"https:\/\/darwinforever.com\/index.php\/wp-json\/wp\/v2\/pages\/4633\/revisions"}],"predecessor-version":[{"id":4688,"href":"https:\/\/darwinforever.com\/index.php\/wp-json\/wp\/v2\/pages\/4633\/revisions\/4688"}],"wp:attachment":[{"href":"https:\/\/darwinforever.com\/index.php\/wp-json\/wp\/v2\/media?parent=4633"}],"curies":[{"name":"wp","href":"https:\/\/api.w.org\/{rel}","templated":true}]}}