{"id":4575,"date":"2024-04-08T17:49:19","date_gmt":"2024-04-08T15:49:19","guid":{"rendered":"https:\/\/darwinforever.com\/?page_id=4575"},"modified":"2024-04-12T19:09:01","modified_gmt":"2024-04-12T17:09:01","slug":"gifi-nouveau-partenaire-de-darwin-forever","status":"publish","type":"page","link":"https:\/\/darwinforever.com\/index.php\/gifi-nouveau-partenaire-de-darwin-forever\/","title":{"rendered":"GIFI nouveau partenaire de Darwin Forever"},"content":{"rendered":"<div class=\"wp-block-image\">\n<figure class=\"aligncenter size-full\"><img data-recalc-dims=\"1\" loading=\"lazy\" decoding=\"async\" width=\"500\" height=\"500\" data-orig-file=\"https:\/\/i0.wp.com\/darwinforever.com\/wp-content\/uploads\/2024\/04\/image.png?fit=500%2C500&amp;ssl=1\" data-attachment-url=\"https:\/\/darwinforever.com\/index.php\/gifi-nouveau-partenaire-de-darwin-forever\/image-67\/\" data-aspectratio=\"1\" data-caption=\"\" data-image-title=\"image\" data-image-description=\"\" srcset=\"https:\/\/i0.wp.com\/darwinforever.com\/wp-content\/uploads\/2024\/04\/image.png?w=500&amp;ssl=1 500w, https:\/\/i0.wp.com\/darwinforever.com\/wp-content\/uploads\/2024\/04\/image.png?resize=300%2C300&amp;ssl=1 300w, https:\/\/i0.wp.com\/darwinforever.com\/wp-content\/uploads\/2024\/04\/image.png?resize=150%2C150&amp;ssl=1 150w, https:\/\/i0.wp.com\/darwinforever.com\/wp-content\/uploads\/2024\/04\/image.png?resize=400%2C400&amp;ssl=1 400w\" src=\"https:\/\/i0.wp.com\/darwinforever.com\/wp-content\/uploads\/2024\/04\/image.png?resize=500%2C500&#038;ssl=1\" alt=\". .\" class=\"wp-image-4581\"\/><\/figure>\n\n<script type=\"application\/ld+json\">[\n    {\n        \"@context\": \"https:\/\/schema.org\/\",\n        \"@type\": \"ImageObject\",\n        \"contentUrl\": \"https:\/\/darwinforever.com\/wp-content\/uploads\/2024\/04\/image.png\",\n        \"license\": \"\",\n        \"acquireLicensePage\": \"\"\n    }\n]<\/script><\/div>\n\n\n<p>Nous sommes ravis de vous annoncer que <strong>GIFI<\/strong> est devenu notre nouveau partenaire au sein de <strong>Darwin Forever<\/strong>, notre association dynamique anim\u00e9e par des jeunes passionn\u00e9s de la protection des animaux et de leurs habitats. Cette collaboration rev\u00eat une importance capitale pour notre cause, et nous sommes impatients de la partager avec vous.<\/p>\n\n\n\n<p>Gr\u00e2ce \u00e0 cette alliance, nous avons l&#8217;opportunit\u00e9 de pr\u00e9senter notre association \u00e0 un public plus large, tout en permettant \u00e0 la client\u00e8le de GIFI de participer \u00e0 nos divers frais, tels que l&#8217;achat de croquettes, les d\u00e9placements pour nos actions sur le terrain, ainsi que la mise en place d&#8217;ateliers \u00e9ducatifs dans les \u00e9coles, centres a\u00e9r\u00e9s et SESSAD.<\/p>\n\n\n\n<p>Ce partenariat est le fruit de l&#8217;initiative de <strong>Kassandra<\/strong>, l&#8217;une de nos membres b\u00e9n\u00e9voles bas\u00e9e \u00e0 Antibes, \u00e2g\u00e9e de 18 ans. Elle a rapidement per\u00e7u que GIFI partage notre sensibilit\u00e9 envers la cause animale, ainsi que notre engagement en faveur des jeunes qui s&#8217;investissent pour une noble cause.<\/p>\n\n\n\n<p><strong>Nous sommes reconnaissants envers GIFI pour leur soutien et leur engagement envers notre association.<\/strong> Ensemble, nous sommes d\u00e9termin\u00e9s \u00e0 faire une r\u00e9elle diff\u00e9rence dans la protection des animaux et de leurs environnements. Merci \u00e0 tous pour votre implication et votre g\u00e9n\u00e9rosit\u00e9 ! <\/p>\n\n\n\n<p>D\u00e9borah, membre b\u00e9n\u00e9vole 24 ans<\/p>\n\n\n<div class=\"wp-block-image\">\n<figure class=\"aligncenter size-large\"><img data-recalc-dims=\"1\" loading=\"lazy\" decoding=\"async\" width=\"583\" height=\"1024\" data-orig-file=\"https:\/\/i0.wp.com\/darwinforever.com\/wp-content\/uploads\/2024\/04\/WhatsApp-Image-2024-04-12-a-16.11.11_0185e870.jpg?fit=1080%2C1898&amp;ssl=1\" data-attachment-url=\"https:\/\/darwinforever.com\/index.php\/gifi-nouveau-partenaire-de-darwin-forever\/whatsapp-image-2024-04-12-a-16-11-11_0185e870\/\" data-aspectratio=\"0.57\" data-caption=\"\" data-image-title=\"WhatsApp-Image-2024-04-12-a-16.11.11_0185e870\" data-image-description=\"\" srcset=\"https:\/\/i0.wp.com\/darwinforever.com\/wp-content\/uploads\/2024\/04\/WhatsApp-Image-2024-04-12-a-16.11.11_0185e870.jpg?w=1080&amp;ssl=1 1080w, https:\/\/i0.wp.com\/darwinforever.com\/wp-content\/uploads\/2024\/04\/WhatsApp-Image-2024-04-12-a-16.11.11_0185e870.jpg?resize=171%2C300&amp;ssl=1 171w, https:\/\/i0.wp.com\/darwinforever.com\/wp-content\/uploads\/2024\/04\/WhatsApp-Image-2024-04-12-a-16.11.11_0185e870.jpg?resize=583%2C1024&amp;ssl=1 583w, https:\/\/i0.wp.com\/darwinforever.com\/wp-content\/uploads\/2024\/04\/WhatsApp-Image-2024-04-12-a-16.11.11_0185e870.jpg?resize=768%2C1350&amp;ssl=1 768w, https:\/\/i0.wp.com\/darwinforever.com\/wp-content\/uploads\/2024\/04\/WhatsApp-Image-2024-04-12-a-16.11.11_0185e870.jpg?resize=874%2C1536&amp;ssl=1 874w\" src=\"https:\/\/i0.wp.com\/darwinforever.com\/wp-content\/uploads\/2024\/04\/WhatsApp-Image-2024-04-12-a-16.11.11_0185e870.jpg?resize=583%2C1024&#038;ssl=1\" alt=\". .\" class=\"wp-image-4576\"\/><\/figure>\n\n<script type=\"application\/ld+json\">[\n    {\n        \"@context\": \"https:\/\/schema.org\/\",\n        \"@type\": \"ImageObject\",\n        \"contentUrl\": \"https:\/\/darwinforever.com\/wp-content\/uploads\/2024\/04\/WhatsApp-Image-2024-04-12-a-16.11.11_0185e870.jpg\",\n        \"license\": \"\",\n        \"acquireLicensePage\": \"\"\n    }\n]<\/script><\/div>\n\n\n<p class=\"has-text-align-center\"><strong>Bravo \u00e0 Kassandra ici \u00e0 GIFI Juan les Pins  <\/strong><\/p>\n\n\n\n<p class=\"has-text-align-center\"><strong>GIFI JUAN LES PINS &gt; adresse : 51 Av. de Cannes, 06160 Antibes<\/strong><\/p>\n\n\n\n<figure class=\"wp-block-image size-large is-resized\"><img data-recalc-dims=\"1\" loading=\"lazy\" decoding=\"async\" width=\"696\" height=\"928\" data-orig-file=\"https:\/\/i0.wp.com\/darwinforever.com\/wp-content\/uploads\/2024\/04\/WhatsApp-Image-2024-04-12-a-18.55.05_460302a0.jpg?fit=1200%2C1600&amp;ssl=1\" data-attachment-url=\"https:\/\/darwinforever.com\/index.php\/gifi-nouveau-partenaire-de-darwin-forever\/whatsapp-image-2024-04-12-a-18-55-05_460302a0\/\" data-aspectratio=\"0.75\" data-caption=\"\" data-image-title=\"WhatsApp-Image-2024-04-12-a-18.55.05_460302a0\" data-image-description=\"\" srcset=\"https:\/\/i0.wp.com\/darwinforever.com\/wp-content\/uploads\/2024\/04\/WhatsApp-Image-2024-04-12-a-18.55.05_460302a0.jpg?w=1200&amp;ssl=1 1200w, https:\/\/i0.wp.com\/darwinforever.com\/wp-content\/uploads\/2024\/04\/WhatsApp-Image-2024-04-12-a-18.55.05_460302a0.jpg?resize=225%2C300&amp;ssl=1 225w, https:\/\/i0.wp.com\/darwinforever.com\/wp-content\/uploads\/2024\/04\/WhatsApp-Image-2024-04-12-a-18.55.05_460302a0.jpg?resize=768%2C1024&amp;ssl=1 768w, https:\/\/i0.wp.com\/darwinforever.com\/wp-content\/uploads\/2024\/04\/WhatsApp-Image-2024-04-12-a-18.55.05_460302a0.jpg?resize=1152%2C1536&amp;ssl=1 1152w\" src=\"https:\/\/i0.wp.com\/darwinforever.com\/wp-content\/uploads\/2024\/04\/WhatsApp-Image-2024-04-12-a-18.55.05_460302a0.jpg?resize=696%2C928&#038;ssl=1\" alt=\". .\" class=\"wp-image-4584\" style=\"width:553px;height:auto\"\/><\/figure>\n\n<script type=\"application\/ld+json\">[\n    {\n        \"@context\": \"https:\/\/schema.org\/\",\n        \"@type\": \"ImageObject\",\n        \"contentUrl\": \"https:\/\/darwinforever.com\/wp-content\/uploads\/2024\/04\/WhatsApp-Image-2024-04-12-a-18.55.05_460302a0.jpg\",\n        \"license\": \"\",\n        \"acquireLicensePage\": \"\"\n    }\n]<\/script>\n\n\n<figure class=\"wp-block-image size-large is-resized\"><img data-recalc-dims=\"1\" loading=\"lazy\" decoding=\"async\" width=\"696\" height=\"928\" data-orig-file=\"https:\/\/i0.wp.com\/darwinforever.com\/wp-content\/uploads\/2024\/04\/WhatsApp-Image-2024-04-12-a-18.55.03_ecade5dd.jpg?fit=1200%2C1600&amp;ssl=1\" data-attachment-url=\"https:\/\/darwinforever.com\/index.php\/gifi-nouveau-partenaire-de-darwin-forever\/whatsapp-image-2024-04-12-a-18-55-03_ecade5dd\/\" data-aspectratio=\"0.75\" data-caption=\"\" data-image-title=\"WhatsApp-Image-2024-04-12-a-18.55.03_ecade5dd\" data-image-description=\"\" srcset=\"https:\/\/i0.wp.com\/darwinforever.com\/wp-content\/uploads\/2024\/04\/WhatsApp-Image-2024-04-12-a-18.55.03_ecade5dd.jpg?w=1200&amp;ssl=1 1200w, https:\/\/i0.wp.com\/darwinforever.com\/wp-content\/uploads\/2024\/04\/WhatsApp-Image-2024-04-12-a-18.55.03_ecade5dd.jpg?resize=225%2C300&amp;ssl=1 225w, https:\/\/i0.wp.com\/darwinforever.com\/wp-content\/uploads\/2024\/04\/WhatsApp-Image-2024-04-12-a-18.55.03_ecade5dd.jpg?resize=768%2C1024&amp;ssl=1 768w, https:\/\/i0.wp.com\/darwinforever.com\/wp-content\/uploads\/2024\/04\/WhatsApp-Image-2024-04-12-a-18.55.03_ecade5dd.jpg?resize=1152%2C1536&amp;ssl=1 1152w\" src=\"https:\/\/i0.wp.com\/darwinforever.com\/wp-content\/uploads\/2024\/04\/WhatsApp-Image-2024-04-12-a-18.55.03_ecade5dd.jpg?resize=696%2C928&#038;ssl=1\" alt=\". .\" class=\"wp-image-4585\" style=\"width:557px;height:auto\"\/><\/figure>\n\n<script type=\"application\/ld+json\">[\n    {\n        \"@context\": \"https:\/\/schema.org\/\",\n        \"@type\": \"ImageObject\",\n        \"contentUrl\": \"https:\/\/darwinforever.com\/wp-content\/uploads\/2024\/04\/WhatsApp-Image-2024-04-12-a-18.55.03_ecade5dd.jpg\",\n        \"license\": \"\",\n        \"acquireLicensePage\": \"\"\n    }\n]<\/script>\n\n\n<figure class=\"wp-block-image size-large is-resized\"><img data-recalc-dims=\"1\" loading=\"lazy\" decoding=\"async\" width=\"696\" height=\"928\" data-orig-file=\"https:\/\/i0.wp.com\/darwinforever.com\/wp-content\/uploads\/2024\/04\/WhatsApp-Image-2024-04-12-a-18.55.07_a97df88a.jpg?fit=1200%2C1600&amp;ssl=1\" data-attachment-url=\"https:\/\/darwinforever.com\/index.php\/gifi-nouveau-partenaire-de-darwin-forever\/whatsapp-image-2024-04-12-a-18-55-07_a97df88a\/\" data-aspectratio=\"0.75\" data-caption=\"\" data-image-title=\"WhatsApp-Image-2024-04-12-a-18.55.07_a97df88a\" data-image-description=\"\" srcset=\"https:\/\/i0.wp.com\/darwinforever.com\/wp-content\/uploads\/2024\/04\/WhatsApp-Image-2024-04-12-a-18.55.07_a97df88a.jpg?w=1200&amp;ssl=1 1200w, https:\/\/i0.wp.com\/darwinforever.com\/wp-content\/uploads\/2024\/04\/WhatsApp-Image-2024-04-12-a-18.55.07_a97df88a.jpg?resize=225%2C300&amp;ssl=1 225w, https:\/\/i0.wp.com\/darwinforever.com\/wp-content\/uploads\/2024\/04\/WhatsApp-Image-2024-04-12-a-18.55.07_a97df88a.jpg?resize=768%2C1024&amp;ssl=1 768w, https:\/\/i0.wp.com\/darwinforever.com\/wp-content\/uploads\/2024\/04\/WhatsApp-Image-2024-04-12-a-18.55.07_a97df88a.jpg?resize=1152%2C1536&amp;ssl=1 1152w\" src=\"https:\/\/i0.wp.com\/darwinforever.com\/wp-content\/uploads\/2024\/04\/WhatsApp-Image-2024-04-12-a-18.55.07_a97df88a.jpg?resize=696%2C928&#038;ssl=1\" alt=\". .\" class=\"wp-image-4586\" style=\"width:527px;height:auto\"\/><\/figure>\n\n<script type=\"application\/ld+json\">[\n    {\n        \"@context\": \"https:\/\/schema.org\/\",\n        \"@type\": \"ImageObject\",\n        \"contentUrl\": \"https:\/\/darwinforever.com\/wp-content\/uploads\/2024\/04\/WhatsApp-Image-2024-04-12-a-18.55.07_a97df88a.jpg\",\n        \"license\": \"\",\n        \"acquireLicensePage\": \"\"\n    }\n]<\/script>","protected":false},"excerpt":{"rendered":"<p>Nous sommes ravis de vous annoncer que GIFI est devenu notre nouveau partenaire au sein de Darwin Forever, notre association dynamique anim\u00e9e par des jeunes passionn\u00e9s de la protection des<\/p><\/div>\n<div class=\"blog-btn\"><a href=\"https:\/\/darwinforever.com\/index.php\/gifi-nouveau-partenaire-de-darwin-forever\/\" class=\"home-blog-btn\">Lire la suite<\/a><\/p>\n","protected":false},"author":16,"featured_media":0,"parent":0,"menu_order":0,"comment_status":"closed","ping_status":"closed","template":"","meta":{"_bbp_topic_count":0,"_bbp_reply_count":0,"_bbp_total_topic_count":0,"_bbp_total_reply_count":0,"_bbp_voice_count":0,"_bbp_anonymous_reply_count":0,"_bbp_topic_count_hidden":0,"_bbp_reply_count_hidden":0,"_bbp_forum_subforum_count":0,"jetpack_post_was_ever_published":false,"footnotes":""},"class_list":["post-4575","page","type-page","status-publish","hentry"],"yoast_head":"<!-- This site is optimized with the Yoast SEO plugin v27.3 - https:\/\/yoast.com\/product\/yoast-seo-wordpress\/ -->\n<title>GIFI nouveau partenaire de Darwin Forever - Darwin Forever<\/title>\n<meta name=\"robots\" content=\"index, follow, max-snippet:-1, max-image-preview:large, max-video-preview:-1\" \/>\n<link rel=\"canonical\" href=\"https:\/\/darwinforever.com\/index.php\/gifi-nouveau-partenaire-de-darwin-forever\/\" \/>\n<meta property=\"og:locale\" content=\"fr_FR\" \/>\n<meta property=\"og:type\" content=\"article\" \/>\n<meta property=\"og:title\" content=\"GIFI nouveau partenaire de Darwin Forever - Darwin Forever\" \/>\n<meta property=\"og:description\" content=\"Nous sommes ravis de vous annoncer que GIFI est devenu notre nouveau partenaire au sein de Darwin Forever, notre association dynamique anim\u00e9e par des jeunes passionn\u00e9s de la protection desLire la suite\" \/>\n<meta property=\"og:url\" content=\"https:\/\/darwinforever.com\/index.php\/gifi-nouveau-partenaire-de-darwin-forever\/\" \/>\n<meta property=\"og:site_name\" content=\"Darwin Forever\" \/>\n<meta property=\"article:publisher\" content=\"https:\/\/www.facebook.com\/darwinforever06\/\" \/>\n<meta property=\"article:modified_time\" content=\"2024-04-12T17:09:01+00:00\" \/>\n<meta property=\"og:image\" content=\"https:\/\/darwinforever.com\/wp-content\/uploads\/2024\/04\/image.png\" \/>\n<meta name=\"twitter:card\" content=\"summary_large_image\" \/>\n<meta name=\"twitter:label1\" content=\"Dur\u00e9e de lecture estim\u00e9e\" \/>\n\t<meta name=\"twitter:data1\" content=\"3 minutes\" \/>\n<script type=\"application\/ld+json\" class=\"yoast-schema-graph\">{\"@context\":\"https:\\\/\\\/schema.org\",\"@graph\":[{\"@type\":\"WebPage\",\"@id\":\"https:\\\/\\\/darwinforever.com\\\/index.php\\\/gifi-nouveau-partenaire-de-darwin-forever\\\/\",\"url\":\"https:\\\/\\\/darwinforever.com\\\/index.php\\\/gifi-nouveau-partenaire-de-darwin-forever\\\/\",\"name\":\"GIFI nouveau partenaire de Darwin Forever - Darwin Forever\",\"isPartOf\":{\"@id\":\"https:\\\/\\\/darwinforever.com\\\/#website\"},\"primaryImageOfPage\":{\"@id\":\"https:\\\/\\\/darwinforever.com\\\/index.php\\\/gifi-nouveau-partenaire-de-darwin-forever\\\/#primaryimage\"},\"image\":{\"@id\":\"https:\\\/\\\/darwinforever.com\\\/index.php\\\/gifi-nouveau-partenaire-de-darwin-forever\\\/#primaryimage\"},\"thumbnailUrl\":\"https:\\\/\\\/darwinforever.com\\\/wp-content\\\/uploads\\\/2024\\\/04\\\/image.png\",\"datePublished\":\"2024-04-08T15:49:19+00:00\",\"dateModified\":\"2024-04-12T17:09:01+00:00\",\"breadcrumb\":{\"@id\":\"https:\\\/\\\/darwinforever.com\\\/index.php\\\/gifi-nouveau-partenaire-de-darwin-forever\\\/#breadcrumb\"},\"inLanguage\":\"fr-FR\",\"potentialAction\":[{\"@type\":\"ReadAction\",\"target\":[\"https:\\\/\\\/darwinforever.com\\\/index.php\\\/gifi-nouveau-partenaire-de-darwin-forever\\\/\"]}]},{\"@type\":\"ImageObject\",\"inLanguage\":\"fr-FR\",\"@id\":\"https:\\\/\\\/darwinforever.com\\\/index.php\\\/gifi-nouveau-partenaire-de-darwin-forever\\\/#primaryimage\",\"url\":\"https:\\\/\\\/i0.wp.com\\\/darwinforever.com\\\/wp-content\\\/uploads\\\/2024\\\/04\\\/image.png?fit=500%2C500&ssl=1\",\"contentUrl\":\"https:\\\/\\\/i0.wp.com\\\/darwinforever.com\\\/wp-content\\\/uploads\\\/2024\\\/04\\\/image.png?fit=500%2C500&ssl=1\",\"width\":500,\"height\":500,\"caption\":\". .\"},{\"@type\":\"BreadcrumbList\",\"@id\":\"https:\\\/\\\/darwinforever.com\\\/index.php\\\/gifi-nouveau-partenaire-de-darwin-forever\\\/#breadcrumb\",\"itemListElement\":[{\"@type\":\"ListItem\",\"position\":1,\"name\":\"Accueil\",\"item\":\"https:\\\/\\\/darwinforever.com\\\/\"},{\"@type\":\"ListItem\",\"position\":2,\"name\":\"GIFI nouveau partenaire de Darwin Forever\"}]},{\"@type\":\"WebSite\",\"@id\":\"https:\\\/\\\/darwinforever.com\\\/#website\",\"url\":\"https:\\\/\\\/darwinforever.com\\\/\",\"name\":\"Darwin Forever\",\"description\":\"Communaut\u00e9 de Jeunes Engag\u00e9s en faveur des Animaux et de leur Environnement\",\"publisher\":{\"@id\":\"https:\\\/\\\/darwinforever.com\\\/#organization\"},\"potentialAction\":[{\"@type\":\"SearchAction\",\"target\":{\"@type\":\"EntryPoint\",\"urlTemplate\":\"https:\\\/\\\/darwinforever.com\\\/?s={search_term_string}\"},\"query-input\":{\"@type\":\"PropertyValueSpecification\",\"valueRequired\":true,\"valueName\":\"search_term_string\"}}],\"inLanguage\":\"fr-FR\"},{\"@type\":\"Organization\",\"@id\":\"https:\\\/\\\/darwinforever.com\\\/#organization\",\"name\":\"Darwin Forever\",\"url\":\"https:\\\/\\\/darwinforever.com\\\/\",\"logo\":{\"@type\":\"ImageObject\",\"inLanguage\":\"fr-FR\",\"@id\":\"https:\\\/\\\/darwinforever.com\\\/#\\\/schema\\\/logo\\\/image\\\/\",\"url\":\"https:\\\/\\\/i0.wp.com\\\/darwinforever.com\\\/wp-content\\\/uploads\\\/2020\\\/11\\\/cropped-cropped-Logo-Darwin-Forever-scaled-1.jpg?fit=210%2C184&ssl=1\",\"contentUrl\":\"https:\\\/\\\/i0.wp.com\\\/darwinforever.com\\\/wp-content\\\/uploads\\\/2020\\\/11\\\/cropped-cropped-Logo-Darwin-Forever-scaled-1.jpg?fit=210%2C184&ssl=1\",\"width\":210,\"height\":184,\"caption\":\"Darwin Forever\"},\"image\":{\"@id\":\"https:\\\/\\\/darwinforever.com\\\/#\\\/schema\\\/logo\\\/image\\\/\"},\"sameAs\":[\"https:\\\/\\\/www.facebook.com\\\/darwinforever06\\\/\",\"https:\\\/\\\/www.youtube.com\\\/channel\\\/UC0zCalAVmu2K_Xj4BMlfciA\"]}]}<\/script>\n<!-- \/ Yoast SEO plugin. -->","yoast_head_json":{"title":"GIFI nouveau partenaire de Darwin Forever - Darwin Forever","robots":{"index":"index","follow":"follow","max-snippet":"max-snippet:-1","max-image-preview":"max-image-preview:large","max-video-preview":"max-video-preview:-1"},"canonical":"https:\/\/darwinforever.com\/index.php\/gifi-nouveau-partenaire-de-darwin-forever\/","og_locale":"fr_FR","og_type":"article","og_title":"GIFI nouveau partenaire de Darwin Forever - Darwin Forever","og_description":"Nous sommes ravis de vous annoncer que GIFI est devenu notre nouveau partenaire au sein de Darwin Forever, notre association dynamique anim\u00e9e par des jeunes passionn\u00e9s de la protection desLire la suite","og_url":"https:\/\/darwinforever.com\/index.php\/gifi-nouveau-partenaire-de-darwin-forever\/","og_site_name":"Darwin Forever","article_publisher":"https:\/\/www.facebook.com\/darwinforever06\/","article_modified_time":"2024-04-12T17:09:01+00:00","og_image":[{"url":"https:\/\/darwinforever.com\/wp-content\/uploads\/2024\/04\/image.png","type":"","width":"","height":""}],"twitter_card":"summary_large_image","twitter_misc":{"Dur\u00e9e de lecture estim\u00e9e":"3 minutes"},"schema":{"@context":"https:\/\/schema.org","@graph":[{"@type":"WebPage","@id":"https:\/\/darwinforever.com\/index.php\/gifi-nouveau-partenaire-de-darwin-forever\/","url":"https:\/\/darwinforever.com\/index.php\/gifi-nouveau-partenaire-de-darwin-forever\/","name":"GIFI nouveau partenaire de Darwin Forever - Darwin Forever","isPartOf":{"@id":"https:\/\/darwinforever.com\/#website"},"primaryImageOfPage":{"@id":"https:\/\/darwinforever.com\/index.php\/gifi-nouveau-partenaire-de-darwin-forever\/#primaryimage"},"image":{"@id":"https:\/\/darwinforever.com\/index.php\/gifi-nouveau-partenaire-de-darwin-forever\/#primaryimage"},"thumbnailUrl":"https:\/\/darwinforever.com\/wp-content\/uploads\/2024\/04\/image.png","datePublished":"2024-04-08T15:49:19+00:00","dateModified":"2024-04-12T17:09:01+00:00","breadcrumb":{"@id":"https:\/\/darwinforever.com\/index.php\/gifi-nouveau-partenaire-de-darwin-forever\/#breadcrumb"},"inLanguage":"fr-FR","potentialAction":[{"@type":"ReadAction","target":["https:\/\/darwinforever.com\/index.php\/gifi-nouveau-partenaire-de-darwin-forever\/"]}]},{"@type":"ImageObject","inLanguage":"fr-FR","@id":"https:\/\/darwinforever.com\/index.php\/gifi-nouveau-partenaire-de-darwin-forever\/#primaryimage","url":"https:\/\/i0.wp.com\/darwinforever.com\/wp-content\/uploads\/2024\/04\/image.png?fit=500%2C500&ssl=1","contentUrl":"https:\/\/i0.wp.com\/darwinforever.com\/wp-content\/uploads\/2024\/04\/image.png?fit=500%2C500&ssl=1","width":500,"height":500,"caption":". ."},{"@type":"BreadcrumbList","@id":"https:\/\/darwinforever.com\/index.php\/gifi-nouveau-partenaire-de-darwin-forever\/#breadcrumb","itemListElement":[{"@type":"ListItem","position":1,"name":"Accueil","item":"https:\/\/darwinforever.com\/"},{"@type":"ListItem","position":2,"name":"GIFI nouveau partenaire de Darwin Forever"}]},{"@type":"WebSite","@id":"https:\/\/darwinforever.com\/#website","url":"https:\/\/darwinforever.com\/","name":"Darwin Forever","description":"Communaut\u00e9 de Jeunes Engag\u00e9s en faveur des Animaux et de leur Environnement","publisher":{"@id":"https:\/\/darwinforever.com\/#organization"},"potentialAction":[{"@type":"SearchAction","target":{"@type":"EntryPoint","urlTemplate":"https:\/\/darwinforever.com\/?s={search_term_string}"},"query-input":{"@type":"PropertyValueSpecification","valueRequired":true,"valueName":"search_term_string"}}],"inLanguage":"fr-FR"},{"@type":"Organization","@id":"https:\/\/darwinforever.com\/#organization","name":"Darwin Forever","url":"https:\/\/darwinforever.com\/","logo":{"@type":"ImageObject","inLanguage":"fr-FR","@id":"https:\/\/darwinforever.com\/#\/schema\/logo\/image\/","url":"https:\/\/i0.wp.com\/darwinforever.com\/wp-content\/uploads\/2020\/11\/cropped-cropped-Logo-Darwin-Forever-scaled-1.jpg?fit=210%2C184&ssl=1","contentUrl":"https:\/\/i0.wp.com\/darwinforever.com\/wp-content\/uploads\/2020\/11\/cropped-cropped-Logo-Darwin-Forever-scaled-1.jpg?fit=210%2C184&ssl=1","width":210,"height":184,"caption":"Darwin Forever"},"image":{"@id":"https:\/\/darwinforever.com\/#\/schema\/logo\/image\/"},"sameAs":["https:\/\/www.facebook.com\/darwinforever06\/","https:\/\/www.youtube.com\/channel\/UC0zCalAVmu2K_Xj4BMlfciA"]}]}},"jetpack_sharing_enabled":true,"jetpack_likes_enabled":true,"_links":{"self":[{"href":"https:\/\/darwinforever.com\/index.php\/wp-json\/wp\/v2\/pages\/4575","targetHints":{"allow":["GET"]}}],"collection":[{"href":"https:\/\/darwinforever.com\/index.php\/wp-json\/wp\/v2\/pages"}],"about":[{"href":"https:\/\/darwinforever.com\/index.php\/wp-json\/wp\/v2\/types\/page"}],"author":[{"embeddable":true,"href":"https:\/\/darwinforever.com\/index.php\/wp-json\/wp\/v2\/users\/16"}],"replies":[{"embeddable":true,"href":"https:\/\/darwinforever.com\/index.php\/wp-json\/wp\/v2\/comments?post=4575"}],"version-history":[{"count":5,"href":"https:\/\/darwinforever.com\/index.php\/wp-json\/wp\/v2\/pages\/4575\/revisions"}],"predecessor-version":[{"id":4588,"href":"https:\/\/darwinforever.com\/index.php\/wp-json\/wp\/v2\/pages\/4575\/revisions\/4588"}],"wp:attachment":[{"href":"https:\/\/darwinforever.com\/index.php\/wp-json\/wp\/v2\/media?parent=4575"}],"curies":[{"name":"wp","href":"https:\/\/api.w.org\/{rel}","templated":true}]}}