{"id":4113,"date":"2023-02-10T20:20:52","date_gmt":"2023-02-10T19:20:52","guid":{"rendered":"https:\/\/darwinforever.com\/?page_id=4113"},"modified":"2023-02-10T20:39:10","modified_gmt":"2023-02-10T19:39:10","slug":"st-valentin-des-animaux-abandonnes","status":"publish","type":"page","link":"https:\/\/darwinforever.com\/index.php\/st-valentin-des-animaux-abandonnes\/","title":{"rendered":"St Valentin des Animaux&#8230;Abandonn\u00e9s"},"content":{"rendered":"\n<p>Le 14 f\u00e9vrier est devenu une date importante pour la Team pour c\u00e9l\u00e9brer &#8221; la St Valentin des Animaux&#8221; <\/p>\n\n\n\n<p>En 2021, nos jeunes b\u00e9n\u00e9voles ont cr\u00e9\u00e9 une chanson de sensibilisation, pr\u00e9cis\u00e9ment ils ont r\u00e9adapt\u00e9 la Chanson \u00ab\u00a0SAVOIR AIMER\u00a0\u00bb de Florent PAGNY en<strong>  \u00ab\u00a0SAVOIR AIMER LES ANIMAUX DES REFUGES\u00a0\u00bb<\/strong> \u00a0car souvent les animaux abandonn\u00e9s sont peu aim\u00e9s, car ils sont vieux, soi-disant m\u00e9chants qui est une fausse id\u00e9e et ils ont voulu faire un petit rappel de ne pas les abandonner aussi s\u2019occuper d\u2019eux etc <\/p>\n\n\n\n<p><strong>Actions group\u00e9es par nos membres b\u00e9n\u00e9voles :<\/strong><\/p>\n\n\n\n<p>Texte\u00a0: Mathilde, 13 ans, Prescillia 18 ans, Carmen 18 ans \ud83d\ude4c\ud83d\ude4c<\/p>\n\n\n\n<p>Chant\u00e9e\u00a0par Carmen, 18 ans \ud83d\ude4c\ud83d\ude4c<\/p>\n\n\n\n<figure class=\"wp-block-audio\"><audio controls src=\"https:\/\/darwinforever.com\/wp-content\/uploads\/2023\/02\/Savoir-aimer-version-speciale-Darwin-Forever.mp3\"><\/audio><\/figure>\n\n\n\n<p>Cr\u00e9ation des visuels ci dessous par Lucas 18 ans \ud83d\ude4c\ud83d\ude4c<\/p>\n\n\n\n<figure class=\"wp-block-image size-large\"><img data-recalc-dims=\"1\" loading=\"lazy\" decoding=\"async\" width=\"562\" height=\"1024\" data-orig-file=\"https:\/\/i0.wp.com\/darwinforever.com\/wp-content\/uploads\/2023\/02\/coming-soon-carmen.jpg?fit=703%2C1280&amp;ssl=1\" data-attachment-url=\"https:\/\/darwinforever.com\/index.php\/st-valentin-des-animaux-abandonnes\/coming-soon-carmen-2\/\" data-aspectratio=\"0.55\" data-caption=\"\" data-image-title=\"coming-soon-carmen\" data-image-description=\"\" srcset=\"https:\/\/i0.wp.com\/darwinforever.com\/wp-content\/uploads\/2023\/02\/coming-soon-carmen.jpg?w=703&amp;ssl=1 703w, https:\/\/i0.wp.com\/darwinforever.com\/wp-content\/uploads\/2023\/02\/coming-soon-carmen.jpg?resize=165%2C300&amp;ssl=1 165w, https:\/\/i0.wp.com\/darwinforever.com\/wp-content\/uploads\/2023\/02\/coming-soon-carmen.jpg?resize=562%2C1024&amp;ssl=1 562w\" src=\"https:\/\/i0.wp.com\/darwinforever.com\/wp-content\/uploads\/2023\/02\/coming-soon-carmen.jpg?resize=562%2C1024&#038;ssl=1\" alt=\". .\" class=\"wp-image-4123\"\/><\/figure>\n\n<script type=\"application\/ld+json\">[\n    {\n        \"@context\": \"https:\/\/schema.org\/\",\n        \"@type\": \"ImageObject\",\n        \"contentUrl\": \"https:\/\/darwinforever.com\/wp-content\/uploads\/2023\/02\/coming-soon-carmen.jpg\",\n        \"license\": \"\",\n        \"acquireLicensePage\": \"\"\n    }\n]<\/script>\n\n\n<figure class=\"wp-block-image size-full\"><img data-recalc-dims=\"1\" loading=\"lazy\" decoding=\"async\" width=\"606\" height=\"703\" data-orig-file=\"https:\/\/i0.wp.com\/darwinforever.com\/wp-content\/uploads\/2023\/02\/2-cahnson.jpg?fit=606%2C703&amp;ssl=1\" data-attachment-url=\"https:\/\/darwinforever.com\/index.php\/st-valentin-des-animaux-abandonnes\/2-cahnson\/\" data-aspectratio=\"0.86\" data-caption=\"\" data-image-title=\"2-cahnson\" data-image-description=\"\" srcset=\"https:\/\/i0.wp.com\/darwinforever.com\/wp-content\/uploads\/2023\/02\/2-cahnson.jpg?w=606&amp;ssl=1 606w, https:\/\/i0.wp.com\/darwinforever.com\/wp-content\/uploads\/2023\/02\/2-cahnson.jpg?resize=259%2C300&amp;ssl=1 259w\" src=\"https:\/\/i0.wp.com\/darwinforever.com\/wp-content\/uploads\/2023\/02\/2-cahnson.jpg?resize=606%2C703&#038;ssl=1\" alt=\". .\" class=\"wp-image-4117\"\/><\/figure>\n\n<script type=\"application\/ld+json\">[\n    {\n        \"@context\": \"https:\/\/schema.org\/\",\n        \"@type\": \"ImageObject\",\n        \"contentUrl\": \"https:\/\/darwinforever.com\/wp-content\/uploads\/2023\/02\/2-cahnson.jpg\",\n        \"license\": \"\",\n        \"acquireLicensePage\": \"\"\n    }\n]<\/script>\n\n\n<figure class=\"wp-block-image size-full\"><img data-recalc-dims=\"1\" loading=\"lazy\" decoding=\"async\" width=\"613\" height=\"801\" data-orig-file=\"https:\/\/i0.wp.com\/darwinforever.com\/wp-content\/uploads\/2023\/02\/3-chanson.jpg?fit=613%2C801&amp;ssl=1\" data-attachment-url=\"https:\/\/darwinforever.com\/index.php\/st-valentin-des-animaux-abandonnes\/3-chanson\/\" data-aspectratio=\"0.77\" data-caption=\"\" data-image-title=\"3-chanson\" data-image-description=\"\" srcset=\"https:\/\/i0.wp.com\/darwinforever.com\/wp-content\/uploads\/2023\/02\/3-chanson.jpg?w=613&amp;ssl=1 613w, https:\/\/i0.wp.com\/darwinforever.com\/wp-content\/uploads\/2023\/02\/3-chanson.jpg?resize=230%2C300&amp;ssl=1 230w\" src=\"https:\/\/i0.wp.com\/darwinforever.com\/wp-content\/uploads\/2023\/02\/3-chanson.jpg?resize=613%2C801&#038;ssl=1\" alt=\". .\" class=\"wp-image-4118\"\/><\/figure>\n\n<script type=\"application\/ld+json\">[\n    {\n        \"@context\": \"https:\/\/schema.org\/\",\n        \"@type\": \"ImageObject\",\n        \"contentUrl\": \"https:\/\/darwinforever.com\/wp-content\/uploads\/2023\/02\/3-chanson.jpg\",\n        \"license\": \"\",\n        \"acquireLicensePage\": \"\"\n    }\n]<\/script>\n\n\n<figure class=\"wp-block-image size-large\"><img data-recalc-dims=\"1\" loading=\"lazy\" decoding=\"async\" width=\"585\" height=\"1024\" data-orig-file=\"https:\/\/i0.wp.com\/darwinforever.com\/wp-content\/uploads\/2023\/02\/St-VAlentin-des-animaux-OP.jpeg?fit=1080%2C1889&amp;ssl=1\" data-attachment-url=\"https:\/\/darwinforever.com\/index.php\/st-valentin-des-animaux-abandonnes\/st-valentin-des-animaux-op\/\" data-aspectratio=\"0.57\" data-caption=\"\" data-image-title=\"St-VAlentin-des-animaux-OP\" data-image-description=\"\" srcset=\"https:\/\/i0.wp.com\/darwinforever.com\/wp-content\/uploads\/2023\/02\/St-VAlentin-des-animaux-OP.jpeg?w=1080&amp;ssl=1 1080w, https:\/\/i0.wp.com\/darwinforever.com\/wp-content\/uploads\/2023\/02\/St-VAlentin-des-animaux-OP.jpeg?resize=172%2C300&amp;ssl=1 172w, https:\/\/i0.wp.com\/darwinforever.com\/wp-content\/uploads\/2023\/02\/St-VAlentin-des-animaux-OP.jpeg?resize=585%2C1024&amp;ssl=1 585w, https:\/\/i0.wp.com\/darwinforever.com\/wp-content\/uploads\/2023\/02\/St-VAlentin-des-animaux-OP.jpeg?resize=768%2C1343&amp;ssl=1 768w, https:\/\/i0.wp.com\/darwinforever.com\/wp-content\/uploads\/2023\/02\/St-VAlentin-des-animaux-OP.jpeg?resize=878%2C1536&amp;ssl=1 878w\" src=\"https:\/\/i0.wp.com\/darwinforever.com\/wp-content\/uploads\/2023\/02\/St-VAlentin-des-animaux-OP.jpeg?resize=585%2C1024&#038;ssl=1\" alt=\". .\" class=\"wp-image-4114\"\/><\/figure>\n\n<script type=\"application\/ld+json\">[\n    {\n        \"@context\": \"https:\/\/schema.org\/\",\n        \"@type\": \"ImageObject\",\n        \"contentUrl\": \"https:\/\/darwinforever.com\/wp-content\/uploads\/2023\/02\/St-VAlentin-des-animaux-OP.jpeg\",\n        \"license\": \"\",\n        \"acquireLicensePage\": \"\"\n    }\n]<\/script>\n\n","protected":false},"excerpt":{"rendered":"<p>Le 14 f\u00e9vrier est devenu une date importante pour la Team pour c\u00e9l\u00e9brer &#8221; la St Valentin des Animaux&#8221; En 2021, nos jeunes b\u00e9n\u00e9voles ont cr\u00e9\u00e9 une chanson de sensibilisation,<\/p><\/div>\n<div class=\"blog-btn\"><a href=\"https:\/\/darwinforever.com\/index.php\/st-valentin-des-animaux-abandonnes\/\" class=\"home-blog-btn\">Lire la suite<\/a><\/p>\n","protected":false},"author":1,"featured_media":0,"parent":0,"menu_order":0,"comment_status":"closed","ping_status":"closed","template":"","meta":{"_bbp_topic_count":0,"_bbp_reply_count":0,"_bbp_total_topic_count":0,"_bbp_total_reply_count":0,"_bbp_voice_count":0,"_bbp_anonymous_reply_count":0,"_bbp_topic_count_hidden":0,"_bbp_reply_count_hidden":0,"_bbp_forum_subforum_count":0,"jetpack_post_was_ever_published":false,"footnotes":""},"class_list":["post-4113","page","type-page","status-publish","hentry"],"yoast_head":"<!-- This site is optimized with the Yoast SEO plugin v27.4 - https:\/\/yoast.com\/product\/yoast-seo-wordpress\/ -->\n<title>St Valentin des Animaux...Abandonn\u00e9s - Darwin Forever<\/title>\n<meta name=\"robots\" content=\"index, follow, max-snippet:-1, max-image-preview:large, max-video-preview:-1\" \/>\n<link rel=\"canonical\" href=\"https:\/\/darwinforever.com\/index.php\/st-valentin-des-animaux-abandonnes\/\" \/>\n<meta property=\"og:locale\" content=\"fr_FR\" \/>\n<meta property=\"og:type\" content=\"article\" \/>\n<meta property=\"og:title\" content=\"St Valentin des Animaux...Abandonn\u00e9s - Darwin Forever\" \/>\n<meta property=\"og:description\" content=\"Le 14 f\u00e9vrier est devenu une date importante pour la Team pour c\u00e9l\u00e9brer &#8221; la St Valentin des Animaux&#8221; En 2021, nos jeunes b\u00e9n\u00e9voles ont cr\u00e9\u00e9 une chanson de sensibilisation,Lire la suite\" \/>\n<meta property=\"og:url\" content=\"https:\/\/darwinforever.com\/index.php\/st-valentin-des-animaux-abandonnes\/\" \/>\n<meta property=\"og:site_name\" content=\"Darwin Forever\" \/>\n<meta property=\"article:publisher\" content=\"https:\/\/www.facebook.com\/darwinforever06\/\" \/>\n<meta property=\"article:modified_time\" content=\"2023-02-10T19:39:10+00:00\" \/>\n<meta property=\"og:image\" content=\"https:\/\/darwinforever.com\/wp-content\/uploads\/2023\/02\/coming-soon-carmen-562x1024.jpg\" \/>\n<meta name=\"twitter:card\" content=\"summary_large_image\" \/>\n<meta name=\"twitter:label1\" content=\"Dur\u00e9e de lecture estim\u00e9e\" \/>\n\t<meta name=\"twitter:data1\" content=\"2 minutes\" \/>\n<script type=\"application\/ld+json\" class=\"yoast-schema-graph\">{\"@context\":\"https:\\\/\\\/schema.org\",\"@graph\":[{\"@type\":\"WebPage\",\"@id\":\"https:\\\/\\\/darwinforever.com\\\/index.php\\\/st-valentin-des-animaux-abandonnes\\\/\",\"url\":\"https:\\\/\\\/darwinforever.com\\\/index.php\\\/st-valentin-des-animaux-abandonnes\\\/\",\"name\":\"St Valentin des Animaux...Abandonn\u00e9s - Darwin Forever\",\"isPartOf\":{\"@id\":\"https:\\\/\\\/darwinforever.com\\\/#website\"},\"primaryImageOfPage\":{\"@id\":\"https:\\\/\\\/darwinforever.com\\\/index.php\\\/st-valentin-des-animaux-abandonnes\\\/#primaryimage\"},\"image\":{\"@id\":\"https:\\\/\\\/darwinforever.com\\\/index.php\\\/st-valentin-des-animaux-abandonnes\\\/#primaryimage\"},\"thumbnailUrl\":\"https:\\\/\\\/darwinforever.com\\\/wp-content\\\/uploads\\\/2023\\\/02\\\/coming-soon-carmen-562x1024.jpg\",\"datePublished\":\"2023-02-10T19:20:52+00:00\",\"dateModified\":\"2023-02-10T19:39:10+00:00\",\"breadcrumb\":{\"@id\":\"https:\\\/\\\/darwinforever.com\\\/index.php\\\/st-valentin-des-animaux-abandonnes\\\/#breadcrumb\"},\"inLanguage\":\"fr-FR\",\"potentialAction\":[{\"@type\":\"ReadAction\",\"target\":[\"https:\\\/\\\/darwinforever.com\\\/index.php\\\/st-valentin-des-animaux-abandonnes\\\/\"]}]},{\"@type\":\"ImageObject\",\"inLanguage\":\"fr-FR\",\"@id\":\"https:\\\/\\\/darwinforever.com\\\/index.php\\\/st-valentin-des-animaux-abandonnes\\\/#primaryimage\",\"url\":\"https:\\\/\\\/i0.wp.com\\\/darwinforever.com\\\/wp-content\\\/uploads\\\/2023\\\/02\\\/coming-soon-carmen.jpg?fit=703%2C1280&ssl=1\",\"contentUrl\":\"https:\\\/\\\/i0.wp.com\\\/darwinforever.com\\\/wp-content\\\/uploads\\\/2023\\\/02\\\/coming-soon-carmen.jpg?fit=703%2C1280&ssl=1\",\"width\":703,\"height\":1280,\"caption\":\". .\"},{\"@type\":\"BreadcrumbList\",\"@id\":\"https:\\\/\\\/darwinforever.com\\\/index.php\\\/st-valentin-des-animaux-abandonnes\\\/#breadcrumb\",\"itemListElement\":[{\"@type\":\"ListItem\",\"position\":1,\"name\":\"Accueil\",\"item\":\"https:\\\/\\\/darwinforever.com\\\/\"},{\"@type\":\"ListItem\",\"position\":2,\"name\":\"St Valentin des Animaux&#8230;Abandonn\u00e9s\"}]},{\"@type\":\"WebSite\",\"@id\":\"https:\\\/\\\/darwinforever.com\\\/#website\",\"url\":\"https:\\\/\\\/darwinforever.com\\\/\",\"name\":\"Darwin Forever\",\"description\":\"Communaut\u00e9 de Jeunes Engag\u00e9s en faveur des Animaux et de leur Environnement\",\"publisher\":{\"@id\":\"https:\\\/\\\/darwinforever.com\\\/#organization\"},\"potentialAction\":[{\"@type\":\"SearchAction\",\"target\":{\"@type\":\"EntryPoint\",\"urlTemplate\":\"https:\\\/\\\/darwinforever.com\\\/?s={search_term_string}\"},\"query-input\":{\"@type\":\"PropertyValueSpecification\",\"valueRequired\":true,\"valueName\":\"search_term_string\"}}],\"inLanguage\":\"fr-FR\"},{\"@type\":\"Organization\",\"@id\":\"https:\\\/\\\/darwinforever.com\\\/#organization\",\"name\":\"Darwin Forever\",\"url\":\"https:\\\/\\\/darwinforever.com\\\/\",\"logo\":{\"@type\":\"ImageObject\",\"inLanguage\":\"fr-FR\",\"@id\":\"https:\\\/\\\/darwinforever.com\\\/#\\\/schema\\\/logo\\\/image\\\/\",\"url\":\"https:\\\/\\\/i0.wp.com\\\/darwinforever.com\\\/wp-content\\\/uploads\\\/2020\\\/11\\\/cropped-cropped-Logo-Darwin-Forever-scaled-1.jpg?fit=210%2C184&ssl=1\",\"contentUrl\":\"https:\\\/\\\/i0.wp.com\\\/darwinforever.com\\\/wp-content\\\/uploads\\\/2020\\\/11\\\/cropped-cropped-Logo-Darwin-Forever-scaled-1.jpg?fit=210%2C184&ssl=1\",\"width\":210,\"height\":184,\"caption\":\"Darwin Forever\"},\"image\":{\"@id\":\"https:\\\/\\\/darwinforever.com\\\/#\\\/schema\\\/logo\\\/image\\\/\"},\"sameAs\":[\"https:\\\/\\\/www.facebook.com\\\/darwinforever06\\\/\",\"https:\\\/\\\/www.youtube.com\\\/channel\\\/UC0zCalAVmu2K_Xj4BMlfciA\"]}]}<\/script>\n<!-- \/ Yoast SEO plugin. -->","yoast_head_json":{"title":"St Valentin des Animaux...Abandonn\u00e9s - Darwin Forever","robots":{"index":"index","follow":"follow","max-snippet":"max-snippet:-1","max-image-preview":"max-image-preview:large","max-video-preview":"max-video-preview:-1"},"canonical":"https:\/\/darwinforever.com\/index.php\/st-valentin-des-animaux-abandonnes\/","og_locale":"fr_FR","og_type":"article","og_title":"St Valentin des Animaux...Abandonn\u00e9s - Darwin Forever","og_description":"Le 14 f\u00e9vrier est devenu une date importante pour la Team pour c\u00e9l\u00e9brer &#8221; la St Valentin des Animaux&#8221; En 2021, nos jeunes b\u00e9n\u00e9voles ont cr\u00e9\u00e9 une chanson de sensibilisation,Lire la suite","og_url":"https:\/\/darwinforever.com\/index.php\/st-valentin-des-animaux-abandonnes\/","og_site_name":"Darwin Forever","article_publisher":"https:\/\/www.facebook.com\/darwinforever06\/","article_modified_time":"2023-02-10T19:39:10+00:00","og_image":[{"url":"https:\/\/darwinforever.com\/wp-content\/uploads\/2023\/02\/coming-soon-carmen-562x1024.jpg","type":"","width":"","height":""}],"twitter_card":"summary_large_image","twitter_misc":{"Dur\u00e9e de lecture estim\u00e9e":"2 minutes"},"schema":{"@context":"https:\/\/schema.org","@graph":[{"@type":"WebPage","@id":"https:\/\/darwinforever.com\/index.php\/st-valentin-des-animaux-abandonnes\/","url":"https:\/\/darwinforever.com\/index.php\/st-valentin-des-animaux-abandonnes\/","name":"St Valentin des Animaux...Abandonn\u00e9s - Darwin Forever","isPartOf":{"@id":"https:\/\/darwinforever.com\/#website"},"primaryImageOfPage":{"@id":"https:\/\/darwinforever.com\/index.php\/st-valentin-des-animaux-abandonnes\/#primaryimage"},"image":{"@id":"https:\/\/darwinforever.com\/index.php\/st-valentin-des-animaux-abandonnes\/#primaryimage"},"thumbnailUrl":"https:\/\/darwinforever.com\/wp-content\/uploads\/2023\/02\/coming-soon-carmen-562x1024.jpg","datePublished":"2023-02-10T19:20:52+00:00","dateModified":"2023-02-10T19:39:10+00:00","breadcrumb":{"@id":"https:\/\/darwinforever.com\/index.php\/st-valentin-des-animaux-abandonnes\/#breadcrumb"},"inLanguage":"fr-FR","potentialAction":[{"@type":"ReadAction","target":["https:\/\/darwinforever.com\/index.php\/st-valentin-des-animaux-abandonnes\/"]}]},{"@type":"ImageObject","inLanguage":"fr-FR","@id":"https:\/\/darwinforever.com\/index.php\/st-valentin-des-animaux-abandonnes\/#primaryimage","url":"https:\/\/i0.wp.com\/darwinforever.com\/wp-content\/uploads\/2023\/02\/coming-soon-carmen.jpg?fit=703%2C1280&ssl=1","contentUrl":"https:\/\/i0.wp.com\/darwinforever.com\/wp-content\/uploads\/2023\/02\/coming-soon-carmen.jpg?fit=703%2C1280&ssl=1","width":703,"height":1280,"caption":". ."},{"@type":"BreadcrumbList","@id":"https:\/\/darwinforever.com\/index.php\/st-valentin-des-animaux-abandonnes\/#breadcrumb","itemListElement":[{"@type":"ListItem","position":1,"name":"Accueil","item":"https:\/\/darwinforever.com\/"},{"@type":"ListItem","position":2,"name":"St Valentin des Animaux&#8230;Abandonn\u00e9s"}]},{"@type":"WebSite","@id":"https:\/\/darwinforever.com\/#website","url":"https:\/\/darwinforever.com\/","name":"Darwin Forever","description":"Communaut\u00e9 de Jeunes Engag\u00e9s en faveur des Animaux et de leur Environnement","publisher":{"@id":"https:\/\/darwinforever.com\/#organization"},"potentialAction":[{"@type":"SearchAction","target":{"@type":"EntryPoint","urlTemplate":"https:\/\/darwinforever.com\/?s={search_term_string}"},"query-input":{"@type":"PropertyValueSpecification","valueRequired":true,"valueName":"search_term_string"}}],"inLanguage":"fr-FR"},{"@type":"Organization","@id":"https:\/\/darwinforever.com\/#organization","name":"Darwin Forever","url":"https:\/\/darwinforever.com\/","logo":{"@type":"ImageObject","inLanguage":"fr-FR","@id":"https:\/\/darwinforever.com\/#\/schema\/logo\/image\/","url":"https:\/\/i0.wp.com\/darwinforever.com\/wp-content\/uploads\/2020\/11\/cropped-cropped-Logo-Darwin-Forever-scaled-1.jpg?fit=210%2C184&ssl=1","contentUrl":"https:\/\/i0.wp.com\/darwinforever.com\/wp-content\/uploads\/2020\/11\/cropped-cropped-Logo-Darwin-Forever-scaled-1.jpg?fit=210%2C184&ssl=1","width":210,"height":184,"caption":"Darwin Forever"},"image":{"@id":"https:\/\/darwinforever.com\/#\/schema\/logo\/image\/"},"sameAs":["https:\/\/www.facebook.com\/darwinforever06\/","https:\/\/www.youtube.com\/channel\/UC0zCalAVmu2K_Xj4BMlfciA"]}]}},"jetpack_sharing_enabled":true,"jetpack_likes_enabled":true,"_links":{"self":[{"href":"https:\/\/darwinforever.com\/index.php\/wp-json\/wp\/v2\/pages\/4113","targetHints":{"allow":["GET"]}}],"collection":[{"href":"https:\/\/darwinforever.com\/index.php\/wp-json\/wp\/v2\/pages"}],"about":[{"href":"https:\/\/darwinforever.com\/index.php\/wp-json\/wp\/v2\/types\/page"}],"author":[{"embeddable":true,"href":"https:\/\/darwinforever.com\/index.php\/wp-json\/wp\/v2\/users\/1"}],"replies":[{"embeddable":true,"href":"https:\/\/darwinforever.com\/index.php\/wp-json\/wp\/v2\/comments?post=4113"}],"version-history":[{"count":5,"href":"https:\/\/darwinforever.com\/index.php\/wp-json\/wp\/v2\/pages\/4113\/revisions"}],"predecessor-version":[{"id":4126,"href":"https:\/\/darwinforever.com\/index.php\/wp-json\/wp\/v2\/pages\/4113\/revisions\/4126"}],"wp:attachment":[{"href":"https:\/\/darwinforever.com\/index.php\/wp-json\/wp\/v2\/media?parent=4113"}],"curies":[{"name":"wp","href":"https:\/\/api.w.org\/{rel}","templated":true}]}}