{"id":2621,"date":"2021-04-07T18:38:22","date_gmt":"2021-04-07T16:38:22","guid":{"rendered":"https:\/\/darwinforever.com\/?page_id=2621"},"modified":"2021-09-10T10:21:02","modified_gmt":"2021-09-10T08:21:02","slug":"affiche-du-concours-imagine-un-monde","status":"publish","type":"page","link":"https:\/\/darwinforever.com\/index.php\/affiche-du-concours-imagine-un-monde\/","title":{"rendered":"Concours de Dessin &#038; Cr\u00e9ation Graphique"},"content":{"rendered":"\n<h2 class=\"has-text-align-center wp-block-heading\">&#8220;Imagine un Monde&#8221;<\/h2>\n\n\n\n<figure class=\"wp-block-pullquote\" style=\"border-color:#00d084\"><blockquote><p><strong>Merci \u00e0 vous tous, aux enfants et aux adultes, on a d\u00e9j\u00e0 vu de tr\u00e8s beaux dessins &amp; cr\u00e9ations graphiques. bravo \u00e0 tous \ud83d\ude4c, notre jury aura la grande mission de noter vos dessins. <\/strong><\/p><p><strong>RDV pour les r\u00e9sultats au 16 octobre 2021<\/strong> <strong> \ud83d\ude4f\u2728<\/strong><\/p><p><\/p><\/blockquote><\/figure>\n\n\n<div class=\"epyt-video-wrapper\"><iframe loading=\"lazy\"  id=\"_ytid_39863\"  width=\"696\" height=\"392\"  data-origwidth=\"696\" data-origheight=\"392\" src=\"https:\/\/www.youtube.com\/embed\/5GhWa5QiWfs?enablejsapi=1&#038;autoplay=0&#038;cc_load_policy=0&#038;cc_lang_pref=&#038;iv_load_policy=1&#038;loop=0&#038;rel=1&#038;fs=1&#038;playsinline=0&#038;autohide=2&#038;theme=dark&#038;color=red&#038;controls=1&#038;disablekb=0&#038;\" class=\"__youtube_prefs__  no-lazyload\" title=\"YouTube player\"  allow=\"fullscreen; accelerometer; autoplay; clipboard-write; encrypted-media; gyroscope; picture-in-picture; web-share\" referrerpolicy=\"strict-origin-when-cross-origin\" allowfullscreen data-no-lazy=\"1\" data-skipgform_ajax_framebjll=\"\"><\/iframe><\/div>\n\n\n<p><strong>POUR PARTICIPER :<\/strong><\/p>\n\n\n\n<ul class=\"wp-block-list\"><li><strong>Etape 1&nbsp;:<\/strong> Inscription et<a href=\"https:\/\/darwinforever.com\/index.php\/register\/\"> cr\u00e9ation de son profil utilisateur<\/a><br><\/li><li><strong>Etape 2&nbsp;:<\/strong> Allez sur la page <a href=\"https:\/\/darwinforever.com\/index.php\/televerser-vos-dessins\/\">https:\/\/darwinforever.com\/index.php\/televerser-vos-dessins\/<\/a><br>Cochez la case : Oui, j\u2019accepte les conditions du concours de dessin et si vous \u00eates mineur(e) cochez la case : Oui, j\u2019accepte les conditions du concours de dessin avec l\u2019autorisation parentale (obligatoire)<br><\/li><li><strong>Etape 3&nbsp;:<\/strong> <strong>S\u00e9lectionnez et t\u00e9l\u00e9versez vos dessins<\/strong> <br>Cliquez sur \u00ab <em><strong>ajouter <\/strong><\/em>\u00bb et s\u00e9lectionnez le fichier de votre dessin ou utilisez la cam\u00e9ra du t\u00e9l\u00e9phone pour prendre en photo votre dessin, puis cliquez sur \u00ab mettre en ligne \u00bb<br><\/li><li><strong>BONNE CHANCE A VOUS TOUS! <\/strong><br>si vous avez une question, n&#8217;h\u00e9sitez pas \u00e0 nous envoyer un mail <strong>&#x63;&#111;n&#x63;&#x6f;&#117;r&#x73;&#x40;&#100;a&#x72;&#119;i&#x6e;&#x66;&#111;r&#x65;&#x76;&#101;r&#x2e;&#99;&#111;&#x6d;<\/strong> <br><strong>Team Darwin Forever \u2764\ufe0f\ud83d\udc3e\ud83c\udf33\ud83c\udf0e\u2764\ufe0f<\/strong><\/li><\/ul>\n\n\n\n<p><em>Attention, si l\u2019un des \u00e9l\u00e9ments cit\u00e9 ci-dessus est manquant alors la participation ne sera pas accept\u00e9e.<br>Toute d\u00e9claration mensong\u00e8re d\u2019un participant entra\u00eenera son exclusion d\u00e9finitive du pr\u00e9sent concours sans que la responsabilit\u00e9 des organisateurs puissent \u00eatre engag\u00e9e.<\/em> <\/p>\n\n\n\n<div class=\"wp-block-image\"><figure class=\"aligncenter size-large\"><img data-recalc-dims=\"1\" loading=\"lazy\" decoding=\"async\" width=\"696\" height=\"984\" data-orig-file=\"https:\/\/i0.wp.com\/darwinforever.com\/wp-content\/uploads\/2021\/05\/Affiche-du-concours-Darwin-Forever-IMAGINE-UN-MONDE.jpg?fit=1440%2C2037&amp;ssl=1\" data-attachment-url=\"https:\/\/darwinforever.com\/index.php\/affiche-du-concours-imagine-un-monde\/affiche-du-concours-darwin-forever-imagine-un-monde\/\" data-aspectratio=\"0.71\" data-caption=\"\" data-image-title=\"Affiche-du-concours-Darwin-Forever-IMAGINE-UN-MONDE\" data-image-description=\"\" srcset=\"https:\/\/i0.wp.com\/darwinforever.com\/wp-content\/uploads\/2021\/05\/Affiche-du-concours-Darwin-Forever-IMAGINE-UN-MONDE.jpg?w=1440&amp;ssl=1 1440w, https:\/\/i0.wp.com\/darwinforever.com\/wp-content\/uploads\/2021\/05\/Affiche-du-concours-Darwin-Forever-IMAGINE-UN-MONDE.jpg?resize=212%2C300&amp;ssl=1 212w, https:\/\/i0.wp.com\/darwinforever.com\/wp-content\/uploads\/2021\/05\/Affiche-du-concours-Darwin-Forever-IMAGINE-UN-MONDE.jpg?resize=724%2C1024&amp;ssl=1 724w, https:\/\/i0.wp.com\/darwinforever.com\/wp-content\/uploads\/2021\/05\/Affiche-du-concours-Darwin-Forever-IMAGINE-UN-MONDE.jpg?resize=768%2C1086&amp;ssl=1 768w, https:\/\/i0.wp.com\/darwinforever.com\/wp-content\/uploads\/2021\/05\/Affiche-du-concours-Darwin-Forever-IMAGINE-UN-MONDE.jpg?resize=1086%2C1536&amp;ssl=1 1086w\" src=\"https:\/\/i0.wp.com\/darwinforever.com\/wp-content\/uploads\/2021\/05\/Affiche-du-concours-Darwin-Forever-IMAGINE-UN-MONDE.jpg?resize=696%2C984&#038;ssl=1\" alt=\". .\" class=\"wp-image-2772\"\/><\/figure><\/div>\n\n<script type=\"application\/ld+json\">[\n    {\n        \"@context\": \"https:\/\/schema.org\/\",\n        \"@type\": \"ImageObject\",\n        \"contentUrl\": \"https:\/\/darwinforever.com\/wp-content\/uploads\/2021\/05\/Affiche-du-concours-Darwin-Forever-IMAGINE-UN-MONDE.jpg\",\n        \"license\": \"\",\n        \"acquireLicensePage\": \"\"\n    }\n]<\/script>","protected":false},"excerpt":{"rendered":"<p>&#8220;Imagine un Monde&#8221; Merci \u00e0 vous tous, aux enfants et aux adultes, on a d\u00e9j\u00e0 vu de tr\u00e8s beaux dessins &amp; cr\u00e9ations graphiques. bravo \u00e0 tous \ud83d\ude4c, notre jury aura<\/p><\/div>\n<div class=\"blog-btn\"><a href=\"https:\/\/darwinforever.com\/index.php\/affiche-du-concours-imagine-un-monde\/\" class=\"home-blog-btn\">Lire la suite<\/a><\/p>\n","protected":false},"author":5,"featured_media":0,"parent":0,"menu_order":0,"comment_status":"closed","ping_status":"closed","template":"","meta":{"_bbp_topic_count":0,"_bbp_reply_count":0,"_bbp_total_topic_count":0,"_bbp_total_reply_count":0,"_bbp_voice_count":0,"_bbp_anonymous_reply_count":0,"_bbp_topic_count_hidden":0,"_bbp_reply_count_hidden":0,"_bbp_forum_subforum_count":0,"jetpack_post_was_ever_published":false,"footnotes":""},"class_list":["post-2621","page","type-page","status-publish","hentry"],"yoast_head":"<!-- This site is optimized with the Yoast SEO plugin v27.3 - https:\/\/yoast.com\/product\/yoast-seo-wordpress\/ -->\n<title>Concours de Dessin &amp; Cr\u00e9ation Graphique - Darwin Forever<\/title>\n<meta name=\"robots\" content=\"index, follow, max-snippet:-1, max-image-preview:large, max-video-preview:-1\" \/>\n<link rel=\"canonical\" href=\"https:\/\/darwinforever.com\/index.php\/affiche-du-concours-imagine-un-monde\/\" \/>\n<meta property=\"og:locale\" content=\"fr_FR\" \/>\n<meta property=\"og:type\" content=\"article\" \/>\n<meta property=\"og:title\" content=\"Concours de Dessin &amp; Cr\u00e9ation Graphique - Darwin Forever\" \/>\n<meta property=\"og:description\" content=\"&#8220;Imagine un Monde&#8221; Merci \u00e0 vous tous, aux enfants et aux adultes, on a d\u00e9j\u00e0 vu de tr\u00e8s beaux dessins &amp; cr\u00e9ations graphiques. bravo \u00e0 tous \ud83d\ude4c, notre jury auraLire la suite\" \/>\n<meta property=\"og:url\" content=\"https:\/\/darwinforever.com\/index.php\/affiche-du-concours-imagine-un-monde\/\" \/>\n<meta property=\"og:site_name\" content=\"Darwin Forever\" \/>\n<meta property=\"article:publisher\" content=\"https:\/\/www.facebook.com\/darwinforever06\/\" \/>\n<meta property=\"article:modified_time\" content=\"2021-09-10T08:21:02+00:00\" \/>\n<meta property=\"og:image\" content=\"https:\/\/darwinforever.com\/wp-content\/uploads\/2021\/05\/Affiche-du-concours-Darwin-Forever-IMAGINE-UN-MONDE-724x1024.jpg\" \/>\n<meta name=\"twitter:card\" content=\"summary_large_image\" \/>\n<meta name=\"twitter:label1\" content=\"Dur\u00e9e de lecture estim\u00e9e\" \/>\n\t<meta name=\"twitter:data1\" content=\"2 minutes\" \/>\n<script type=\"application\/ld+json\" class=\"yoast-schema-graph\">{\"@context\":\"https:\\\/\\\/schema.org\",\"@graph\":[{\"@type\":\"WebPage\",\"@id\":\"https:\\\/\\\/darwinforever.com\\\/index.php\\\/affiche-du-concours-imagine-un-monde\\\/\",\"url\":\"https:\\\/\\\/darwinforever.com\\\/index.php\\\/affiche-du-concours-imagine-un-monde\\\/\",\"name\":\"Concours de Dessin & Cr\u00e9ation Graphique - Darwin Forever\",\"isPartOf\":{\"@id\":\"https:\\\/\\\/darwinforever.com\\\/#website\"},\"primaryImageOfPage\":{\"@id\":\"https:\\\/\\\/darwinforever.com\\\/index.php\\\/affiche-du-concours-imagine-un-monde\\\/#primaryimage\"},\"image\":{\"@id\":\"https:\\\/\\\/darwinforever.com\\\/index.php\\\/affiche-du-concours-imagine-un-monde\\\/#primaryimage\"},\"thumbnailUrl\":\"https:\\\/\\\/darwinforever.com\\\/wp-content\\\/uploads\\\/2021\\\/05\\\/Affiche-du-concours-Darwin-Forever-IMAGINE-UN-MONDE-724x1024.jpg\",\"datePublished\":\"2021-04-07T16:38:22+00:00\",\"dateModified\":\"2021-09-10T08:21:02+00:00\",\"breadcrumb\":{\"@id\":\"https:\\\/\\\/darwinforever.com\\\/index.php\\\/affiche-du-concours-imagine-un-monde\\\/#breadcrumb\"},\"inLanguage\":\"fr-FR\",\"potentialAction\":[{\"@type\":\"ReadAction\",\"target\":[\"https:\\\/\\\/darwinforever.com\\\/index.php\\\/affiche-du-concours-imagine-un-monde\\\/\"]}]},{\"@type\":\"ImageObject\",\"inLanguage\":\"fr-FR\",\"@id\":\"https:\\\/\\\/darwinforever.com\\\/index.php\\\/affiche-du-concours-imagine-un-monde\\\/#primaryimage\",\"url\":\"https:\\\/\\\/i0.wp.com\\\/darwinforever.com\\\/wp-content\\\/uploads\\\/2021\\\/05\\\/Affiche-du-concours-Darwin-Forever-IMAGINE-UN-MONDE.jpg?fit=1440%2C2037&ssl=1\",\"contentUrl\":\"https:\\\/\\\/i0.wp.com\\\/darwinforever.com\\\/wp-content\\\/uploads\\\/2021\\\/05\\\/Affiche-du-concours-Darwin-Forever-IMAGINE-UN-MONDE.jpg?fit=1440%2C2037&ssl=1\",\"width\":1440,\"height\":2037,\"caption\":\". .\"},{\"@type\":\"BreadcrumbList\",\"@id\":\"https:\\\/\\\/darwinforever.com\\\/index.php\\\/affiche-du-concours-imagine-un-monde\\\/#breadcrumb\",\"itemListElement\":[{\"@type\":\"ListItem\",\"position\":1,\"name\":\"Accueil\",\"item\":\"https:\\\/\\\/darwinforever.com\\\/\"},{\"@type\":\"ListItem\",\"position\":2,\"name\":\"Concours de Dessin &#038; Cr\u00e9ation Graphique\"}]},{\"@type\":\"WebSite\",\"@id\":\"https:\\\/\\\/darwinforever.com\\\/#website\",\"url\":\"https:\\\/\\\/darwinforever.com\\\/\",\"name\":\"Darwin Forever\",\"description\":\"Communaut\u00e9 de Jeunes Engag\u00e9s en faveur des Animaux et de leur Environnement\",\"publisher\":{\"@id\":\"https:\\\/\\\/darwinforever.com\\\/#organization\"},\"potentialAction\":[{\"@type\":\"SearchAction\",\"target\":{\"@type\":\"EntryPoint\",\"urlTemplate\":\"https:\\\/\\\/darwinforever.com\\\/?s={search_term_string}\"},\"query-input\":{\"@type\":\"PropertyValueSpecification\",\"valueRequired\":true,\"valueName\":\"search_term_string\"}}],\"inLanguage\":\"fr-FR\"},{\"@type\":\"Organization\",\"@id\":\"https:\\\/\\\/darwinforever.com\\\/#organization\",\"name\":\"Darwin Forever\",\"url\":\"https:\\\/\\\/darwinforever.com\\\/\",\"logo\":{\"@type\":\"ImageObject\",\"inLanguage\":\"fr-FR\",\"@id\":\"https:\\\/\\\/darwinforever.com\\\/#\\\/schema\\\/logo\\\/image\\\/\",\"url\":\"https:\\\/\\\/i0.wp.com\\\/darwinforever.com\\\/wp-content\\\/uploads\\\/2020\\\/11\\\/cropped-cropped-Logo-Darwin-Forever-scaled-1.jpg?fit=210%2C184&ssl=1\",\"contentUrl\":\"https:\\\/\\\/i0.wp.com\\\/darwinforever.com\\\/wp-content\\\/uploads\\\/2020\\\/11\\\/cropped-cropped-Logo-Darwin-Forever-scaled-1.jpg?fit=210%2C184&ssl=1\",\"width\":210,\"height\":184,\"caption\":\"Darwin Forever\"},\"image\":{\"@id\":\"https:\\\/\\\/darwinforever.com\\\/#\\\/schema\\\/logo\\\/image\\\/\"},\"sameAs\":[\"https:\\\/\\\/www.facebook.com\\\/darwinforever06\\\/\",\"https:\\\/\\\/www.youtube.com\\\/channel\\\/UC0zCalAVmu2K_Xj4BMlfciA\"]}]}<\/script>\n<!-- \/ Yoast SEO plugin. -->","yoast_head_json":{"title":"Concours de Dessin & Cr\u00e9ation Graphique - Darwin Forever","robots":{"index":"index","follow":"follow","max-snippet":"max-snippet:-1","max-image-preview":"max-image-preview:large","max-video-preview":"max-video-preview:-1"},"canonical":"https:\/\/darwinforever.com\/index.php\/affiche-du-concours-imagine-un-monde\/","og_locale":"fr_FR","og_type":"article","og_title":"Concours de Dessin & Cr\u00e9ation Graphique - Darwin Forever","og_description":"&#8220;Imagine un Monde&#8221; Merci \u00e0 vous tous, aux enfants et aux adultes, on a d\u00e9j\u00e0 vu de tr\u00e8s beaux dessins &amp; cr\u00e9ations graphiques. bravo \u00e0 tous \ud83d\ude4c, notre jury auraLire la suite","og_url":"https:\/\/darwinforever.com\/index.php\/affiche-du-concours-imagine-un-monde\/","og_site_name":"Darwin Forever","article_publisher":"https:\/\/www.facebook.com\/darwinforever06\/","article_modified_time":"2021-09-10T08:21:02+00:00","og_image":[{"url":"https:\/\/darwinforever.com\/wp-content\/uploads\/2021\/05\/Affiche-du-concours-Darwin-Forever-IMAGINE-UN-MONDE-724x1024.jpg","type":"","width":"","height":""}],"twitter_card":"summary_large_image","twitter_misc":{"Dur\u00e9e de lecture estim\u00e9e":"2 minutes"},"schema":{"@context":"https:\/\/schema.org","@graph":[{"@type":"WebPage","@id":"https:\/\/darwinforever.com\/index.php\/affiche-du-concours-imagine-un-monde\/","url":"https:\/\/darwinforever.com\/index.php\/affiche-du-concours-imagine-un-monde\/","name":"Concours de Dessin & Cr\u00e9ation Graphique - Darwin Forever","isPartOf":{"@id":"https:\/\/darwinforever.com\/#website"},"primaryImageOfPage":{"@id":"https:\/\/darwinforever.com\/index.php\/affiche-du-concours-imagine-un-monde\/#primaryimage"},"image":{"@id":"https:\/\/darwinforever.com\/index.php\/affiche-du-concours-imagine-un-monde\/#primaryimage"},"thumbnailUrl":"https:\/\/darwinforever.com\/wp-content\/uploads\/2021\/05\/Affiche-du-concours-Darwin-Forever-IMAGINE-UN-MONDE-724x1024.jpg","datePublished":"2021-04-07T16:38:22+00:00","dateModified":"2021-09-10T08:21:02+00:00","breadcrumb":{"@id":"https:\/\/darwinforever.com\/index.php\/affiche-du-concours-imagine-un-monde\/#breadcrumb"},"inLanguage":"fr-FR","potentialAction":[{"@type":"ReadAction","target":["https:\/\/darwinforever.com\/index.php\/affiche-du-concours-imagine-un-monde\/"]}]},{"@type":"ImageObject","inLanguage":"fr-FR","@id":"https:\/\/darwinforever.com\/index.php\/affiche-du-concours-imagine-un-monde\/#primaryimage","url":"https:\/\/i0.wp.com\/darwinforever.com\/wp-content\/uploads\/2021\/05\/Affiche-du-concours-Darwin-Forever-IMAGINE-UN-MONDE.jpg?fit=1440%2C2037&ssl=1","contentUrl":"https:\/\/i0.wp.com\/darwinforever.com\/wp-content\/uploads\/2021\/05\/Affiche-du-concours-Darwin-Forever-IMAGINE-UN-MONDE.jpg?fit=1440%2C2037&ssl=1","width":1440,"height":2037,"caption":". ."},{"@type":"BreadcrumbList","@id":"https:\/\/darwinforever.com\/index.php\/affiche-du-concours-imagine-un-monde\/#breadcrumb","itemListElement":[{"@type":"ListItem","position":1,"name":"Accueil","item":"https:\/\/darwinforever.com\/"},{"@type":"ListItem","position":2,"name":"Concours de Dessin &#038; Cr\u00e9ation Graphique"}]},{"@type":"WebSite","@id":"https:\/\/darwinforever.com\/#website","url":"https:\/\/darwinforever.com\/","name":"Darwin Forever","description":"Communaut\u00e9 de Jeunes Engag\u00e9s en faveur des Animaux et de leur Environnement","publisher":{"@id":"https:\/\/darwinforever.com\/#organization"},"potentialAction":[{"@type":"SearchAction","target":{"@type":"EntryPoint","urlTemplate":"https:\/\/darwinforever.com\/?s={search_term_string}"},"query-input":{"@type":"PropertyValueSpecification","valueRequired":true,"valueName":"search_term_string"}}],"inLanguage":"fr-FR"},{"@type":"Organization","@id":"https:\/\/darwinforever.com\/#organization","name":"Darwin Forever","url":"https:\/\/darwinforever.com\/","logo":{"@type":"ImageObject","inLanguage":"fr-FR","@id":"https:\/\/darwinforever.com\/#\/schema\/logo\/image\/","url":"https:\/\/i0.wp.com\/darwinforever.com\/wp-content\/uploads\/2020\/11\/cropped-cropped-Logo-Darwin-Forever-scaled-1.jpg?fit=210%2C184&ssl=1","contentUrl":"https:\/\/i0.wp.com\/darwinforever.com\/wp-content\/uploads\/2020\/11\/cropped-cropped-Logo-Darwin-Forever-scaled-1.jpg?fit=210%2C184&ssl=1","width":210,"height":184,"caption":"Darwin Forever"},"image":{"@id":"https:\/\/darwinforever.com\/#\/schema\/logo\/image\/"},"sameAs":["https:\/\/www.facebook.com\/darwinforever06\/","https:\/\/www.youtube.com\/channel\/UC0zCalAVmu2K_Xj4BMlfciA"]}]}},"jetpack_sharing_enabled":true,"jetpack_likes_enabled":true,"_links":{"self":[{"href":"https:\/\/darwinforever.com\/index.php\/wp-json\/wp\/v2\/pages\/2621","targetHints":{"allow":["GET"]}}],"collection":[{"href":"https:\/\/darwinforever.com\/index.php\/wp-json\/wp\/v2\/pages"}],"about":[{"href":"https:\/\/darwinforever.com\/index.php\/wp-json\/wp\/v2\/types\/page"}],"author":[{"embeddable":true,"href":"https:\/\/darwinforever.com\/index.php\/wp-json\/wp\/v2\/users\/5"}],"replies":[{"embeddable":true,"href":"https:\/\/darwinforever.com\/index.php\/wp-json\/wp\/v2\/comments?post=2621"}],"version-history":[{"count":0,"href":"https:\/\/darwinforever.com\/index.php\/wp-json\/wp\/v2\/pages\/2621\/revisions"}],"wp:attachment":[{"href":"https:\/\/darwinforever.com\/index.php\/wp-json\/wp\/v2\/media?parent=2621"}],"curies":[{"name":"wp","href":"https:\/\/api.w.org\/{rel}","templated":true}]}}