{"id":2158,"date":"2020-11-10T18:30:39","date_gmt":"2020-11-10T17:30:39","guid":{"rendered":"https:\/\/darwinforever.com\/?page_id=2158"},"modified":"2024-10-02T10:13:29","modified_gmt":"2024-10-02T08:13:29","slug":"nos-missions","status":"publish","type":"page","link":"https:\/\/darwinforever.com\/index.php\/nos-missions\/","title":{"rendered":"Nos missions"},"content":{"rendered":"\n<p><strong>Rejoignez Darwin Forever, une Association Jeune, Dynamique et Engag\u00e9e pour la Protection des Animaux et de la Nature !<\/strong><\/p>\n\n\n\n<p>Depuis 2016, <strong>Darwin Forever<\/strong> r\u00e9unit des jeunes passionn\u00e9s qui agissent concr\u00e8tement pour sensibiliser le grand public \u00e0 la protection des animaux et de l&#8217;environnement. Les membres de l\u2019association ont men\u00e9 de nombreuses actions telles que des collectes pour les animaux abandonn\u00e9s, des concours de dessins, des ateliers cr\u00e9atifs, et m\u00eame une chronique dans les journaux <em>Nice-Matin<\/em>, <em>Var-Matin<\/em>, et <em>Monaco-Matin<\/em>.<\/p>\n\n\n\n<p>\u00c0 partir de 2021, Darwin Forever a renforc\u00e9 son engagement \u00e0 travers des <strong>projets p\u00e9dagogiques de grande envergure<\/strong> :<\/p>\n\n\n\n<ul class=\"wp-block-list\">\n<li><strong>2021-2022 :<\/strong> Lancement d\u2019un projet de sensibilisation dans toutes les \u00e9coles \u00e9l\u00e9mentaires de la ville de Grasse, ax\u00e9 sur la protection des animaux et de leur environnement.<\/li>\n\n\n\n<li><strong>2022-2023 :<\/strong> Cr\u00e9ation d\u2019une chanson pour prot\u00e9ger les oc\u00e9ans et leurs mammif\u00e8res marins contre la pollution, accompagn\u00e9e d\u2019ateliers de sensibilisation dans les \u00e9coles, magasins, SESSAD, et centres a\u00e9r\u00e9s.<\/li>\n\n\n\n<li><strong>Depuis 2023 :<\/strong> Expansion des ateliers dans des \u00e9coles et \u00e9tablissements partout en France, sensibilisant de plus en plus de jeunes \u00e0 la cause animale et environnementale. Darwin Forever organise des ateliers dans des grandes \u00e9coles telles que <strong>SKEMA Business School<\/strong> et <strong>l&#8217;institut F\u00e9nelon<\/strong>, offrant aux \u00e9tudiants un espace pour d\u00e9couvrir, d\u00e9battre et agir pour la protection de l\u2019environnement et des animaux.<\/li>\n<\/ul>\n\n\n\n<p><strong>Reconnaissance Internationale :<\/strong><br>En 2024, Darwin Forever a eu l\u2019honneur de pr\u00e9senter ses actions lors de prises de parole au <strong>Parlement Europ\u00e9en \u00e0 Bruxelles<\/strong> et \u00e0 l&#8217;<strong>UNESCO \u00e0 Paris<\/strong>, illustrant son r\u00f4le de leader dans la protection de la nature et des animaux. Cet engagement a \u00e9t\u00e9 couronn\u00e9 par un prix prestigieux : <strong>la Plateforme Communautaire Animali\u00e8re et Environnementale la Plus D\u00e9vou\u00e9e en France pour 2024<\/strong>, d\u00e9cern\u00e9 par les Global Business Awards \u00e0 Londres.<\/p>\n\n\n\n<p>En rejoignant <strong>Darwin Forever<\/strong>, vous aurez l\u2019opportunit\u00e9 de vous engager dans des actions concr\u00e8tes pour prot\u00e9ger notre plan\u00e8te, de rencontrer des jeunes motiv\u00e9s qui partagent les m\u00eames valeurs, et de contribuer \u00e0 un monde meilleur pour les g\u00e9n\u00e9rations futures.<\/p>\n\n\n\n<p><strong>Ne tardez plus !<\/strong> Rejoignez l&#8217;association Darwin Forever et ensemble, faisons une diff\u00e9rence pour la nature et les animaux !<\/p>\n\n\n\n<figure class=\"wp-block-image size-large\"><img data-recalc-dims=\"1\" loading=\"lazy\" decoding=\"async\" width=\"696\" height=\"522\" data-orig-file=\"https:\/\/i0.wp.com\/darwinforever.com\/wp-content\/uploads\/2024\/04\/image-1.jpg?fit=1280%2C960&amp;ssl=1\" data-attachment-url=\"https:\/\/darwinforever.com\/index.php\/2023\/10\/04\/nouvelle-collecte-pour-les-animaux-abandonnes-avec-le-club-dados-dantibes\/image-1-5\/\" data-aspectratio=\"1.33\" data-caption=\"\" data-image-title=\"image-1\" data-image-description=\"\" srcset=\"https:\/\/i0.wp.com\/darwinforever.com\/wp-content\/uploads\/2024\/04\/image-1.jpg?w=1280&amp;ssl=1 1280w, https:\/\/i0.wp.com\/darwinforever.com\/wp-content\/uploads\/2024\/04\/image-1.jpg?resize=300%2C225&amp;ssl=1 300w, https:\/\/i0.wp.com\/darwinforever.com\/wp-content\/uploads\/2024\/04\/image-1.jpg?resize=1024%2C768&amp;ssl=1 1024w, https:\/\/i0.wp.com\/darwinforever.com\/wp-content\/uploads\/2024\/04\/image-1.jpg?resize=768%2C576&amp;ssl=1 768w\" src=\"https:\/\/i0.wp.com\/darwinforever.com\/wp-content\/uploads\/2024\/04\/image-1.jpg?resize=696%2C522&#038;ssl=1\" alt=\". .\" class=\"wp-image-4592\"\/><\/figure>\n\n<script type=\"application\/ld+json\">[\n    {\n        \"@context\": \"https:\/\/schema.org\/\",\n        \"@type\": \"ImageObject\",\n        \"contentUrl\": \"https:\/\/darwinforever.com\/wp-content\/uploads\/2024\/04\/image-1.jpg\",\n        \"license\": \"\",\n        \"acquireLicensePage\": \"\"\n    }\n]<\/script>\n\n\n<p><\/p>\n\n\n\n<h2 class=\"wp-block-heading\">Campagnes de communication et de sensibilisation initi\u00e9es et men\u00e9es par nos jeunes membres b\u00e9n\u00e9voles depuis 2016<\/h2>\n\n\n\n<p><\/p>\n\n\n\n<ol class=\"wp-block-list\">\n<li><strong>Collectes pour les animaux abandonn\u00e9s<\/strong> (depuis No\u00ebl 2016) :<br>Des campagnes de collecte de nourriture, de jouets et de couvertures pour les refuges et les animaux abandonn\u00e9s organis\u00e9es chaque ann\u00e9e \u00e0 l&#8217;occasion de No\u00ebl.<\/li>\n\n\n\n<li><strong>Organisation de concours de sensibilisation :<\/strong>\n<ul class=\"wp-block-list\">\n<li><strong>Juin 2020 :<\/strong> Concours de dessins sur les animaux pour les jeunes et ados, sur le th\u00e8me &#8220;Abandon \/ Adoption des animaux&#8221;. Plus de 800 participants et 45 gagnants. Organisation de LIVE Instagram avec Eva Queen pour sensibiliser \u00e0 l&#8217;adoption des animaux.<\/li>\n\n\n\n<li><strong>Septembre 2020 :<\/strong> Concours sur la pollution marine avec la phrase de sensibilisation &#8220;Ne pas jeter de plastique et de masques dans la mer&#8221;. Diffusion sur divers supports de communication.<\/li>\n\n\n\n<li><strong>F\u00e9vrier 2021 :<\/strong> Concours &#8220;Jouons avec la Nature&#8221;. Collaboration avec les plus jeunes pour chercher des tr\u00e8fles \u00e0 4 feuilles et avec les ados pour organiser un quiz sur Instagram.<\/li>\n\n\n\n<li><strong>Juin 2021 :<\/strong> Concours &#8220;Imagine un Monde&#8221; avec David Hallyday en tant que pr\u00e9sident du jury. Concours organis\u00e9 du 15 juin au 31 ao\u00fbt 2021, r\u00e9sultats annonc\u00e9s en octobre 2021.<\/li>\n<\/ul>\n<\/li>\n\n\n\n<li><strong>Ateliers Darwin Forever :<\/strong>\n<ul class=\"wp-block-list\">\n<li>Cr\u00e9ation de l\u2019atelier &#8220;\u00c9veil au Respect de l\u2019Animal&#8221; au coll\u00e8ge de Mathilde. Activit\u00e9s : cr\u00e9ation d\u2019affiches pour d\u00e9corer les refuges, r\u00e9alisation de BD et messages de sensibilisation.<\/li>\n\n\n\n<li><strong>Cr\u00e9ation d&#8217;affiches<\/strong> sur la th\u00e9matique &#8220;N\u2019achetez pas, adoptez!&#8221; diffus\u00e9es sur les r\u00e9seaux sociaux et en story, accompagn\u00e9es de messages de sensibilisation contre les abandons.<\/li>\n\n\n\n<li><strong>Vid\u00e9os de sensibilisation<\/strong> r\u00e9alis\u00e9es par les jeunes membres. Exemple : <a href=\"https:\/\/www.instagram.com\/tv\/CB8bAo7pUQn\/?utm_source=ig_web_copy_link\">Vid\u00e9o sur Instagram<\/a>.<\/li>\n\n\n\n<li><strong>Affiches de dessins d\u2019enfants<\/strong> pour les commerces de ville et pour les refuges, renfor\u00e7ant la sensibilisation locale.<\/li>\n<\/ul>\n<\/li>\n\n\n\n<li><strong>Concept &#8220;Un jour, un dessin&#8221; :<\/strong><br>Cr\u00e9ation quotidienne de bandes dessin\u00e9es montrant la complicit\u00e9 avec des compagnons animaux (animaux de compagnie).<\/li>\n\n\n\n<li><strong>Chronique &#8220;Les Amis des Animaux et de la Nature&#8221; :<\/strong><br>Chronique anim\u00e9e par Mathilde et Nicolas, diffus\u00e9e dans <em>Kids-Matin<\/em> (Nice-Matin, Var-Matin et Monaco-Matin), pour \u00e9duquer les jeunes sur la nature et les animaux.<\/li>\n\n\n\n<li><strong>Projets p\u00e9dagogiques en milieu scolaire :<\/strong>\n<ul class=\"wp-block-list\">\n<li><strong>Ann\u00e9e scolaire 2021-2022 :<\/strong> Projet p\u00e9dagogique \u00e0 Grasse, avec la cr\u00e9ation d&#8217;un support de sensibilisation pour les \u00e9coles \u00e9l\u00e9mentaires, portant sur la protection des animaux.<\/li>\n\n\n\n<li><strong>Ann\u00e9e scolaire 2022-2023 :<\/strong> Cr\u00e9ation d\u2019une chanson de sensibilisation &#8220;Le Monde Marin en danger&#8221;, ax\u00e9e sur la protection des oc\u00e9ans et des mammif\u00e8res marins contre la pollution.<\/li>\n\n\n\n<li><strong>Ann\u00e9e scolaire 2023-2024 :<\/strong> Projet p\u00e9dagogique pour sensibiliser contre les abandons d&#8217;animaux domestiques avec des ateliers dans les \u00e9coles. Pour plus d&#8217;informations, visitez <a href=\"http:\/\/www.darwinforever.com\">le site de Darwin Forever<\/a>.<\/li>\n<\/ul>\n<\/li>\n\n\n\n<li><strong>Actions en cours :<\/strong><br>Pour d\u00e9couvrir les actions r\u00e9centes et en cours de nos jeunes membres, vous pouvez consulter cette section : <a href=\"https:\/\/darwinforever.com\/index.php\/category\/news\/\">Actualit\u00e9s Darwin Forever<\/a>.<\/li>\n<\/ol>\n\n\n<div class=\"wp-block-image is-style-default\">\n<figure class=\"aligncenter size-large is-resized\"><a href=\"https:\/\/darwinforever.com\/index.php\/devenir-membre\/\"><img data-recalc-dims=\"1\" loading=\"lazy\" decoding=\"async\" width=\"420\" height=\"381\" data-orig-file=\"https:\/\/i0.wp.com\/darwinforever.com\/wp-content\/uploads\/2020\/12\/image-donation-main-et-patte.png?fit=420%2C381&amp;ssl=1\" data-attachment-url=\"https:\/\/darwinforever.com\/image-donation-main-et-patte\/\" data-aspectratio=\"1.1\" data-caption=\"\" data-image-title=\"image donation main et patte\" data-image-description=\"\" srcset=\"https:\/\/i0.wp.com\/darwinforever.com\/wp-content\/uploads\/2020\/12\/image-donation-main-et-patte.png?w=420&amp;ssl=1 420w, https:\/\/i0.wp.com\/darwinforever.com\/wp-content\/uploads\/2020\/12\/image-donation-main-et-patte.png?resize=300%2C272&amp;ssl=1 300w\" src=\"https:\/\/i0.wp.com\/darwinforever.com\/wp-content\/uploads\/2020\/12\/image-donation-main-et-patte.png?resize=420%2C381&#038;ssl=1\" alt=\"\" class=\"wp-image-2320\" style=\"width:420px;height:381px\"\/><\/a><figcaption class=\"wp-element-caption\"><a href=\"https:\/\/darwinforever.com\/index.php\/devenir-membre\/\">CLIQUER ICI POUR FAIRE UN DON<\/a><\/figcaption><\/figure>\n\n<script type=\"application\/ld+json\">[\n    {\n        \"@context\": \"https:\/\/schema.org\/\",\n        \"@type\": \"ImageObject\",\n        \"contentUrl\": \"https:\/\/darwinforever.com\/wp-content\/uploads\/2020\/12\/image-donation-main-et-patte.png\",\n        \"license\": \"\",\n        \"acquireLicensePage\": \"\"\n    }\n]<\/script><\/div>\n\n\n<h2 class=\"wp-block-heading\">Collectes de jouets, couvertures et de friandises pour les animaux des refuges depuis No\u00ebl 2016<\/h2>\n\n\n\n<ul class=\"wp-block-list\">\n<li>Organisation d&#8217;une collecte pour les animaux abandonn\u00e9s<\/li>\n\n\n\n<li>Recherche de partenaires points collectes <\/li>\n\n\n\n<li>Cr\u00e9ation des affiches de collecte<\/li>\n\n\n\n<li>Diffusion de la collecte sur internet et chez les commer\u00e7ants<\/li>\n\n\n\n<li>Remise dans les refuges, dans les associations ayant des animaux, chez les personnes dans le besoin ayant des animaux<\/li>\n\n\n\n<li><\/li>\n\n\n\n<li><\/li>\n<\/ul>\n\n\n<div class=\"wp-block-image\">\n<figure class=\"aligncenter size-large is-resized\"><img data-recalc-dims=\"1\" loading=\"lazy\" decoding=\"async\" width=\"696\" height=\"557\" data-orig-file=\"https:\/\/i0.wp.com\/darwinforever.com\/wp-content\/uploads\/2023\/09\/affiche-Recyclage-chez-Darwin-Forever-cree-par-Iyed-19-ans-1.jpeg?fit=1600%2C1280&amp;ssl=1\" data-attachment-url=\"https:\/\/darwinforever.com\/index.php\/nos-missions\/affiche-recyclage-chez-darwin-forever-cree-par-iyed-19-ans-1\/\" data-aspectratio=\"1.25\" data-caption=\"\" data-image-title=\"affiche-Recyclage-chez-Darwin-Forever-cree-par-Iyed-19-ans-1\" data-image-description=\"\" srcset=\"https:\/\/i0.wp.com\/darwinforever.com\/wp-content\/uploads\/2023\/09\/affiche-Recyclage-chez-Darwin-Forever-cree-par-Iyed-19-ans-1.jpeg?w=1600&amp;ssl=1 1600w, https:\/\/i0.wp.com\/darwinforever.com\/wp-content\/uploads\/2023\/09\/affiche-Recyclage-chez-Darwin-Forever-cree-par-Iyed-19-ans-1.jpeg?resize=300%2C240&amp;ssl=1 300w, https:\/\/i0.wp.com\/darwinforever.com\/wp-content\/uploads\/2023\/09\/affiche-Recyclage-chez-Darwin-Forever-cree-par-Iyed-19-ans-1.jpeg?resize=1024%2C819&amp;ssl=1 1024w, https:\/\/i0.wp.com\/darwinforever.com\/wp-content\/uploads\/2023\/09\/affiche-Recyclage-chez-Darwin-Forever-cree-par-Iyed-19-ans-1.jpeg?resize=768%2C614&amp;ssl=1 768w, https:\/\/i0.wp.com\/darwinforever.com\/wp-content\/uploads\/2023\/09\/affiche-Recyclage-chez-Darwin-Forever-cree-par-Iyed-19-ans-1.jpeg?resize=1536%2C1229&amp;ssl=1 1536w, https:\/\/i0.wp.com\/darwinforever.com\/wp-content\/uploads\/2023\/09\/affiche-Recyclage-chez-Darwin-Forever-cree-par-Iyed-19-ans-1.jpeg?w=1392&amp;ssl=1 1392w\" src=\"https:\/\/i0.wp.com\/darwinforever.com\/wp-content\/uploads\/2023\/09\/affiche-Recyclage-chez-Darwin-Forever-cree-par-Iyed-19-ans-1.jpeg?resize=696%2C557&#038;ssl=1\" alt=\". .\" class=\"wp-image-4397\" style=\"width:810px;height:648px\"\/><figcaption class=\"wp-element-caption\">affiche cr\u00e9\u00e9e par Iyed 19 ans membre de Darwin Forever <\/figcaption><\/figure>\n\n<script type=\"application\/ld+json\">[\n    {\n        \"@context\": \"https:\/\/schema.org\/\",\n        \"@type\": \"ImageObject\",\n        \"contentUrl\": \"https:\/\/darwinforever.com\/wp-content\/uploads\/2023\/09\/affiche-Recyclage-chez-Darwin-Forever-cree-par-Iyed-19-ans-1.jpeg\",\n        \"license\": \"\",\n        \"acquireLicensePage\": \"\"\n    }\n]<\/script><\/div>\n\n\n<h2 class=\"wp-block-heading\">R\u00e9seaux sociaux<\/h2>\n\n\n\n<p>Instagram&nbsp;: darwinforever_<br>Facebook&nbsp;: darwinforever<br>Tiktok : darwinforever_ (r\u00e9cemment ouvert)<br>Youtube : https:\/\/www.youtube.com\/channel\/UC0zCalAVmu2K_Xj4BMlfciA<br>Web : darwinforever.com<\/p>\n","protected":false},"excerpt":{"rendered":"<p>Rejoignez Darwin Forever, une Association Jeune, Dynamique et Engag\u00e9e pour la Protection des Animaux et de la Nature ! Depuis 2016, Darwin Forever r\u00e9unit des jeunes passionn\u00e9s qui agissent concr\u00e8tement<\/p><\/div>\n<div class=\"blog-btn\"><a href=\"https:\/\/darwinforever.com\/index.php\/nos-missions\/\" class=\"home-blog-btn\">Lire la suite<\/a><\/p>\n","protected":false},"author":1,"featured_media":0,"parent":0,"menu_order":0,"comment_status":"closed","ping_status":"closed","template":"","meta":{"_bbp_topic_count":0,"_bbp_reply_count":0,"_bbp_total_topic_count":0,"_bbp_total_reply_count":0,"_bbp_voice_count":0,"_bbp_anonymous_reply_count":0,"_bbp_topic_count_hidden":0,"_bbp_reply_count_hidden":0,"_bbp_forum_subforum_count":0,"jetpack_post_was_ever_published":false,"footnotes":""},"class_list":["post-2158","page","type-page","status-publish","hentry"],"yoast_head":"<!-- This site is optimized with the Yoast SEO plugin v27.4 - https:\/\/yoast.com\/product\/yoast-seo-wordpress\/ -->\n<title>Nos missions - Darwin Forever<\/title>\n<meta name=\"robots\" content=\"index, follow, max-snippet:-1, max-image-preview:large, max-video-preview:-1\" \/>\n<link rel=\"canonical\" href=\"https:\/\/darwinforever.com\/index.php\/nos-missions\/\" \/>\n<meta property=\"og:locale\" content=\"fr_FR\" \/>\n<meta property=\"og:type\" content=\"article\" \/>\n<meta property=\"og:title\" content=\"Nos missions - Darwin Forever\" \/>\n<meta property=\"og:description\" content=\"Rejoignez Darwin Forever, une Association Jeune, Dynamique et Engag\u00e9e pour la Protection des Animaux et de la Nature ! Depuis 2016, Darwin Forever r\u00e9unit des jeunes passionn\u00e9s qui agissent concr\u00e8tementLire la suite\" \/>\n<meta property=\"og:url\" content=\"https:\/\/darwinforever.com\/index.php\/nos-missions\/\" \/>\n<meta property=\"og:site_name\" content=\"Darwin Forever\" \/>\n<meta property=\"article:publisher\" content=\"https:\/\/www.facebook.com\/darwinforever06\/\" \/>\n<meta property=\"article:modified_time\" content=\"2024-10-02T08:13:29+00:00\" \/>\n<meta property=\"og:image\" content=\"https:\/\/darwinforever.com\/wp-content\/uploads\/2024\/04\/image-1-1024x768.jpg\" \/>\n<meta name=\"twitter:card\" content=\"summary_large_image\" \/>\n<meta name=\"twitter:label1\" content=\"Dur\u00e9e de lecture estim\u00e9e\" \/>\n\t<meta name=\"twitter:data1\" content=\"5 minutes\" \/>\n<script type=\"application\/ld+json\" class=\"yoast-schema-graph\">{\"@context\":\"https:\\\/\\\/schema.org\",\"@graph\":[{\"@type\":\"WebPage\",\"@id\":\"https:\\\/\\\/darwinforever.com\\\/index.php\\\/nos-missions\\\/\",\"url\":\"https:\\\/\\\/darwinforever.com\\\/index.php\\\/nos-missions\\\/\",\"name\":\"Nos missions - Darwin Forever\",\"isPartOf\":{\"@id\":\"https:\\\/\\\/darwinforever.com\\\/#website\"},\"primaryImageOfPage\":{\"@id\":\"https:\\\/\\\/darwinforever.com\\\/index.php\\\/nos-missions\\\/#primaryimage\"},\"image\":{\"@id\":\"https:\\\/\\\/darwinforever.com\\\/index.php\\\/nos-missions\\\/#primaryimage\"},\"thumbnailUrl\":\"https:\\\/\\\/darwinforever.com\\\/wp-content\\\/uploads\\\/2024\\\/04\\\/image-1-1024x768.jpg\",\"datePublished\":\"2020-11-10T17:30:39+00:00\",\"dateModified\":\"2024-10-02T08:13:29+00:00\",\"breadcrumb\":{\"@id\":\"https:\\\/\\\/darwinforever.com\\\/index.php\\\/nos-missions\\\/#breadcrumb\"},\"inLanguage\":\"fr-FR\",\"potentialAction\":[{\"@type\":\"ReadAction\",\"target\":[\"https:\\\/\\\/darwinforever.com\\\/index.php\\\/nos-missions\\\/\"]}]},{\"@type\":\"ImageObject\",\"inLanguage\":\"fr-FR\",\"@id\":\"https:\\\/\\\/darwinforever.com\\\/index.php\\\/nos-missions\\\/#primaryimage\",\"url\":\"https:\\\/\\\/i0.wp.com\\\/darwinforever.com\\\/wp-content\\\/uploads\\\/2024\\\/04\\\/image-1.jpg?fit=1280%2C960&ssl=1\",\"contentUrl\":\"https:\\\/\\\/i0.wp.com\\\/darwinforever.com\\\/wp-content\\\/uploads\\\/2024\\\/04\\\/image-1.jpg?fit=1280%2C960&ssl=1\",\"width\":1280,\"height\":960,\"caption\":\". .\"},{\"@type\":\"BreadcrumbList\",\"@id\":\"https:\\\/\\\/darwinforever.com\\\/index.php\\\/nos-missions\\\/#breadcrumb\",\"itemListElement\":[{\"@type\":\"ListItem\",\"position\":1,\"name\":\"Accueil\",\"item\":\"https:\\\/\\\/darwinforever.com\\\/\"},{\"@type\":\"ListItem\",\"position\":2,\"name\":\"Nos missions\"}]},{\"@type\":\"WebSite\",\"@id\":\"https:\\\/\\\/darwinforever.com\\\/#website\",\"url\":\"https:\\\/\\\/darwinforever.com\\\/\",\"name\":\"Darwin Forever\",\"description\":\"Communaut\u00e9 de Jeunes Engag\u00e9s en faveur des Animaux et de leur Environnement\",\"publisher\":{\"@id\":\"https:\\\/\\\/darwinforever.com\\\/#organization\"},\"potentialAction\":[{\"@type\":\"SearchAction\",\"target\":{\"@type\":\"EntryPoint\",\"urlTemplate\":\"https:\\\/\\\/darwinforever.com\\\/?s={search_term_string}\"},\"query-input\":{\"@type\":\"PropertyValueSpecification\",\"valueRequired\":true,\"valueName\":\"search_term_string\"}}],\"inLanguage\":\"fr-FR\"},{\"@type\":\"Organization\",\"@id\":\"https:\\\/\\\/darwinforever.com\\\/#organization\",\"name\":\"Darwin Forever\",\"url\":\"https:\\\/\\\/darwinforever.com\\\/\",\"logo\":{\"@type\":\"ImageObject\",\"inLanguage\":\"fr-FR\",\"@id\":\"https:\\\/\\\/darwinforever.com\\\/#\\\/schema\\\/logo\\\/image\\\/\",\"url\":\"https:\\\/\\\/i0.wp.com\\\/darwinforever.com\\\/wp-content\\\/uploads\\\/2020\\\/11\\\/cropped-cropped-Logo-Darwin-Forever-scaled-1.jpg?fit=210%2C184&ssl=1\",\"contentUrl\":\"https:\\\/\\\/i0.wp.com\\\/darwinforever.com\\\/wp-content\\\/uploads\\\/2020\\\/11\\\/cropped-cropped-Logo-Darwin-Forever-scaled-1.jpg?fit=210%2C184&ssl=1\",\"width\":210,\"height\":184,\"caption\":\"Darwin Forever\"},\"image\":{\"@id\":\"https:\\\/\\\/darwinforever.com\\\/#\\\/schema\\\/logo\\\/image\\\/\"},\"sameAs\":[\"https:\\\/\\\/www.facebook.com\\\/darwinforever06\\\/\",\"https:\\\/\\\/www.youtube.com\\\/channel\\\/UC0zCalAVmu2K_Xj4BMlfciA\"]}]}<\/script>\n<!-- \/ Yoast SEO plugin. -->","yoast_head_json":{"title":"Nos missions - Darwin Forever","robots":{"index":"index","follow":"follow","max-snippet":"max-snippet:-1","max-image-preview":"max-image-preview:large","max-video-preview":"max-video-preview:-1"},"canonical":"https:\/\/darwinforever.com\/index.php\/nos-missions\/","og_locale":"fr_FR","og_type":"article","og_title":"Nos missions - Darwin Forever","og_description":"Rejoignez Darwin Forever, une Association Jeune, Dynamique et Engag\u00e9e pour la Protection des Animaux et de la Nature ! Depuis 2016, Darwin Forever r\u00e9unit des jeunes passionn\u00e9s qui agissent concr\u00e8tementLire la suite","og_url":"https:\/\/darwinforever.com\/index.php\/nos-missions\/","og_site_name":"Darwin Forever","article_publisher":"https:\/\/www.facebook.com\/darwinforever06\/","article_modified_time":"2024-10-02T08:13:29+00:00","og_image":[{"url":"https:\/\/darwinforever.com\/wp-content\/uploads\/2024\/04\/image-1-1024x768.jpg","type":"","width":"","height":""}],"twitter_card":"summary_large_image","twitter_misc":{"Dur\u00e9e de lecture estim\u00e9e":"5 minutes"},"schema":{"@context":"https:\/\/schema.org","@graph":[{"@type":"WebPage","@id":"https:\/\/darwinforever.com\/index.php\/nos-missions\/","url":"https:\/\/darwinforever.com\/index.php\/nos-missions\/","name":"Nos missions - Darwin Forever","isPartOf":{"@id":"https:\/\/darwinforever.com\/#website"},"primaryImageOfPage":{"@id":"https:\/\/darwinforever.com\/index.php\/nos-missions\/#primaryimage"},"image":{"@id":"https:\/\/darwinforever.com\/index.php\/nos-missions\/#primaryimage"},"thumbnailUrl":"https:\/\/darwinforever.com\/wp-content\/uploads\/2024\/04\/image-1-1024x768.jpg","datePublished":"2020-11-10T17:30:39+00:00","dateModified":"2024-10-02T08:13:29+00:00","breadcrumb":{"@id":"https:\/\/darwinforever.com\/index.php\/nos-missions\/#breadcrumb"},"inLanguage":"fr-FR","potentialAction":[{"@type":"ReadAction","target":["https:\/\/darwinforever.com\/index.php\/nos-missions\/"]}]},{"@type":"ImageObject","inLanguage":"fr-FR","@id":"https:\/\/darwinforever.com\/index.php\/nos-missions\/#primaryimage","url":"https:\/\/i0.wp.com\/darwinforever.com\/wp-content\/uploads\/2024\/04\/image-1.jpg?fit=1280%2C960&ssl=1","contentUrl":"https:\/\/i0.wp.com\/darwinforever.com\/wp-content\/uploads\/2024\/04\/image-1.jpg?fit=1280%2C960&ssl=1","width":1280,"height":960,"caption":". ."},{"@type":"BreadcrumbList","@id":"https:\/\/darwinforever.com\/index.php\/nos-missions\/#breadcrumb","itemListElement":[{"@type":"ListItem","position":1,"name":"Accueil","item":"https:\/\/darwinforever.com\/"},{"@type":"ListItem","position":2,"name":"Nos missions"}]},{"@type":"WebSite","@id":"https:\/\/darwinforever.com\/#website","url":"https:\/\/darwinforever.com\/","name":"Darwin Forever","description":"Communaut\u00e9 de Jeunes Engag\u00e9s en faveur des Animaux et de leur Environnement","publisher":{"@id":"https:\/\/darwinforever.com\/#organization"},"potentialAction":[{"@type":"SearchAction","target":{"@type":"EntryPoint","urlTemplate":"https:\/\/darwinforever.com\/?s={search_term_string}"},"query-input":{"@type":"PropertyValueSpecification","valueRequired":true,"valueName":"search_term_string"}}],"inLanguage":"fr-FR"},{"@type":"Organization","@id":"https:\/\/darwinforever.com\/#organization","name":"Darwin Forever","url":"https:\/\/darwinforever.com\/","logo":{"@type":"ImageObject","inLanguage":"fr-FR","@id":"https:\/\/darwinforever.com\/#\/schema\/logo\/image\/","url":"https:\/\/i0.wp.com\/darwinforever.com\/wp-content\/uploads\/2020\/11\/cropped-cropped-Logo-Darwin-Forever-scaled-1.jpg?fit=210%2C184&ssl=1","contentUrl":"https:\/\/i0.wp.com\/darwinforever.com\/wp-content\/uploads\/2020\/11\/cropped-cropped-Logo-Darwin-Forever-scaled-1.jpg?fit=210%2C184&ssl=1","width":210,"height":184,"caption":"Darwin Forever"},"image":{"@id":"https:\/\/darwinforever.com\/#\/schema\/logo\/image\/"},"sameAs":["https:\/\/www.facebook.com\/darwinforever06\/","https:\/\/www.youtube.com\/channel\/UC0zCalAVmu2K_Xj4BMlfciA"]}]}},"jetpack_sharing_enabled":true,"jetpack_likes_enabled":true,"_links":{"self":[{"href":"https:\/\/darwinforever.com\/index.php\/wp-json\/wp\/v2\/pages\/2158","targetHints":{"allow":["GET"]}}],"collection":[{"href":"https:\/\/darwinforever.com\/index.php\/wp-json\/wp\/v2\/pages"}],"about":[{"href":"https:\/\/darwinforever.com\/index.php\/wp-json\/wp\/v2\/types\/page"}],"author":[{"embeddable":true,"href":"https:\/\/darwinforever.com\/index.php\/wp-json\/wp\/v2\/users\/1"}],"replies":[{"embeddable":true,"href":"https:\/\/darwinforever.com\/index.php\/wp-json\/wp\/v2\/comments?post=2158"}],"version-history":[{"count":9,"href":"https:\/\/darwinforever.com\/index.php\/wp-json\/wp\/v2\/pages\/2158\/revisions"}],"predecessor-version":[{"id":4870,"href":"https:\/\/darwinforever.com\/index.php\/wp-json\/wp\/v2\/pages\/2158\/revisions\/4870"}],"wp:attachment":[{"href":"https:\/\/darwinforever.com\/index.php\/wp-json\/wp\/v2\/media?parent=2158"}],"curies":[{"name":"wp","href":"https:\/\/api.w.org\/{rel}","templated":true}]}}